{"id":11703,"date":"2023-06-18T01:19:54","date_gmt":"2023-06-17T16:19:54","guid":{"rendered":"https:\/\/sfashionaccessories.com\/?post_type=product&#038;p=11703"},"modified":"2025-05-24T14:21:30","modified_gmt":"2025-05-24T05:21:30","slug":"savage-waves-fragrancia-desodorante-corporal-100-ml","status":"publish","type":"product","link":"https:\/\/sfashionaccessories.com\/?product=savage-waves-fragrancia-desodorante-corporal-100-ml","title":{"rendered":"SAVAGE WAVES FRAGR\u00c2NCIA DESODORANTE CORPORAL 100 ML"},"content":{"rendered":"<p>Savage Waves desperta a ousadia e liberdade da mulher selvagem. Suas diferentes facetas de flor de laranjeira, baunilha e pomelo, causam uma explos\u00e3o sedutora e intensa que d\u00e3o um toque sensual \u00e0 essa cria\u00e7\u00e3o. Os acordes da fava tonka e do \u00e2mbar completam a composi\u00e7\u00e3o com muita cremosidade.<br \/>\nCaminho olfativo: Oriental Floral<\/p>\n<p>Pir\u00e2mide Olfativa<\/p>\n<p>Notas de Sa\u00edda: Bergamota It\u00e1lia, Pera, Flor de Laranjeira e Pomelo.<br \/>\nNotas de Corpo: Cora\u00e7\u00e3o de Patchouli, Samambaia, Tuberosa e Muguet.<br \/>\nNotas de Fundo: Baunilha, Musk, Fava Tonka, \u00c2mbar e S\u00e2ndalo.<\/p>\n","protected":false},"excerpt":{"rendered":"<p>Savage Waves desperta a ousadia e liberdade da mulher selvagem. Suas diferentes facetas de flor de laranjeira, baunilha e pomelo, causam uma explos\u00e3o sedutora e intensa que d\u00e3o um toque sensual \u00e0 essa cria\u00e7\u00e3o. Os acordes da fava tonka e do \u00e2mbar completam a composi\u00e7\u00e3o com muita cremosidade. Caminho olfativo: Oriental Floral Pir\u00e2mide Olfativa Notas [&hellip;]<\/p>\n","protected":false},"featured_media":11709,"comment_status":"open","ping_status":"closed","template":"","meta":{"_kadence_starter_templates_imported_post":false},"product_brand":[],"product_cat":[206,167,251,224],"product_tag":[272,192,233],"class_list":{"0":"post-11703","1":"product","2":"type-product","3":"status-publish","4":"has-post-thumbnail","6":"product_cat-cosmeticos-cremes-hidradantesperfumes","7":"product_cat-mahogany","8":"product_cat-perfume-perfumes","9":"product_cat-perfumes-2","10":"product_tag-cosmeticos","11":"product_tag-mahogany","12":"product_tag-perfume","14":"first","15":"instock","16":"shipping-taxable","17":"purchasable","18":"product-type-simple"},"_links":{"self":[{"href":"https:\/\/sfashionaccessories.com\/index.php?rest_route=\/wp\/v2\/product\/11703","targetHints":{"allow":["GET"]}}],"collection":[{"href":"https:\/\/sfashionaccessories.com\/index.php?rest_route=\/wp\/v2\/product"}],"about":[{"href":"https:\/\/sfashionaccessories.com\/index.php?rest_route=\/wp\/v2\/types\/product"}],"replies":[{"embeddable":true,"href":"https:\/\/sfashionaccessories.com\/index.php?rest_route=%2Fwp%2Fv2%2Fcomments&post=11703"}],"wp:featuredmedia":[{"embeddable":true,"href":"https:\/\/sfashionaccessories.com\/index.php?rest_route=\/wp\/v2\/media\/11709"}],"wp:attachment":[{"href":"https:\/\/sfashionaccessories.com\/index.php?rest_route=%2Fwp%2Fv2%2Fmedia&parent=11703"}],"wp:term":[{"taxonomy":"product_brand","embeddable":true,"href":"https:\/\/sfashionaccessories.com\/index.php?rest_route=%2Fwp%2Fv2%2Fproduct_brand&post=11703"},{"taxonomy":"product_cat","embeddable":true,"href":"https:\/\/sfashionaccessories.com\/index.php?rest_route=%2Fwp%2Fv2%2Fproduct_cat&post=11703"},{"taxonomy":"product_tag","embeddable":true,"href":"https:\/\/sfashionaccessories.com\/index.php?rest_route=%2Fwp%2Fv2%2Fproduct_tag&post=11703"}],"curies":[{"name":"wp","href":"https:\/\/api.w.org\/{rel}","templated":true}]}}