{"id":12362,"date":"2025-07-31T17:47:48","date_gmt":"2025-07-31T08:47:48","guid":{"rendered":"https:\/\/sfashionaccessories.com\/?post_type=product&#038;p=12362"},"modified":"2026-01-18T16:30:41","modified_gmt":"2026-01-18T07:30:41","slug":"fio-dental-lover-demillus","status":"publish","type":"product","link":"https:\/\/sfashionaccessories.com\/?product=fio-dental-lover-demillus","title":{"rendered":"Calcinha Fio &#8211; Dental Lover &#8211; Demillus"},"content":{"rendered":"<p>Frente em renda el\u00e1stica com leve transpar\u00eancia, Costas em tule el\u00e1stico duplo.<\/p>\n","protected":false},"excerpt":{"rendered":"<p>Frente em renda el\u00e1stica com leve transpar\u00eancia, Costas em tule el\u00e1stico duplo.<\/p>\n","protected":false},"featured_media":12361,"comment_status":"open","ping_status":"closed","template":"","meta":{"_kadence_starter_templates_imported_post":false},"product_brand":[],"product_cat":[215,268,29],"product_tag":[266,395,267],"class_list":{"0":"post-12362","1":"product","2":"type-product","3":"status-publish","4":"has-post-thumbnail","6":"product_cat-calcinhas-tangas-fio-dental","7":"product_cat-demillus","8":"product_cat-lingeries","9":"product_tag-demillus","10":"product_tag-feminino","11":"product_tag-lingerie","13":"first","14":"instock","15":"sold-individually","16":"shipping-taxable","17":"purchasable","18":"product-type-variable"},"_links":{"self":[{"href":"https:\/\/sfashionaccessories.com\/index.php?rest_route=\/wp\/v2\/product\/12362","targetHints":{"allow":["GET"]}}],"collection":[{"href":"https:\/\/sfashionaccessories.com\/index.php?rest_route=\/wp\/v2\/product"}],"about":[{"href":"https:\/\/sfashionaccessories.com\/index.php?rest_route=\/wp\/v2\/types\/product"}],"replies":[{"embeddable":true,"href":"https:\/\/sfashionaccessories.com\/index.php?rest_route=%2Fwp%2Fv2%2Fcomments&post=12362"}],"wp:featuredmedia":[{"embeddable":true,"href":"https:\/\/sfashionaccessories.com\/index.php?rest_route=\/wp\/v2\/media\/12361"}],"wp:attachment":[{"href":"https:\/\/sfashionaccessories.com\/index.php?rest_route=%2Fwp%2Fv2%2Fmedia&parent=12362"}],"wp:term":[{"taxonomy":"product_brand","embeddable":true,"href":"https:\/\/sfashionaccessories.com\/index.php?rest_route=%2Fwp%2Fv2%2Fproduct_brand&post=12362"},{"taxonomy":"product_cat","embeddable":true,"href":"https:\/\/sfashionaccessories.com\/index.php?rest_route=%2Fwp%2Fv2%2Fproduct_cat&post=12362"},{"taxonomy":"product_tag","embeddable":true,"href":"https:\/\/sfashionaccessories.com\/index.php?rest_route=%2Fwp%2Fv2%2Fproduct_tag&post=12362"}],"curies":[{"name":"wp","href":"https:\/\/api.w.org\/{rel}","templated":true}]}}