{"id":12378,"date":"2023-07-10T18:22:30","date_gmt":"2023-07-10T09:22:30","guid":{"rendered":"https:\/\/sfashionaccessories.com\/?post_type=product&#038;p=12378"},"modified":"2024-10-04T09:27:15","modified_gmt":"2024-10-04T00:27:15","slug":"sutia-tirinhas-demillus","status":"publish","type":"product","link":"https:\/\/sfashionaccessories.com\/?product=sutia-tirinhas-demillus","title":{"rendered":"Suti\u00e3 Tirinhas &#8211; Demillus &#8211; 064002"},"content":{"rendered":"<p>Em elastano light com detalhes em renda el\u00e1stica. Ta\u00e7as Duplas. Suporte Utraflex. Detalhe sensual com el\u00e1stico brilhoso no decote.<\/p>\n","protected":false},"excerpt":{"rendered":"<p>Em elastano light com detalhes em renda el\u00e1stica. Ta\u00e7as Duplas. Suporte Utraflex. Detalhe sensual com el\u00e1stico brilhoso no decote.<\/p>\n","protected":false},"featured_media":12375,"comment_status":"open","ping_status":"closed","template":"","meta":{"_kadence_starter_templates_imported_post":false},"product_brand":[],"product_cat":[268,580,29,221],"product_tag":[266,395,267],"class_list":{"0":"post-12378","1":"product","2":"type-product","3":"status-publish","4":"has-post-thumbnail","6":"product_cat-demillus","7":"product_cat-destaques","8":"product_cat-lingeries","9":"product_cat-sutias","10":"product_tag-demillus","11":"product_tag-feminino","12":"product_tag-lingerie","14":"first","15":"instock","16":"sale","17":"featured","18":"shipping-taxable","19":"purchasable","20":"product-type-variable"},"_links":{"self":[{"href":"https:\/\/sfashionaccessories.com\/index.php?rest_route=\/wp\/v2\/product\/12378","targetHints":{"allow":["GET"]}}],"collection":[{"href":"https:\/\/sfashionaccessories.com\/index.php?rest_route=\/wp\/v2\/product"}],"about":[{"href":"https:\/\/sfashionaccessories.com\/index.php?rest_route=\/wp\/v2\/types\/product"}],"replies":[{"embeddable":true,"href":"https:\/\/sfashionaccessories.com\/index.php?rest_route=%2Fwp%2Fv2%2Fcomments&post=12378"}],"wp:featuredmedia":[{"embeddable":true,"href":"https:\/\/sfashionaccessories.com\/index.php?rest_route=\/wp\/v2\/media\/12375"}],"wp:attachment":[{"href":"https:\/\/sfashionaccessories.com\/index.php?rest_route=%2Fwp%2Fv2%2Fmedia&parent=12378"}],"wp:term":[{"taxonomy":"product_brand","embeddable":true,"href":"https:\/\/sfashionaccessories.com\/index.php?rest_route=%2Fwp%2Fv2%2Fproduct_brand&post=12378"},{"taxonomy":"product_cat","embeddable":true,"href":"https:\/\/sfashionaccessories.com\/index.php?rest_route=%2Fwp%2Fv2%2Fproduct_cat&post=12378"},{"taxonomy":"product_tag","embeddable":true,"href":"https:\/\/sfashionaccessories.com\/index.php?rest_route=%2Fwp%2Fv2%2Fproduct_tag&post=12378"}],"curies":[{"name":"wp","href":"https:\/\/api.w.org\/{rel}","templated":true}]}}