{"id":12458,"date":"2026-01-21T09:15:39","date_gmt":"2026-01-21T00:15:39","guid":{"rendered":"https:\/\/sfashionaccessories.com\/?post_type=product&#038;p=12458"},"modified":"2026-04-10T20:37:07","modified_gmt":"2026-04-10T11:37:07","slug":"oleo-trifasico-natura-ekos-andiroba-200ml","status":"publish","type":"product","link":"https:\/\/sfashionaccessories.com\/?product=oleo-trifasico-natura-ekos-andiroba-200ml","title":{"rendered":"\u00d3leo Trif\u00e1sico Natura Ekos Andiroba &#8211; 200ml"},"content":{"rendered":"<p>Este \u00f3leo trif\u00e1sico desodorante para o corpo, com uma textura surpreendente, forma um filme protetor e perfuma a pele. Cont\u00e9m \u00f3leo bruto de andiroba, rico em limon\u00f3ides e terpenos, que ajuda a recompor a barreira cut\u00e2nea da pele, respons\u00e1vel pela prote\u00e7\u00e3o natural, combatendo os danos di\u00e1rios.<\/p>\n","protected":false},"excerpt":{"rendered":"<p>Este \u00f3leo trif\u00e1sico desodorante para o corpo, com uma textura surpreendente, forma um filme protetor e perfuma a pele. Cont\u00e9m \u00f3leo bruto de andiroba, rico em limon\u00f3ides e terpenos, que ajuda a recompor a barreira cut\u00e2nea da pele, respons\u00e1vel pela prote\u00e7\u00e3o natural, combatendo os danos di\u00e1rios.<\/p>\n","protected":false},"featured_media":12446,"comment_status":"open","ping_status":"closed","template":"","meta":{"_kadence_starter_templates_imported_post":false},"product_brand":[],"product_cat":[465,206,214,203],"product_tag":[272,234,418],"class_list":{"0":"post-12458","1":"product","2":"type-product","3":"status-publish","4":"has-post-thumbnail","6":"product_cat-anuncios","7":"product_cat-cosmeticos-cremes-hidradantesperfumes","8":"product_cat-hidratantes-cremes-corporal","9":"product_cat-natura-creme-oleo-sabonete-perfume","10":"product_tag-cosmeticos","11":"product_tag-natura","12":"product_tag-oleo","14":"first","15":"instock","16":"shipping-taxable","17":"purchasable","18":"product-type-simple"},"_links":{"self":[{"href":"https:\/\/sfashionaccessories.com\/index.php?rest_route=\/wp\/v2\/product\/12458","targetHints":{"allow":["GET"]}}],"collection":[{"href":"https:\/\/sfashionaccessories.com\/index.php?rest_route=\/wp\/v2\/product"}],"about":[{"href":"https:\/\/sfashionaccessories.com\/index.php?rest_route=\/wp\/v2\/types\/product"}],"replies":[{"embeddable":true,"href":"https:\/\/sfashionaccessories.com\/index.php?rest_route=%2Fwp%2Fv2%2Fcomments&post=12458"}],"wp:featuredmedia":[{"embeddable":true,"href":"https:\/\/sfashionaccessories.com\/index.php?rest_route=\/wp\/v2\/media\/12446"}],"wp:attachment":[{"href":"https:\/\/sfashionaccessories.com\/index.php?rest_route=%2Fwp%2Fv2%2Fmedia&parent=12458"}],"wp:term":[{"taxonomy":"product_brand","embeddable":true,"href":"https:\/\/sfashionaccessories.com\/index.php?rest_route=%2Fwp%2Fv2%2Fproduct_brand&post=12458"},{"taxonomy":"product_cat","embeddable":true,"href":"https:\/\/sfashionaccessories.com\/index.php?rest_route=%2Fwp%2Fv2%2Fproduct_cat&post=12458"},{"taxonomy":"product_tag","embeddable":true,"href":"https:\/\/sfashionaccessories.com\/index.php?rest_route=%2Fwp%2Fv2%2Fproduct_tag&post=12458"}],"curies":[{"name":"wp","href":"https:\/\/api.w.org\/{rel}","templated":true}]}}