{"id":12547,"date":"2023-07-16T12:03:09","date_gmt":"2023-07-16T03:03:09","guid":{"rendered":"https:\/\/sfashionaccessories.com\/?post_type=product&#038;p=12547"},"modified":"2025-09-07T17:46:17","modified_gmt":"2025-09-07T08:46:17","slug":"short-jeans-claro-com-barra-dobrada-sawary","status":"publish","type":"product","link":"https:\/\/sfashionaccessories.com\/?product=short-jeans-claro-com-barra-dobrada-sawary","title":{"rendered":"Short Jeans Claro com Barra Dobrada Sawary"},"content":{"rendered":"<p>Short em jeans com elastano. Cintura com c\u00f3s e passantes, bolsos dianteiros decorativos e traseiros funcionais, barra dobrada. Fechamento em bot\u00e3o e z\u00edper. Cintura alta.<\/p>\n","protected":false},"excerpt":{"rendered":"<p>Short em jeans com elastano. Cintura com c\u00f3s e passantes, bolsos dianteiros decorativos e traseiros funcionais, barra dobrada. Fechamento em bot\u00e3o e z\u00edper. Cintura alta.<\/p>\n","protected":false},"featured_media":12535,"comment_status":"open","ping_status":"closed","template":"","meta":{"_kadence_starter_templates_imported_post":false},"product_brand":[],"product_cat":[293,527,499,259],"product_tag":[395,134,256],"class_list":{"0":"post-12547","1":"product","2":"type-product","3":"status-publish","4":"has-post-thumbnail","6":"product_cat-feminino","7":"product_cat-jeans","8":"product_cat-medidas-calcas-e-shorts-feminino-sawary","9":"product_cat-sawary","10":"product_tag-feminino","11":"product_tag-jeans","12":"product_tag-sawary","14":"first","15":"instock","16":"shipping-taxable","17":"purchasable","18":"product-type-variable"},"_links":{"self":[{"href":"https:\/\/sfashionaccessories.com\/index.php?rest_route=\/wp\/v2\/product\/12547","targetHints":{"allow":["GET"]}}],"collection":[{"href":"https:\/\/sfashionaccessories.com\/index.php?rest_route=\/wp\/v2\/product"}],"about":[{"href":"https:\/\/sfashionaccessories.com\/index.php?rest_route=\/wp\/v2\/types\/product"}],"replies":[{"embeddable":true,"href":"https:\/\/sfashionaccessories.com\/index.php?rest_route=%2Fwp%2Fv2%2Fcomments&post=12547"}],"wp:featuredmedia":[{"embeddable":true,"href":"https:\/\/sfashionaccessories.com\/index.php?rest_route=\/wp\/v2\/media\/12535"}],"wp:attachment":[{"href":"https:\/\/sfashionaccessories.com\/index.php?rest_route=%2Fwp%2Fv2%2Fmedia&parent=12547"}],"wp:term":[{"taxonomy":"product_brand","embeddable":true,"href":"https:\/\/sfashionaccessories.com\/index.php?rest_route=%2Fwp%2Fv2%2Fproduct_brand&post=12547"},{"taxonomy":"product_cat","embeddable":true,"href":"https:\/\/sfashionaccessories.com\/index.php?rest_route=%2Fwp%2Fv2%2Fproduct_cat&post=12547"},{"taxonomy":"product_tag","embeddable":true,"href":"https:\/\/sfashionaccessories.com\/index.php?rest_route=%2Fwp%2Fv2%2Fproduct_tag&post=12547"}],"curies":[{"name":"wp","href":"https:\/\/api.w.org\/{rel}","templated":true}]}}