{"id":12611,"date":"2023-07-16T15:10:13","date_gmt":"2023-07-16T06:10:13","guid":{"rendered":"https:\/\/sfashionaccessories.com\/?post_type=product&#038;p=12611"},"modified":"2024-02-18T10:43:00","modified_gmt":"2024-02-18T01:43:00","slug":"top-preto-com-amarracao","status":"publish","type":"product","link":"https:\/\/sfashionaccessories.com\/?product=top-preto-com-amarracao","title":{"rendered":"Top Preto com Amarra\u00e7\u00e3o"},"content":{"rendered":"<p>Top em malha canelada. Modelo frente \u00fanica com decote V, detalhe de argola frontal, busto duplo e detalhe de barra para fazer amarra\u00e7\u00e3o.<\/p>\n<p class=\"sc-kGXeez iwukWV\">Modelagem: Justo<\/p>\n<p class=\"sc-kGXeez iwukWV\">Complemento: Argola<\/p>\n<p class=\"sc-kGXeez iwukWV\">Tecido: Ribana canelada<\/p>\n","protected":false},"excerpt":{"rendered":"<p>Top em malha canelada. Modelo frente \u00fanica com decote V, detalhe de argola frontal, busto duplo e detalhe de barra para fazer amarra\u00e7\u00e3o. Modelagem: Justo Complemento: Argola Tecido: Ribana canelada<\/p>\n","protected":false},"featured_media":12610,"comment_status":"open","ping_status":"closed","template":"","meta":{"_kadence_starter_templates_imported_post":false},"product_brand":[],"product_cat":[43,293],"product_tag":[189,395],"class_list":{"0":"post-12611","1":"product","2":"type-product","3":"status-publish","4":"has-post-thumbnail","6":"product_cat-blusas-camisetas-femininas","7":"product_cat-feminino","8":"product_tag-blusas","9":"product_tag-feminino","11":"first","12":"instock","13":"shipping-taxable","14":"purchasable","15":"product-type-variable"},"_links":{"self":[{"href":"https:\/\/sfashionaccessories.com\/index.php?rest_route=\/wp\/v2\/product\/12611","targetHints":{"allow":["GET"]}}],"collection":[{"href":"https:\/\/sfashionaccessories.com\/index.php?rest_route=\/wp\/v2\/product"}],"about":[{"href":"https:\/\/sfashionaccessories.com\/index.php?rest_route=\/wp\/v2\/types\/product"}],"replies":[{"embeddable":true,"href":"https:\/\/sfashionaccessories.com\/index.php?rest_route=%2Fwp%2Fv2%2Fcomments&post=12611"}],"wp:featuredmedia":[{"embeddable":true,"href":"https:\/\/sfashionaccessories.com\/index.php?rest_route=\/wp\/v2\/media\/12610"}],"wp:attachment":[{"href":"https:\/\/sfashionaccessories.com\/index.php?rest_route=%2Fwp%2Fv2%2Fmedia&parent=12611"}],"wp:term":[{"taxonomy":"product_brand","embeddable":true,"href":"https:\/\/sfashionaccessories.com\/index.php?rest_route=%2Fwp%2Fv2%2Fproduct_brand&post=12611"},{"taxonomy":"product_cat","embeddable":true,"href":"https:\/\/sfashionaccessories.com\/index.php?rest_route=%2Fwp%2Fv2%2Fproduct_cat&post=12611"},{"taxonomy":"product_tag","embeddable":true,"href":"https:\/\/sfashionaccessories.com\/index.php?rest_route=%2Fwp%2Fv2%2Fproduct_tag&post=12611"}],"curies":[{"name":"wp","href":"https:\/\/api.w.org\/{rel}","templated":true}]}}