{"id":12676,"date":"2023-07-22T12:04:36","date_gmt":"2023-07-22T03:04:36","guid":{"rendered":"https:\/\/sfashionaccessories.com\/?post_type=product&#038;p=12676"},"modified":"2024-05-10T11:58:34","modified_gmt":"2024-05-10T02:58:34","slug":"top-sarja-sawary","status":"publish","type":"product","link":"https:\/\/sfashionaccessories.com\/?product=top-sarja-sawary","title":{"rendered":"blusa\u3000TOP SARJA SAWARY"},"content":{"rendered":"<p>Top feminino confeccionado em sarja.<\/p>\n<ul>\n<li>O produto possui modelagem cropped com comprimento em torno da altura da cintura<\/li>\n<li>Possui fechamento posterior por al\u00e7as<\/li>\n<li>As al\u00e7as s\u00e3o finas e o decote \u00e9 reto<\/li>\n<li>Tecido: Sarja<\/li>\n<li>Tipo de lavagem: Color<\/li>\n<li>Cor: Preto<\/li>\n<\/ul>\n","protected":false},"excerpt":{"rendered":"<p>Top feminino confeccionado em sarja. O produto possui modelagem cropped com comprimento em torno da altura da cintura Possui fechamento posterior por al\u00e7as As al\u00e7as s\u00e3o finas e o decote \u00e9 reto Tecido: Sarja Tipo de lavagem: Color Cor: Preto<\/p>\n","protected":false},"featured_media":12672,"comment_status":"open","ping_status":"closed","template":"","meta":{"_kadence_starter_templates_imported_post":false},"product_brand":[],"product_cat":[172,43,293,259],"product_tag":[107,395,256],"class_list":{"0":"post-12676","1":"product","2":"type-product","3":"status-publish","4":"has-post-thumbnail","6":"product_cat-blusas-tops-e-camisetas","7":"product_cat-blusas-camisetas-femininas","8":"product_cat-feminino","9":"product_cat-sawary","10":"product_tag-blusa-top","11":"product_tag-feminino","12":"product_tag-sawary","14":"first","15":"instock","16":"shipping-taxable","17":"purchasable","18":"product-type-variable"},"_links":{"self":[{"href":"https:\/\/sfashionaccessories.com\/index.php?rest_route=\/wp\/v2\/product\/12676","targetHints":{"allow":["GET"]}}],"collection":[{"href":"https:\/\/sfashionaccessories.com\/index.php?rest_route=\/wp\/v2\/product"}],"about":[{"href":"https:\/\/sfashionaccessories.com\/index.php?rest_route=\/wp\/v2\/types\/product"}],"replies":[{"embeddable":true,"href":"https:\/\/sfashionaccessories.com\/index.php?rest_route=%2Fwp%2Fv2%2Fcomments&post=12676"}],"wp:featuredmedia":[{"embeddable":true,"href":"https:\/\/sfashionaccessories.com\/index.php?rest_route=\/wp\/v2\/media\/12672"}],"wp:attachment":[{"href":"https:\/\/sfashionaccessories.com\/index.php?rest_route=%2Fwp%2Fv2%2Fmedia&parent=12676"}],"wp:term":[{"taxonomy":"product_brand","embeddable":true,"href":"https:\/\/sfashionaccessories.com\/index.php?rest_route=%2Fwp%2Fv2%2Fproduct_brand&post=12676"},{"taxonomy":"product_cat","embeddable":true,"href":"https:\/\/sfashionaccessories.com\/index.php?rest_route=%2Fwp%2Fv2%2Fproduct_cat&post=12676"},{"taxonomy":"product_tag","embeddable":true,"href":"https:\/\/sfashionaccessories.com\/index.php?rest_route=%2Fwp%2Fv2%2Fproduct_tag&post=12676"}],"curies":[{"name":"wp","href":"https:\/\/api.w.org\/{rel}","templated":true}]}}