{"id":12918,"date":"2023-07-29T19:43:33","date_gmt":"2023-07-29T10:43:33","guid":{"rendered":"https:\/\/sfashionaccessories.com\/?post_type=product&#038;p=12918"},"modified":"2024-12-31T16:41:09","modified_gmt":"2024-12-31T07:41:09","slug":"calcinha-fio-dental-intencao-demillus","status":"publish","type":"product","link":"https:\/\/sfashionaccessories.com\/?product=calcinha-fio-dental-intencao-demillus","title":{"rendered":"Calcinha Fio Dental Inten\u00e7\u00e3o DeMillus\u00a0"},"content":{"rendered":"<p>Em microfibra el\u00e1stica light e sensual detalhe nas costas em tule el\u00e1stico microfibra. Com leve transpar\u00eancia. Costas em tecido duplo, sem costura na bainha. N\u00e3o marca sob a roupa.<\/p>\n","protected":false},"excerpt":{"rendered":"<p>Em microfibra el\u00e1stica light e sensual detalhe nas costas em tule el\u00e1stico microfibra. Com leve transpar\u00eancia. Costas em tecido duplo, sem costura na bainha. N\u00e3o marca sob a roupa.<\/p>\n","protected":false},"featured_media":12927,"comment_status":"open","ping_status":"closed","template":"","meta":{"_kadence_starter_templates_imported_post":false},"product_brand":[],"product_cat":[215,268,293,29],"product_tag":[348,266,395,458],"class_list":{"0":"post-12918","1":"product","2":"type-product","3":"status-publish","4":"has-post-thumbnail","6":"product_cat-calcinhas-tangas-fio-dental","7":"product_cat-demillus","8":"product_cat-feminino","9":"product_cat-lingeries","10":"product_tag-calcinha","11":"product_tag-demillus","12":"product_tag-feminino","13":"product_tag-lingeries","15":"first","16":"instock","17":"shipping-taxable","18":"purchasable","19":"product-type-variable"},"_links":{"self":[{"href":"https:\/\/sfashionaccessories.com\/index.php?rest_route=\/wp\/v2\/product\/12918","targetHints":{"allow":["GET"]}}],"collection":[{"href":"https:\/\/sfashionaccessories.com\/index.php?rest_route=\/wp\/v2\/product"}],"about":[{"href":"https:\/\/sfashionaccessories.com\/index.php?rest_route=\/wp\/v2\/types\/product"}],"replies":[{"embeddable":true,"href":"https:\/\/sfashionaccessories.com\/index.php?rest_route=%2Fwp%2Fv2%2Fcomments&post=12918"}],"wp:featuredmedia":[{"embeddable":true,"href":"https:\/\/sfashionaccessories.com\/index.php?rest_route=\/wp\/v2\/media\/12927"}],"wp:attachment":[{"href":"https:\/\/sfashionaccessories.com\/index.php?rest_route=%2Fwp%2Fv2%2Fmedia&parent=12918"}],"wp:term":[{"taxonomy":"product_brand","embeddable":true,"href":"https:\/\/sfashionaccessories.com\/index.php?rest_route=%2Fwp%2Fv2%2Fproduct_brand&post=12918"},{"taxonomy":"product_cat","embeddable":true,"href":"https:\/\/sfashionaccessories.com\/index.php?rest_route=%2Fwp%2Fv2%2Fproduct_cat&post=12918"},{"taxonomy":"product_tag","embeddable":true,"href":"https:\/\/sfashionaccessories.com\/index.php?rest_route=%2Fwp%2Fv2%2Fproduct_tag&post=12918"}],"curies":[{"name":"wp","href":"https:\/\/api.w.org\/{rel}","templated":true}]}}