{"id":13103,"date":"2023-08-13T19:29:31","date_gmt":"2023-08-13T10:29:31","guid":{"rendered":"https:\/\/sfashionaccessories.com\/?post_type=product&#038;p=13103"},"modified":"2024-03-26T15:52:04","modified_gmt":"2024-03-26T06:52:04","slug":"calca-jeans-feminina-colors-collection-branca","status":"publish","type":"product","link":"https:\/\/sfashionaccessories.com\/?product=calca-jeans-feminina-colors-collection-branca","title":{"rendered":"CAL\u00c7A JEANS FEMININA COLORS COLLECTION BRANCA models Jeans"},"content":{"rendered":"<p>Voc\u00eas j\u00e1 conhecem nossas cal\u00e7as jeans ? S\u00e3o o maior sucesso, uma uni\u00e3o de estilo, conforto e qualidade.\u00a0Aquela cal\u00e7a destroyed\u00a0cheia de estilo e com caimento perfeito, satisfa\u00e7\u00e3o e eleg\u00e2ncia em um s\u00f3 produto, levantando a alto estima feminina.<\/p>\n<p>Com um corte de qualidade ela afina a cintura, modela o quardril \u00e9\u00a0te da seguran\u00e7a, tecido confort\u00e1vel e macio no corpo.Uma pe\u00e7a chave que a gente n\u00e3o consegue abrir m\u00e3o, esse\u00a0jeans \u00e9\u00a0aquele que voc\u00ea\u00a0veste e se apaixona!<\/p>\n<p>Veja as Especifica\u00e7\u00f5es Abaixo:<\/p>\n<p>Modelagem Empina Bumbum<\/p>\n<p>Composi\u00e7\u00e3o 89% Algod\u00e3o \/ 08% Elastomultiester \/ 03% Elastano<\/p>\n","protected":false},"excerpt":{"rendered":"<p>Voc\u00eas j\u00e1 conhecem nossas cal\u00e7as jeans ? S\u00e3o o maior sucesso, uma uni\u00e3o de estilo, conforto e qualidade.\u00a0Aquela cal\u00e7a destroyed\u00a0cheia de estilo e com caimento perfeito, satisfa\u00e7\u00e3o e eleg\u00e2ncia em um s\u00f3 produto, levantando a alto estima feminina. Com um corte de qualidade ela afina a cintura, modela o quardril \u00e9\u00a0te da seguran\u00e7a, tecido confort\u00e1vel [&hellip;]<\/p>\n","protected":false},"featured_media":13109,"comment_status":"open","ping_status":"closed","template":"","meta":{"_kadence_starter_templates_imported_post":false},"product_brand":[],"product_cat":[508,293,525],"product_tag":[242,395,526],"class_list":{"0":"post-13103","1":"product","2":"type-product","3":"status-publish","4":"has-post-thumbnail","6":"product_cat-calcas-femininas","7":"product_cat-feminino","8":"product_cat-models-jeans","9":"product_tag-calcas-femininas","10":"product_tag-feminino","11":"product_tag-models","13":"first","14":"instock","15":"shipping-taxable","16":"purchasable","17":"product-type-variable"},"_links":{"self":[{"href":"https:\/\/sfashionaccessories.com\/index.php?rest_route=\/wp\/v2\/product\/13103","targetHints":{"allow":["GET"]}}],"collection":[{"href":"https:\/\/sfashionaccessories.com\/index.php?rest_route=\/wp\/v2\/product"}],"about":[{"href":"https:\/\/sfashionaccessories.com\/index.php?rest_route=\/wp\/v2\/types\/product"}],"replies":[{"embeddable":true,"href":"https:\/\/sfashionaccessories.com\/index.php?rest_route=%2Fwp%2Fv2%2Fcomments&post=13103"}],"wp:featuredmedia":[{"embeddable":true,"href":"https:\/\/sfashionaccessories.com\/index.php?rest_route=\/wp\/v2\/media\/13109"}],"wp:attachment":[{"href":"https:\/\/sfashionaccessories.com\/index.php?rest_route=%2Fwp%2Fv2%2Fmedia&parent=13103"}],"wp:term":[{"taxonomy":"product_brand","embeddable":true,"href":"https:\/\/sfashionaccessories.com\/index.php?rest_route=%2Fwp%2Fv2%2Fproduct_brand&post=13103"},{"taxonomy":"product_cat","embeddable":true,"href":"https:\/\/sfashionaccessories.com\/index.php?rest_route=%2Fwp%2Fv2%2Fproduct_cat&post=13103"},{"taxonomy":"product_tag","embeddable":true,"href":"https:\/\/sfashionaccessories.com\/index.php?rest_route=%2Fwp%2Fv2%2Fproduct_tag&post=13103"}],"curies":[{"name":"wp","href":"https:\/\/api.w.org\/{rel}","templated":true}]}}