{"id":13365,"date":"2026-02-04T18:38:53","date_gmt":"2026-02-04T09:38:53","guid":{"rendered":"https:\/\/sfashionaccessories.com\/?post_type=product&#038;p=13365"},"modified":"2026-03-11T15:54:14","modified_gmt":"2026-03-11T06:54:14","slug":"balm-calmante-pos-barba-natura-essencial-75ml","status":"publish","type":"product","link":"https:\/\/sfashionaccessories.com\/?product=balm-calmante-pos-barba-natura-essencial-75ml","title":{"rendered":"Balm Calmante P\u00f3s-Barba Natura Essencial 75ml"},"content":{"rendered":"<p>A fragr\u00e2ncia amadeirada com notas frescas de cedro do deo parfum que voc\u00ea j\u00e1 conhece na vers\u00e3o balm p\u00f3s barba. Acalma a pele ap\u00f3s o barbear e deixa uma fragr\u00e2ncia marcante. Viva essa experi\u00eancia!<\/p>\n<p>Benef\u00edcios:<br \/>\n&#8211; Extens\u00e3o da fragr\u00e2ncia de Natura Essencial Tradicional: amadeirado com ra\u00edz cedro e do\u00e7ura do absoluto da baunilha negra;<br \/>\n&#8211; F\u00f3rmula leve;<br \/>\n&#8211; Sem \u00e1lcool;<br \/>\n&#8211; Oferece uma pele macia ap\u00f3s barba feita;<br \/>\n&#8211; Calmante para a pele;<br \/>\n&#8211; R\u00e1pida absor\u00e7\u00e3o;<br \/>\n&#8211; Perfuma\u00e7\u00e3o.<\/p>\n<p>Modo de Usar:<br \/>\nAplique sobre a pele do rosto e do pesco\u00e7o ap\u00f3s o barbear.<\/p>\n<p>Conte\u00fado: 75ml.<\/p>\n","protected":false},"excerpt":{"rendered":"<p>A fragr\u00e2ncia amadeirada com notas frescas de cedro do deo parfum que voc\u00ea j\u00e1 conhece na vers\u00e3o balm p\u00f3s barba. Acalma a pele ap\u00f3s o barbear e deixa uma fragr\u00e2ncia marcante. Viva essa experi\u00eancia! Benef\u00edcios: &#8211; Extens\u00e3o da fragr\u00e2ncia de Natura Essencial Tradicional: amadeirado com ra\u00edz cedro e do\u00e7ura do absoluto da baunilha negra; &#8211; [&hellip;]<\/p>\n","protected":false},"featured_media":25141,"comment_status":"open","ping_status":"closed","template":"","meta":{"_kadence_starter_templates_imported_post":false},"product_brand":[],"product_cat":[206,203,593],"product_tag":[272,234,594],"class_list":{"0":"post-13365","1":"product","2":"type-product","3":"status-publish","4":"has-post-thumbnail","6":"product_cat-cosmeticos-cremes-hidradantesperfumes","7":"product_cat-natura-creme-oleo-sabonete-perfume","8":"product_cat-pos-barba","9":"product_tag-cosmeticos","10":"product_tag-natura","11":"product_tag-pos-barba","13":"first","14":"instock","15":"shipping-taxable","16":"purchasable","17":"product-type-simple"},"_links":{"self":[{"href":"https:\/\/sfashionaccessories.com\/index.php?rest_route=\/wp\/v2\/product\/13365","targetHints":{"allow":["GET"]}}],"collection":[{"href":"https:\/\/sfashionaccessories.com\/index.php?rest_route=\/wp\/v2\/product"}],"about":[{"href":"https:\/\/sfashionaccessories.com\/index.php?rest_route=\/wp\/v2\/types\/product"}],"replies":[{"embeddable":true,"href":"https:\/\/sfashionaccessories.com\/index.php?rest_route=%2Fwp%2Fv2%2Fcomments&post=13365"}],"wp:featuredmedia":[{"embeddable":true,"href":"https:\/\/sfashionaccessories.com\/index.php?rest_route=\/wp\/v2\/media\/25141"}],"wp:attachment":[{"href":"https:\/\/sfashionaccessories.com\/index.php?rest_route=%2Fwp%2Fv2%2Fmedia&parent=13365"}],"wp:term":[{"taxonomy":"product_brand","embeddable":true,"href":"https:\/\/sfashionaccessories.com\/index.php?rest_route=%2Fwp%2Fv2%2Fproduct_brand&post=13365"},{"taxonomy":"product_cat","embeddable":true,"href":"https:\/\/sfashionaccessories.com\/index.php?rest_route=%2Fwp%2Fv2%2Fproduct_cat&post=13365"},{"taxonomy":"product_tag","embeddable":true,"href":"https:\/\/sfashionaccessories.com\/index.php?rest_route=%2Fwp%2Fv2%2Fproduct_tag&post=13365"}],"curies":[{"name":"wp","href":"https:\/\/api.w.org\/{rel}","templated":true}]}}