{"id":13507,"date":"2025-11-21T06:00:33","date_gmt":"2025-11-20T21:00:33","guid":{"rendered":"https:\/\/sfashionaccessories.com\/?post_type=product&#038;p=13507"},"modified":"2025-11-22T20:11:00","modified_gmt":"2025-11-22T11:11:00","slug":"lily-le-parfum-perfume-30ml","status":"publish","type":"product","link":"https:\/\/sfashionaccessories.com\/?product=lily-le-parfum-perfume-30ml","title":{"rendered":"Lily Le Parfum Perfume 30ml"},"content":{"rendered":"<div class=\"product-description-content reset-allow-bold\">\n<p>Acreditamos que uma mulher delicada e sens\u00edvel tamb\u00e9m pode ser forte e empoderada. Inspirados por essa convic\u00e7\u00e3o, trazemos toda exuber\u00e2ncia do<strong>\u00a0perfume\u00a0<\/strong>com<strong>\u00a0Lily Le Parfum,<\/strong>\u00a0o\u00a0<strong>primeiro perfume de Lily<\/strong>, que exala eleg\u00e2ncia, for\u00e7a e feminilidade.<\/p>\n<p>Ideal para as amantes de Lily, este\u00a0<strong>perfume feminino\u00a0<\/strong>entrega uma cria\u00e7\u00e3o ultrassofisticada e de alta qualidade com uma fragr\u00e2ncia ainda mais marcante e intensa, proporcionando o melhor da\u00a0<strong>perfumaria mundial.\u00a0<\/strong><\/p>\n<p>O \u00e1pice da sofistica\u00e7\u00e3o dentro de um frasco.<\/p>\n<p>Com delicadeza e intensidade que exalam eleg\u00e2ncia, combina as formas mais puras de\u00a0<strong>Jasmin e Narciso<\/strong>\u00a0\u00e0 intensidade da\u00a0<strong>Gard\u00eania<\/strong>\u00a0que, unidos \u00e0 eleg\u00e2ncia do<strong>\u00a0S\u00e2ndalo<\/strong>\u00a0e da\u00a0<strong>Vanilla Bourbon<\/strong>, despertam uma<strong>\u00a0fragr\u00e2ncia\u00a0<\/strong>incompar\u00e1vel. Um tributo \u00e0 assinatura floral de Lily atrav\u00e9s do\u00a0<strong>primeiro perfume de O Botic\u00e1rio<\/strong>.<\/p>\n<p>&nbsp;<\/p>\n<p><strong>Fam\u00edlia Olfativa:<\/strong>\u00a0Floral Bouquet.<\/p>\n<\/div>\n","protected":false},"excerpt":{"rendered":"<p>Acreditamos que uma mulher delicada e sens\u00edvel tamb\u00e9m pode ser forte e empoderada. Inspirados por essa convic\u00e7\u00e3o, trazemos toda exuber\u00e2ncia do\u00a0perfume\u00a0com\u00a0Lily Le Parfum,\u00a0o\u00a0primeiro perfume de Lily, que exala eleg\u00e2ncia, for\u00e7a e feminilidade. Ideal para as amantes de Lily, este\u00a0perfume feminino\u00a0entrega uma cria\u00e7\u00e3o ultrassofisticada e de alta qualidade com uma fragr\u00e2ncia ainda mais marcante e intensa, [&hellip;]<\/p>\n","protected":false},"featured_media":24230,"comment_status":"open","ping_status":"closed","template":"","meta":{"_kadence_starter_templates_imported_post":false},"product_brand":[],"product_cat":[206,282,251,295,254],"product_tag":[338,272,284,233,401],"class_list":{"0":"post-13507","1":"product","2":"type-product","3":"status-publish","4":"has-post-thumbnail","6":"product_cat-cosmeticos-cremes-hidradantesperfumes","7":"product_cat-o-boticario","8":"product_cat-perfume-perfumes","9":"product_cat-o-boticario-2","10":"product_cat-promocoes-descontos","11":"product_tag-boticario","12":"product_tag-cosmeticos","13":"product_tag-o-boticario","14":"product_tag-perfume","15":"product_tag-perfumes","17":"first","18":"instock","19":"sale","20":"shipping-taxable","21":"purchasable","22":"product-type-simple"},"_links":{"self":[{"href":"https:\/\/sfashionaccessories.com\/index.php?rest_route=\/wp\/v2\/product\/13507","targetHints":{"allow":["GET"]}}],"collection":[{"href":"https:\/\/sfashionaccessories.com\/index.php?rest_route=\/wp\/v2\/product"}],"about":[{"href":"https:\/\/sfashionaccessories.com\/index.php?rest_route=\/wp\/v2\/types\/product"}],"replies":[{"embeddable":true,"href":"https:\/\/sfashionaccessories.com\/index.php?rest_route=%2Fwp%2Fv2%2Fcomments&post=13507"}],"wp:featuredmedia":[{"embeddable":true,"href":"https:\/\/sfashionaccessories.com\/index.php?rest_route=\/wp\/v2\/media\/24230"}],"wp:attachment":[{"href":"https:\/\/sfashionaccessories.com\/index.php?rest_route=%2Fwp%2Fv2%2Fmedia&parent=13507"}],"wp:term":[{"taxonomy":"product_brand","embeddable":true,"href":"https:\/\/sfashionaccessories.com\/index.php?rest_route=%2Fwp%2Fv2%2Fproduct_brand&post=13507"},{"taxonomy":"product_cat","embeddable":true,"href":"https:\/\/sfashionaccessories.com\/index.php?rest_route=%2Fwp%2Fv2%2Fproduct_cat&post=13507"},{"taxonomy":"product_tag","embeddable":true,"href":"https:\/\/sfashionaccessories.com\/index.php?rest_route=%2Fwp%2Fv2%2Fproduct_tag&post=13507"}],"curies":[{"name":"wp","href":"https:\/\/api.w.org\/{rel}","templated":true}]}}