{"id":13821,"date":"2025-07-02T12:19:55","date_gmt":"2025-07-02T03:19:55","guid":{"rendered":"https:\/\/sfashionaccessories.com\/?post_type=product&#038;p=13821"},"modified":"2026-03-07T15:07:57","modified_gmt":"2026-03-07T06:07:57","slug":"batom-matte-natura-faces","status":"publish","type":"product","link":"https:\/\/sfashionaccessories.com\/?product=batom-matte-natura-faces","title":{"rendered":"Batom Cremoso Matte Natura Faces"},"content":{"rendered":"<p>Ouse, expresse-se e crie, com orgulho de ser quem voc\u00ea \u00e9.<\/p>\n<p>O Batom Faces Natura tem cores vibrantes e aquela textura extracremosa mara que voc\u00ea adora. Com \u00f3leo de mamona e cera de arroz, forma uma pel\u00edcula contra o ressecamento.<\/p>\n","protected":false},"excerpt":{"rendered":"<p>Ouse, expresse-se e crie, com orgulho de ser quem voc\u00ea \u00e9. O Batom Faces Natura tem cores vibrantes e aquela textura extracremosa mara que voc\u00ea adora. Com \u00f3leo de mamona e cera de arroz, forma uma pel\u00edcula contra o ressecamento.<\/p>\n","protected":false},"featured_media":13807,"comment_status":"open","ping_status":"closed","template":"","meta":{"_kadence_starter_templates_imported_post":false},"product_brand":[],"product_cat":[15,609,206,203],"product_tag":[611,272,234],"class_list":{"0":"post-13821","1":"product","2":"type-product","3":"status-publish","4":"has-post-thumbnail","6":"product_cat-padrao","7":"product_cat-batom","8":"product_cat-cosmeticos-cremes-hidradantesperfumes","9":"product_cat-natura-creme-oleo-sabonete-perfume","10":"product_tag-batom","11":"product_tag-cosmeticos","12":"product_tag-natura","14":"first","15":"instock","16":"shipping-taxable","17":"purchasable","18":"product-type-variable"},"_links":{"self":[{"href":"https:\/\/sfashionaccessories.com\/index.php?rest_route=\/wp\/v2\/product\/13821","targetHints":{"allow":["GET"]}}],"collection":[{"href":"https:\/\/sfashionaccessories.com\/index.php?rest_route=\/wp\/v2\/product"}],"about":[{"href":"https:\/\/sfashionaccessories.com\/index.php?rest_route=\/wp\/v2\/types\/product"}],"replies":[{"embeddable":true,"href":"https:\/\/sfashionaccessories.com\/index.php?rest_route=%2Fwp%2Fv2%2Fcomments&post=13821"}],"wp:featuredmedia":[{"embeddable":true,"href":"https:\/\/sfashionaccessories.com\/index.php?rest_route=\/wp\/v2\/media\/13807"}],"wp:attachment":[{"href":"https:\/\/sfashionaccessories.com\/index.php?rest_route=%2Fwp%2Fv2%2Fmedia&parent=13821"}],"wp:term":[{"taxonomy":"product_brand","embeddable":true,"href":"https:\/\/sfashionaccessories.com\/index.php?rest_route=%2Fwp%2Fv2%2Fproduct_brand&post=13821"},{"taxonomy":"product_cat","embeddable":true,"href":"https:\/\/sfashionaccessories.com\/index.php?rest_route=%2Fwp%2Fv2%2Fproduct_cat&post=13821"},{"taxonomy":"product_tag","embeddable":true,"href":"https:\/\/sfashionaccessories.com\/index.php?rest_route=%2Fwp%2Fv2%2Fproduct_tag&post=13821"}],"curies":[{"name":"wp","href":"https:\/\/api.w.org\/{rel}","templated":true}]}}