{"id":13852,"date":"2025-07-30T17:26:37","date_gmt":"2025-07-30T08:26:37","guid":{"rendered":"https:\/\/sfashionaccessories.com\/?post_type=product&#038;p=13852"},"modified":"2026-05-04T10:53:39","modified_gmt":"2026-05-04T01:53:39","slug":"natura-homem-desodorante-colonia-100ml","status":"publish","type":"product","link":"https:\/\/sfashionaccessories.com\/?product=natura-homem-desodorante-colonia-100ml","title":{"rendered":"Natura Homem Desodorante Col\u00f4nia 100ml"},"content":{"rendered":"<p>Sinta o frescor da combina\u00e7\u00e3o de ervas arom\u00e1ticas com gengibre e noz moscada, equilibrado com um toque de madeiras quentes, que despertam e renovam. Uma fragr\u00e2ncia que te acompanha em todos os momentos do seu dia!<\/p>\n<p>Fragr\u00e2ncia<\/p>\n<p>Amadeirado moderado<\/p>\n<p>Gota olfativa<\/p>\n<p>Sa\u00edda: noz moscada, pimenta preta, gengibre, manjeric\u00e3o<\/p>\n<p>Corpo: p\u00eara, p\u00eassego e rosa ch\u00e1<\/p>\n<p>Fundo: musc, s\u00e2ndalo, cedro e bamb\u00fa<\/p>\n","protected":false},"excerpt":{"rendered":"<p>Sinta o frescor da combina\u00e7\u00e3o de ervas arom\u00e1ticas com gengibre e noz moscada, equilibrado com um toque de madeiras quentes, que despertam e renovam. Uma fragr\u00e2ncia que te acompanha em todos os momentos do seu dia! Fragr\u00e2ncia Amadeirado moderado Gota olfativa Sa\u00edda: noz moscada, pimenta preta, gengibre, manjeric\u00e3o Corpo: p\u00eara, p\u00eassego e rosa ch\u00e1 Fundo: [&hellip;]<\/p>\n","protected":false},"featured_media":13856,"comment_status":"open","ping_status":"closed","template":"","meta":{"_kadence_starter_templates_imported_post":false},"product_brand":[],"product_cat":[206,203,231],"product_tag":[272,234,233],"class_list":{"0":"post-13852","1":"product","2":"type-product","3":"status-publish","4":"has-post-thumbnail","6":"product_cat-cosmeticos-cremes-hidradantesperfumes","7":"product_cat-natura-creme-oleo-sabonete-perfume","8":"product_cat-perfumes-natura","9":"product_tag-cosmeticos","10":"product_tag-natura","11":"product_tag-perfume","13":"first","14":"instock","15":"sale","16":"shipping-taxable","17":"purchasable","18":"product-type-simple"},"_links":{"self":[{"href":"https:\/\/sfashionaccessories.com\/index.php?rest_route=\/wp\/v2\/product\/13852","targetHints":{"allow":["GET"]}}],"collection":[{"href":"https:\/\/sfashionaccessories.com\/index.php?rest_route=\/wp\/v2\/product"}],"about":[{"href":"https:\/\/sfashionaccessories.com\/index.php?rest_route=\/wp\/v2\/types\/product"}],"replies":[{"embeddable":true,"href":"https:\/\/sfashionaccessories.com\/index.php?rest_route=%2Fwp%2Fv2%2Fcomments&post=13852"}],"wp:featuredmedia":[{"embeddable":true,"href":"https:\/\/sfashionaccessories.com\/index.php?rest_route=\/wp\/v2\/media\/13856"}],"wp:attachment":[{"href":"https:\/\/sfashionaccessories.com\/index.php?rest_route=%2Fwp%2Fv2%2Fmedia&parent=13852"}],"wp:term":[{"taxonomy":"product_brand","embeddable":true,"href":"https:\/\/sfashionaccessories.com\/index.php?rest_route=%2Fwp%2Fv2%2Fproduct_brand&post=13852"},{"taxonomy":"product_cat","embeddable":true,"href":"https:\/\/sfashionaccessories.com\/index.php?rest_route=%2Fwp%2Fv2%2Fproduct_cat&post=13852"},{"taxonomy":"product_tag","embeddable":true,"href":"https:\/\/sfashionaccessories.com\/index.php?rest_route=%2Fwp%2Fv2%2Fproduct_tag&post=13852"}],"curies":[{"name":"wp","href":"https:\/\/api.w.org\/{rel}","templated":true}]}}