{"id":13930,"date":"2023-10-20T19:42:22","date_gmt":"2023-10-20T10:42:22","guid":{"rendered":"https:\/\/sfashionaccessories.com\/?post_type=product&#038;p=13930"},"modified":"2025-05-31T22:04:09","modified_gmt":"2025-05-31T13:04:09","slug":"saia-jeans-sawary-midi","status":"publish","type":"product","link":"https:\/\/sfashionaccessories.com\/?product=saia-jeans-sawary-midi","title":{"rendered":"Saia jeans Sawary Midi"},"content":{"rendered":"<p>Saia confeccionada em jeans. O comprimento \u00e9 midi e o caimento \u00e9 solto.<\/p>\n<ul>\n<li>Cintura m\u00e9dia<\/li>\n<li>Fechamento com bot\u00e3o e z\u00edper<\/li>\n<li>Bolsos\u00a0 traseiros e laterais funcionais<\/li>\n<li>Fendas laterais<\/li>\n<li>Barra simples<\/li>\n<li>Modelagem: Longa<\/li>\n<li>Tecido: Jeans<\/li>\n<li>Tipo de lavagem: Azul<\/li>\n<li>Cor: Azul M\u00e9dio<\/li>\n<\/ul>\n","protected":false},"excerpt":{"rendered":"<p>Saia confeccionada em jeans. O comprimento \u00e9 midi e o caimento \u00e9 solto. Cintura m\u00e9dia Fechamento com bot\u00e3o e z\u00edper Bolsos\u00a0 traseiros e laterais funcionais Fendas laterais Barra simples Modelagem: Longa Tecido: Jeans Tipo de lavagem: Azul Cor: Azul M\u00e9dio<\/p>\n","protected":false},"featured_media":14274,"comment_status":"open","ping_status":"closed","template":"","meta":{"_kadence_starter_templates_imported_post":false},"product_brand":[],"product_cat":[293,499,259,196],"product_tag":[395,389,256],"class_list":{"0":"post-13930","1":"product","2":"type-product","3":"status-publish","4":"has-post-thumbnail","6":"product_cat-feminino","7":"product_cat-medidas-calcas-e-shorts-feminino-sawary","8":"product_cat-sawary","9":"product_cat-vestidos","10":"product_tag-feminino","11":"product_tag-saia","12":"product_tag-sawary","14":"first","15":"instock","16":"shipping-taxable","17":"purchasable","18":"product-type-variable"},"_links":{"self":[{"href":"https:\/\/sfashionaccessories.com\/index.php?rest_route=\/wp\/v2\/product\/13930","targetHints":{"allow":["GET"]}}],"collection":[{"href":"https:\/\/sfashionaccessories.com\/index.php?rest_route=\/wp\/v2\/product"}],"about":[{"href":"https:\/\/sfashionaccessories.com\/index.php?rest_route=\/wp\/v2\/types\/product"}],"replies":[{"embeddable":true,"href":"https:\/\/sfashionaccessories.com\/index.php?rest_route=%2Fwp%2Fv2%2Fcomments&post=13930"}],"wp:featuredmedia":[{"embeddable":true,"href":"https:\/\/sfashionaccessories.com\/index.php?rest_route=\/wp\/v2\/media\/14274"}],"wp:attachment":[{"href":"https:\/\/sfashionaccessories.com\/index.php?rest_route=%2Fwp%2Fv2%2Fmedia&parent=13930"}],"wp:term":[{"taxonomy":"product_brand","embeddable":true,"href":"https:\/\/sfashionaccessories.com\/index.php?rest_route=%2Fwp%2Fv2%2Fproduct_brand&post=13930"},{"taxonomy":"product_cat","embeddable":true,"href":"https:\/\/sfashionaccessories.com\/index.php?rest_route=%2Fwp%2Fv2%2Fproduct_cat&post=13930"},{"taxonomy":"product_tag","embeddable":true,"href":"https:\/\/sfashionaccessories.com\/index.php?rest_route=%2Fwp%2Fv2%2Fproduct_tag&post=13930"}],"curies":[{"name":"wp","href":"https:\/\/api.w.org\/{rel}","templated":true}]}}