{"id":14690,"date":"2023-12-03T12:49:07","date_gmt":"2023-12-03T03:49:07","guid":{"rendered":"https:\/\/sfashionaccessories.com\/?post_type=product&#038;p=14690"},"modified":"2026-04-17T18:43:33","modified_gmt":"2026-04-17T09:43:33","slug":"tenys-pe-baruel-po","status":"publish","type":"product","link":"https:\/\/sfashionaccessories.com\/?product=tenys-pe-baruel-po","title":{"rendered":"TENYS P\u00c9 BARUEL \u2013 P\u00d3"},"content":{"rendered":"<h3>O pioneiro, o aut\u00eantico, o precursor da linha<br \/>\nTenys P\u00e9. Azul com tampa vermelha \u00e9 um<br \/>\nverdadeiro \u00edcone da categoria.<\/h3>\n<ul>\n<li>Combate 99% de Fungos e Bact\u00e9rias<\/li>\n<li>Antiss\u00e9ptico<\/li>\n<li>Controla a transpira\u00e7\u00e3o<\/li>\n<li>Elimina o mau odor<\/li>\n<\/ul>\n<p><span class=\"title\">CARACTER\u00cdSTICAS E BENEF\u00cdCIOS<\/span><\/p>\n<p>Aplicar nos p\u00e9s e\/ou cal\u00e7ados<\/p>\n<p>EMBALAGEM: 100g<\/p>\n","protected":false},"excerpt":{"rendered":"<p>O pioneiro, o aut\u00eantico, o precursor da linha Tenys P\u00e9. Azul com tampa vermelha \u00e9 um verdadeiro \u00edcone da categoria. Combate 99% de Fungos e Bact\u00e9rias Antiss\u00e9ptico Controla a transpira\u00e7\u00e3o Elimina o mau odor CARACTER\u00cdSTICAS E BENEF\u00cdCIOS Aplicar nos p\u00e9s e\/ou cal\u00e7ados EMBALAGEM: 100g<\/p>\n","protected":false},"featured_media":14691,"comment_status":"open","ping_status":"closed","template":"","meta":{"_kadence_starter_templates_imported_post":false},"product_brand":[],"product_cat":[691,690,692],"product_tag":[695,693,694],"class_list":{"0":"post-14690","1":"product","2":"type-product","3":"status-publish","4":"has-post-thumbnail","6":"product_cat-baruel","7":"product_cat-po-antisseptico","8":"product_cat-talco","9":"product_tag-baruel","10":"product_tag-po-antisseptico","11":"product_tag-talco","13":"first","14":"instock","15":"shipping-taxable","16":"purchasable","17":"product-type-simple"},"_links":{"self":[{"href":"https:\/\/sfashionaccessories.com\/index.php?rest_route=\/wp\/v2\/product\/14690","targetHints":{"allow":["GET"]}}],"collection":[{"href":"https:\/\/sfashionaccessories.com\/index.php?rest_route=\/wp\/v2\/product"}],"about":[{"href":"https:\/\/sfashionaccessories.com\/index.php?rest_route=\/wp\/v2\/types\/product"}],"replies":[{"embeddable":true,"href":"https:\/\/sfashionaccessories.com\/index.php?rest_route=%2Fwp%2Fv2%2Fcomments&post=14690"}],"wp:featuredmedia":[{"embeddable":true,"href":"https:\/\/sfashionaccessories.com\/index.php?rest_route=\/wp\/v2\/media\/14691"}],"wp:attachment":[{"href":"https:\/\/sfashionaccessories.com\/index.php?rest_route=%2Fwp%2Fv2%2Fmedia&parent=14690"}],"wp:term":[{"taxonomy":"product_brand","embeddable":true,"href":"https:\/\/sfashionaccessories.com\/index.php?rest_route=%2Fwp%2Fv2%2Fproduct_brand&post=14690"},{"taxonomy":"product_cat","embeddable":true,"href":"https:\/\/sfashionaccessories.com\/index.php?rest_route=%2Fwp%2Fv2%2Fproduct_cat&post=14690"},{"taxonomy":"product_tag","embeddable":true,"href":"https:\/\/sfashionaccessories.com\/index.php?rest_route=%2Fwp%2Fv2%2Fproduct_tag&post=14690"}],"curies":[{"name":"wp","href":"https:\/\/api.w.org\/{rel}","templated":true}]}}