{"id":14803,"date":"2026-02-17T18:19:02","date_gmt":"2026-02-17T09:19:02","guid":{"rendered":"https:\/\/sfashionaccessories.com\/?post_type=product&#038;p=14803"},"modified":"2026-02-17T19:28:17","modified_gmt":"2026-02-17T10:28:17","slug":"macacao-jamily-alfaiataria-lorilima-colecao-luxo","status":"publish","type":"product","link":"https:\/\/sfashionaccessories.com\/?product=macacao-jamily-alfaiataria-lorilima-colecao-luxo","title":{"rendered":"Macac\u00e3o Jamily alfaiataria Lorilima cole\u00e7\u00e3o luxo"},"content":{"rendered":"","protected":false},"excerpt":{"rendered":"","protected":false},"featured_media":14789,"comment_status":"open","ping_status":"closed","template":"","meta":{"_kadence_starter_templates_imported_post":false},"product_brand":[],"product_cat":[465,293,703,308],"product_tag":[395,704,464],"class_list":{"0":"post-14803","1":"product","2":"type-product","3":"status-publish","4":"has-post-thumbnail","6":"product_cat-anuncios","7":"product_cat-feminino","8":"product_cat-lorilima","9":"product_cat-macacao","10":"product_tag-feminino","11":"product_tag-lorilima","12":"product_tag-macacao","14":"first","15":"instock","16":"sale","17":"shipping-taxable","18":"purchasable","19":"product-type-variable"},"_links":{"self":[{"href":"https:\/\/sfashionaccessories.com\/index.php?rest_route=\/wp\/v2\/product\/14803","targetHints":{"allow":["GET"]}}],"collection":[{"href":"https:\/\/sfashionaccessories.com\/index.php?rest_route=\/wp\/v2\/product"}],"about":[{"href":"https:\/\/sfashionaccessories.com\/index.php?rest_route=\/wp\/v2\/types\/product"}],"replies":[{"embeddable":true,"href":"https:\/\/sfashionaccessories.com\/index.php?rest_route=%2Fwp%2Fv2%2Fcomments&post=14803"}],"wp:featuredmedia":[{"embeddable":true,"href":"https:\/\/sfashionaccessories.com\/index.php?rest_route=\/wp\/v2\/media\/14789"}],"wp:attachment":[{"href":"https:\/\/sfashionaccessories.com\/index.php?rest_route=%2Fwp%2Fv2%2Fmedia&parent=14803"}],"wp:term":[{"taxonomy":"product_brand","embeddable":true,"href":"https:\/\/sfashionaccessories.com\/index.php?rest_route=%2Fwp%2Fv2%2Fproduct_brand&post=14803"},{"taxonomy":"product_cat","embeddable":true,"href":"https:\/\/sfashionaccessories.com\/index.php?rest_route=%2Fwp%2Fv2%2Fproduct_cat&post=14803"},{"taxonomy":"product_tag","embeddable":true,"href":"https:\/\/sfashionaccessories.com\/index.php?rest_route=%2Fwp%2Fv2%2Fproduct_tag&post=14803"}],"curies":[{"name":"wp","href":"https:\/\/api.w.org\/{rel}","templated":true}]}}