{"id":15481,"date":"2024-02-18T13:35:00","date_gmt":"2024-02-18T04:35:00","guid":{"rendered":"https:\/\/sfashionaccessories.com\/?post_type=product&#038;p=15481"},"modified":"2026-03-28T16:48:59","modified_gmt":"2026-03-28T07:48:59","slug":"pulseira-folheada-a-ouro-18k-com-cristais-tam-19","status":"publish","type":"product","link":"https:\/\/sfashionaccessories.com\/?product=pulseira-folheada-a-ouro-18k-com-cristais-tam-19","title":{"rendered":"Pulseira folheada a ouro 18k com cristais &#8211; tam.19"},"content":{"rendered":"<div class=\"productDescription\">Pulseira formada por fio elo portugu\u00eas, composta por 5 cristais ovais de 4&#215;6 mm. (a quantidade de cristais podem variar). med 19 cm (com ajust\u00e1vel vari\u00e1vel entre 18 cm e 17 cm)<\/div>\n<div id=\"caracteristicas\"><\/div>\n","protected":false},"excerpt":{"rendered":"<p>Pulseira formada por fio elo portugu\u00eas, composta por 5 cristais ovais de 4&#215;6 mm. (a quantidade de cristais podem variar). med 19 cm (com ajust\u00e1vel vari\u00e1vel entre 18 cm e 17 cm)<\/p>\n","protected":false},"featured_media":15480,"comment_status":"open","ping_status":"closed","template":"","meta":{"_kadence_starter_templates_imported_post":false},"product_brand":[],"product_cat":[200,372,723,209],"product_tag":[182,235,724,232],"class_list":{"0":"post-15481","1":"product","2":"type-product","3":"status-publish","4":"has-post-thumbnail","6":"product_cat-acessorios-bijuterias-semi-joias","7":"product_cat-pulseiras","8":"product_cat-rommanel","9":"product_cat-semi-joias","10":"product_tag-acessorios","11":"product_tag-pulseira","12":"product_tag-rommanel","13":"product_tag-semi-joias","15":"first","16":"instock","17":"shipping-taxable","18":"purchasable","19":"product-type-simple"},"_links":{"self":[{"href":"https:\/\/sfashionaccessories.com\/index.php?rest_route=\/wp\/v2\/product\/15481","targetHints":{"allow":["GET"]}}],"collection":[{"href":"https:\/\/sfashionaccessories.com\/index.php?rest_route=\/wp\/v2\/product"}],"about":[{"href":"https:\/\/sfashionaccessories.com\/index.php?rest_route=\/wp\/v2\/types\/product"}],"replies":[{"embeddable":true,"href":"https:\/\/sfashionaccessories.com\/index.php?rest_route=%2Fwp%2Fv2%2Fcomments&post=15481"}],"wp:featuredmedia":[{"embeddable":true,"href":"https:\/\/sfashionaccessories.com\/index.php?rest_route=\/wp\/v2\/media\/15480"}],"wp:attachment":[{"href":"https:\/\/sfashionaccessories.com\/index.php?rest_route=%2Fwp%2Fv2%2Fmedia&parent=15481"}],"wp:term":[{"taxonomy":"product_brand","embeddable":true,"href":"https:\/\/sfashionaccessories.com\/index.php?rest_route=%2Fwp%2Fv2%2Fproduct_brand&post=15481"},{"taxonomy":"product_cat","embeddable":true,"href":"https:\/\/sfashionaccessories.com\/index.php?rest_route=%2Fwp%2Fv2%2Fproduct_cat&post=15481"},{"taxonomy":"product_tag","embeddable":true,"href":"https:\/\/sfashionaccessories.com\/index.php?rest_route=%2Fwp%2Fv2%2Fproduct_tag&post=15481"}],"curies":[{"name":"wp","href":"https:\/\/api.w.org\/{rel}","templated":true}]}}