{"id":15625,"date":"2024-04-18T15:34:38","date_gmt":"2024-04-18T06:34:38","guid":{"rendered":"https:\/\/sfashionaccessories.com\/?post_type=product&#038;p=15625"},"modified":"2026-01-30T20:02:42","modified_gmt":"2026-01-30T11:02:42","slug":"sutia-sem-aro-e-sem-bojo-secret-cotton-demillus","status":"publish","type":"product","link":"https:\/\/sfashionaccessories.com\/?product=sutia-sem-aro-e-sem-bojo-secret-cotton-demillus","title":{"rendered":"Suti\u00e3 sem Aro e sem Bojo Secret Cotton Demillus-061052"},"content":{"rendered":"<p>Sustenta\u00e7\u00e3o e conforto. Frente em cotton duplo, sem espuma e sem aro. Costura embutidas no decote para n\u00e3o marcar. Laterais largas.<\/p>\n","protected":false},"excerpt":{"rendered":"<p>Sustenta\u00e7\u00e3o e conforto. Frente em cotton duplo, sem espuma e sem aro. Costura embutidas no decote para n\u00e3o marcar. Laterais largas.<\/p>\n","protected":false},"featured_media":15627,"comment_status":"open","ping_status":"closed","template":"","meta":{"_kadence_starter_templates_imported_post":false},"product_brand":[],"product_cat":[268,293,29,221],"product_tag":[266,395,267,265],"class_list":{"0":"post-15625","1":"product","2":"type-product","3":"status-publish","4":"has-post-thumbnail","6":"product_cat-demillus","7":"product_cat-feminino","8":"product_cat-lingeries","9":"product_cat-sutias","10":"product_tag-demillus","11":"product_tag-feminino","12":"product_tag-lingerie","13":"product_tag-sutia","15":"first","16":"instock","17":"shipping-taxable","18":"purchasable","19":"product-type-variable"},"_links":{"self":[{"href":"https:\/\/sfashionaccessories.com\/index.php?rest_route=\/wp\/v2\/product\/15625","targetHints":{"allow":["GET"]}}],"collection":[{"href":"https:\/\/sfashionaccessories.com\/index.php?rest_route=\/wp\/v2\/product"}],"about":[{"href":"https:\/\/sfashionaccessories.com\/index.php?rest_route=\/wp\/v2\/types\/product"}],"replies":[{"embeddable":true,"href":"https:\/\/sfashionaccessories.com\/index.php?rest_route=%2Fwp%2Fv2%2Fcomments&post=15625"}],"wp:featuredmedia":[{"embeddable":true,"href":"https:\/\/sfashionaccessories.com\/index.php?rest_route=\/wp\/v2\/media\/15627"}],"wp:attachment":[{"href":"https:\/\/sfashionaccessories.com\/index.php?rest_route=%2Fwp%2Fv2%2Fmedia&parent=15625"}],"wp:term":[{"taxonomy":"product_brand","embeddable":true,"href":"https:\/\/sfashionaccessories.com\/index.php?rest_route=%2Fwp%2Fv2%2Fproduct_brand&post=15625"},{"taxonomy":"product_cat","embeddable":true,"href":"https:\/\/sfashionaccessories.com\/index.php?rest_route=%2Fwp%2Fv2%2Fproduct_cat&post=15625"},{"taxonomy":"product_tag","embeddable":true,"href":"https:\/\/sfashionaccessories.com\/index.php?rest_route=%2Fwp%2Fv2%2Fproduct_tag&post=15625"}],"curies":[{"name":"wp","href":"https:\/\/api.w.org\/{rel}","templated":true}]}}