{"id":17318,"date":"2024-06-26T19:55:13","date_gmt":"2024-06-26T10:55:13","guid":{"rendered":"https:\/\/sfashionaccessories.com\/?post_type=product&#038;p=17318"},"modified":"2026-04-13T20:04:12","modified_gmt":"2026-04-13T11:04:12","slug":"locao-hidratante-desodorante-giovanna-baby-classic-200ml","status":"publish","type":"product","link":"https:\/\/sfashionaccessories.com\/?product=locao-hidratante-desodorante-giovanna-baby-classic-200ml","title":{"rendered":"Lo\u00e7\u00e3o Hidratante Desodorante Giovanna Baby Classic 200ml"},"content":{"rendered":"<p>Com textura leve e fragr\u00e2ncia suave, a Lo\u00e7\u00e3o Hidratante Giovanna Baby CLASSIC proporciona hidrata\u00e7\u00e3o profunda, esferas com vitamina E e melhora firmeza e elasticidade da pele deixando a pele macia e deliciosamente perfumada por todo o dia. Giovanna Baby: um toque de carinho para o seu dia.<\/p>\n","protected":false},"excerpt":{"rendered":"<p>Com textura leve e fragr\u00e2ncia suave, a Lo\u00e7\u00e3o Hidratante Giovanna Baby CLASSIC proporciona hidrata\u00e7\u00e3o profunda, esferas com vitamina E e melhora firmeza e elasticidade da pele deixando a pele macia e deliciosamente perfumada por todo o dia. Giovanna Baby: um toque de carinho para o seu dia.<\/p>\n","protected":false},"featured_media":17319,"comment_status":"open","ping_status":"closed","template":"","meta":{"_kadence_starter_templates_imported_post":false},"product_brand":[],"product_cat":[206,322,574],"product_tag":[272,195,280],"class_list":{"0":"post-17318","1":"product","2":"type-product","3":"status-publish","4":"has-post-thumbnail","6":"product_cat-cosmeticos-cremes-hidradantesperfumes","7":"product_cat-cremes-hidratantes-oleos","8":"product_cat-giovanna-baby","9":"product_tag-cosmeticos","10":"product_tag-creme-hidratante","11":"product_tag-giovanna-baby","13":"first","14":"instock","15":"shipping-taxable","16":"purchasable","17":"product-type-simple"},"_links":{"self":[{"href":"https:\/\/sfashionaccessories.com\/index.php?rest_route=\/wp\/v2\/product\/17318","targetHints":{"allow":["GET"]}}],"collection":[{"href":"https:\/\/sfashionaccessories.com\/index.php?rest_route=\/wp\/v2\/product"}],"about":[{"href":"https:\/\/sfashionaccessories.com\/index.php?rest_route=\/wp\/v2\/types\/product"}],"replies":[{"embeddable":true,"href":"https:\/\/sfashionaccessories.com\/index.php?rest_route=%2Fwp%2Fv2%2Fcomments&post=17318"}],"wp:featuredmedia":[{"embeddable":true,"href":"https:\/\/sfashionaccessories.com\/index.php?rest_route=\/wp\/v2\/media\/17319"}],"wp:attachment":[{"href":"https:\/\/sfashionaccessories.com\/index.php?rest_route=%2Fwp%2Fv2%2Fmedia&parent=17318"}],"wp:term":[{"taxonomy":"product_brand","embeddable":true,"href":"https:\/\/sfashionaccessories.com\/index.php?rest_route=%2Fwp%2Fv2%2Fproduct_brand&post=17318"},{"taxonomy":"product_cat","embeddable":true,"href":"https:\/\/sfashionaccessories.com\/index.php?rest_route=%2Fwp%2Fv2%2Fproduct_cat&post=17318"},{"taxonomy":"product_tag","embeddable":true,"href":"https:\/\/sfashionaccessories.com\/index.php?rest_route=%2Fwp%2Fv2%2Fproduct_tag&post=17318"}],"curies":[{"name":"wp","href":"https:\/\/api.w.org\/{rel}","templated":true}]}}