{"id":17381,"date":"2025-12-11T12:03:13","date_gmt":"2025-12-11T03:03:13","guid":{"rendered":"https:\/\/sfashionaccessories.com\/?post_type=product&#038;p=17381"},"modified":"2025-12-11T15:41:22","modified_gmt":"2025-12-11T06:41:22","slug":"sapatilha-moleca-casual-feminina","status":"publish","type":"product","link":"https:\/\/sfashionaccessories.com\/?product=sapatilha-moleca-casual-feminina","title":{"rendered":"Sapatilha Moleca Casual Feminina"},"content":{"rendered":"<div class=\"sc-fqkvVR heuZyN sc-cgCHwa eYEhxl\" data-testid=\"product-detail-description\">\n<div class=\"sc-fqkvVR hlqElk sc-cYeeTI khdXjM\" data-testid=\"rich-content-container\">\n<p>A Sapatilha Moleca, \u00e9 uma op\u00e7\u00e3o elegante e confort\u00e1vel para as mulheres. Com um design moderno, essa sapatilha apresenta um cabedal confeccionado em material de tecido, que proporciona flexibilidade e ajuste perfeito aos p\u00e9s.<\/p>\n<\/div>\n<\/div>\n","protected":false},"excerpt":{"rendered":"<p>A Sapatilha Moleca, \u00e9 uma op\u00e7\u00e3o elegante e confort\u00e1vel para as mulheres. Com um design moderno, essa sapatilha apresenta um cabedal confeccionado em material de tecido, que proporciona flexibilidade e ajuste perfeito aos p\u00e9s.<\/p>\n","protected":false},"featured_media":17387,"comment_status":"open","ping_status":"closed","template":"","meta":{"_kadence_starter_templates_imported_post":false},"product_brand":[],"product_cat":[46,293,669,845],"product_tag":[311,395,438,846],"class_list":{"0":"post-17381","1":"product","2":"type-product","3":"status-publish","4":"has-post-thumbnail","6":"product_cat-calcados","7":"product_cat-feminino","8":"product_cat-moleca","9":"product_cat-sapatilha","10":"product_tag-calcados","11":"product_tag-feminino","12":"product_tag-moleca","13":"product_tag-sapatilha","15":"first","16":"instock","17":"sale","18":"shipping-taxable","19":"purchasable","20":"product-type-simple"},"_links":{"self":[{"href":"https:\/\/sfashionaccessories.com\/index.php?rest_route=\/wp\/v2\/product\/17381","targetHints":{"allow":["GET"]}}],"collection":[{"href":"https:\/\/sfashionaccessories.com\/index.php?rest_route=\/wp\/v2\/product"}],"about":[{"href":"https:\/\/sfashionaccessories.com\/index.php?rest_route=\/wp\/v2\/types\/product"}],"replies":[{"embeddable":true,"href":"https:\/\/sfashionaccessories.com\/index.php?rest_route=%2Fwp%2Fv2%2Fcomments&post=17381"}],"wp:featuredmedia":[{"embeddable":true,"href":"https:\/\/sfashionaccessories.com\/index.php?rest_route=\/wp\/v2\/media\/17387"}],"wp:attachment":[{"href":"https:\/\/sfashionaccessories.com\/index.php?rest_route=%2Fwp%2Fv2%2Fmedia&parent=17381"}],"wp:term":[{"taxonomy":"product_brand","embeddable":true,"href":"https:\/\/sfashionaccessories.com\/index.php?rest_route=%2Fwp%2Fv2%2Fproduct_brand&post=17381"},{"taxonomy":"product_cat","embeddable":true,"href":"https:\/\/sfashionaccessories.com\/index.php?rest_route=%2Fwp%2Fv2%2Fproduct_cat&post=17381"},{"taxonomy":"product_tag","embeddable":true,"href":"https:\/\/sfashionaccessories.com\/index.php?rest_route=%2Fwp%2Fv2%2Fproduct_tag&post=17381"}],"curies":[{"name":"wp","href":"https:\/\/api.w.org\/{rel}","templated":true}]}}