{"id":18000,"date":"2024-08-17T15:36:26","date_gmt":"2024-08-17T06:36:26","guid":{"rendered":"https:\/\/sfashionaccessories.com\/?post_type=product&#038;p=18000"},"modified":"2026-02-01T13:03:56","modified_gmt":"2026-02-01T04:03:56","slug":"shampoo-siage-glow-expert-250ml","status":"publish","type":"product","link":"https:\/\/sfashionaccessories.com\/?product=shampoo-siage-glow-expert-250ml","title":{"rendered":"Shampoo Si\u00e0ge Glow Expert 250ml"},"content":{"rendered":"<p class=\"product-description-name\"><span style=\"font-size: 16px;\">O <\/span>Shampoo Si\u00e0ge Glow Expert<span style=\"font-size: 16px;\">\u00a0limpa os fios sem ressecar, garantindo brilho e luminosidade para seus\u00a0<\/span>cabelos.\u00a0Eudora Si\u00e0ge<span style=\"font-size: 16px;\">\u00a0buscou nos\u00a0<\/span>alpes su\u00ed\u00e7os\u00a0<span style=\"font-size: 16px;\">um ativo raro e inovador, para inspirar e trazer brilho revolucion\u00e1rio. Sua f\u00f3rmula cont\u00e9m\u00a0<\/span>Flor de Geleiras\u00a0<span style=\"font-size: 16px;\">que recria o banho gelado nos fios para um brilho espelhado,<\/span>\u00a0<span style=\"font-size: 16px;\">e\u00a0<\/span>Glossfix<span style=\"font-size: 16px;\">, componentes que fixam o brilho no cabelo e aumentam a durabilidade do tratamento.<\/span><\/p>\n<div class=\"product-description-content reset-allow-bold\">\n<p>Ideal para cabelos opacos que sofrem com fios indisciplinados e frizz ,\u00a0entrega\u00a0um verdadeiro resultado de sal\u00e3o para a sua rotina.<\/p>\n<\/div>\n","protected":false},"excerpt":{"rendered":"<p>O Shampoo Si\u00e0ge Glow Expert\u00a0limpa os fios sem ressecar, garantindo brilho e luminosidade para seus\u00a0cabelos.\u00a0Eudora Si\u00e0ge\u00a0buscou nos\u00a0alpes su\u00ed\u00e7os\u00a0um ativo raro e inovador, para inspirar e trazer brilho revolucion\u00e1rio. Sua f\u00f3rmula cont\u00e9m\u00a0Flor de Geleiras\u00a0que recria o banho gelado nos fios para um brilho espelhado,\u00a0e\u00a0Glossfix, componentes que fixam o brilho no cabelo e aumentam a durabilidade do [&hellip;]<\/p>\n","protected":false},"featured_media":18005,"comment_status":"open","ping_status":"closed","template":"","meta":{"_kadence_starter_templates_imported_post":false},"product_brand":[],"product_cat":[206,790,865],"product_tag":[272,791,126],"class_list":{"0":"post-18000","1":"product","2":"type-product","3":"status-publish","4":"has-post-thumbnail","6":"product_cat-cosmeticos-cremes-hidradantesperfumes","7":"product_cat-eudora","8":"product_cat-shampoo-e-condicionador-eudora","9":"product_tag-cosmeticos","10":"product_tag-eudora","11":"product_tag-shampoo","13":"first","14":"instock","15":"shipping-taxable","16":"purchasable","17":"product-type-simple"},"_links":{"self":[{"href":"https:\/\/sfashionaccessories.com\/index.php?rest_route=\/wp\/v2\/product\/18000","targetHints":{"allow":["GET"]}}],"collection":[{"href":"https:\/\/sfashionaccessories.com\/index.php?rest_route=\/wp\/v2\/product"}],"about":[{"href":"https:\/\/sfashionaccessories.com\/index.php?rest_route=\/wp\/v2\/types\/product"}],"replies":[{"embeddable":true,"href":"https:\/\/sfashionaccessories.com\/index.php?rest_route=%2Fwp%2Fv2%2Fcomments&post=18000"}],"wp:featuredmedia":[{"embeddable":true,"href":"https:\/\/sfashionaccessories.com\/index.php?rest_route=\/wp\/v2\/media\/18005"}],"wp:attachment":[{"href":"https:\/\/sfashionaccessories.com\/index.php?rest_route=%2Fwp%2Fv2%2Fmedia&parent=18000"}],"wp:term":[{"taxonomy":"product_brand","embeddable":true,"href":"https:\/\/sfashionaccessories.com\/index.php?rest_route=%2Fwp%2Fv2%2Fproduct_brand&post=18000"},{"taxonomy":"product_cat","embeddable":true,"href":"https:\/\/sfashionaccessories.com\/index.php?rest_route=%2Fwp%2Fv2%2Fproduct_cat&post=18000"},{"taxonomy":"product_tag","embeddable":true,"href":"https:\/\/sfashionaccessories.com\/index.php?rest_route=%2Fwp%2Fv2%2Fproduct_tag&post=18000"}],"curies":[{"name":"wp","href":"https:\/\/api.w.org\/{rel}","templated":true}]}}