{"id":18228,"date":"2024-08-27T19:33:40","date_gmt":"2024-08-27T10:33:40","guid":{"rendered":"https:\/\/sfashionaccessories.com\/?post_type=product&#038;p=18228"},"modified":"2024-12-21T21:55:47","modified_gmt":"2024-12-21T12:55:47","slug":"pingente-jesus-com-zirconias-branco-542319-rommanel","status":"publish","type":"product","link":"https:\/\/sfashionaccessories.com\/?product=pingente-jesus-com-zirconias-branco-542319-rommanel","title":{"rendered":"Pingente Jesus com zirc\u00f4nias Branco-542319-Rommanel"},"content":{"rendered":"<p>Pingente escrito jesus, cravejado por 4 zirc\u00f4nias de 1,0 mm e 9 zirc\u00f4nias de 1,50 mm. med 4,5 cm x 2,8 cm<\/p>\n<p>A cole\u00e7\u00e3o f\u00e9 traz os s\u00edmbolos de prote\u00e7\u00e3o e sorte, com joias que representam a espiritualidade.<\/p>\n<p><strong>Qualidade Rommanel:<\/strong><\/p>\n<p>As Semi Joias Rommanel s\u00e3o antial\u00e9rgicas, n\u00e3o causam coceira ou vermelhid\u00e3o na pele. N\u00e3o escure, n\u00e3o perde o brilho.<\/p>\n<p>As pe\u00e7as s\u00e3o totalmente livres de n\u00edquel e chumbo, voc\u00ea pode usar com toda tranquilidade e seguran\u00e7a<\/p>\n","protected":false},"excerpt":{"rendered":"<p>Pingente escrito jesus, cravejado por 4 zirc\u00f4nias de 1,0 mm e 9 zirc\u00f4nias de 1,50 mm. med 4,5 cm x 2,8 cm A cole\u00e7\u00e3o f\u00e9 traz os s\u00edmbolos de prote\u00e7\u00e3o e sorte, com joias que representam a espiritualidade. Qualidade Rommanel: As Semi Joias Rommanel s\u00e3o antial\u00e9rgicas, n\u00e3o causam coceira ou vermelhid\u00e3o na pele. N\u00e3o escure, [&hellip;]<\/p>\n","protected":false},"featured_media":18229,"comment_status":"open","ping_status":"closed","template":"","meta":{"_kadence_starter_templates_imported_post":false},"product_brand":[],"product_cat":[15,200,758,723,209],"product_tag":[724,232],"class_list":{"0":"post-18228","1":"product","2":"type-product","3":"status-publish","4":"has-post-thumbnail","6":"product_cat-padrao","7":"product_cat-acessorios-bijuterias-semi-joias","8":"product_cat-pingente","9":"product_cat-rommanel","10":"product_cat-semi-joias","11":"product_tag-rommanel","12":"product_tag-semi-joias","14":"first","15":"instock","16":"shipping-taxable","17":"purchasable","18":"product-type-simple"},"_links":{"self":[{"href":"https:\/\/sfashionaccessories.com\/index.php?rest_route=\/wp\/v2\/product\/18228","targetHints":{"allow":["GET"]}}],"collection":[{"href":"https:\/\/sfashionaccessories.com\/index.php?rest_route=\/wp\/v2\/product"}],"about":[{"href":"https:\/\/sfashionaccessories.com\/index.php?rest_route=\/wp\/v2\/types\/product"}],"replies":[{"embeddable":true,"href":"https:\/\/sfashionaccessories.com\/index.php?rest_route=%2Fwp%2Fv2%2Fcomments&post=18228"}],"wp:featuredmedia":[{"embeddable":true,"href":"https:\/\/sfashionaccessories.com\/index.php?rest_route=\/wp\/v2\/media\/18229"}],"wp:attachment":[{"href":"https:\/\/sfashionaccessories.com\/index.php?rest_route=%2Fwp%2Fv2%2Fmedia&parent=18228"}],"wp:term":[{"taxonomy":"product_brand","embeddable":true,"href":"https:\/\/sfashionaccessories.com\/index.php?rest_route=%2Fwp%2Fv2%2Fproduct_brand&post=18228"},{"taxonomy":"product_cat","embeddable":true,"href":"https:\/\/sfashionaccessories.com\/index.php?rest_route=%2Fwp%2Fv2%2Fproduct_cat&post=18228"},{"taxonomy":"product_tag","embeddable":true,"href":"https:\/\/sfashionaccessories.com\/index.php?rest_route=%2Fwp%2Fv2%2Fproduct_tag&post=18228"}],"curies":[{"name":"wp","href":"https:\/\/api.w.org\/{rel}","templated":true}]}}