{"id":18523,"date":"2025-08-17T17:47:29","date_gmt":"2025-08-17T08:47:29","guid":{"rendered":"https:\/\/sfashionaccessories.com\/?post_type=product&#038;p=18523"},"modified":"2026-03-18T12:07:08","modified_gmt":"2026-03-18T03:07:08","slug":"natura-homem-sagaz-deo-parfum-100ml","status":"publish","type":"product","link":"https:\/\/sfashionaccessories.com\/?product=natura-homem-sagaz-deo-parfum-100ml","title":{"rendered":"NATURA HOMEM SAGAZ DEO PARFUM 100ml"},"content":{"rendered":"<p>Natura Homem Sagaz,\u00a0 deo parfum\u00a0 \u00e9 ideal para voc\u00ea que sabe o que quer.<\/p>\n<p>Uma combina\u00e7\u00e3o moderna de notas licorosas e madeiras quentes com um toque apimentado, que proporcionam durabilidade e ousadia \u00e0 fragr\u00e2ncia.<\/p>\n<p>Combina com a sua pele, Combina com as suas noites,<\/p>\n<p>Caminho Olfativo ; Topo: Mandarina Verde, S\u00e1lvia, Erva Cidreira<\/p>\n<p>\u2022 Corpo: Pimenta Preta, Noz Moscada, Ameixa Preta.<\/p>\n<p>\u2022 Fundo: Cedro, Acorde Amber, S\u00e2ndalo.<\/p>\n<p>Conte\u00fado: 1 Deo Parfum 100ml<\/p>\n","protected":false},"excerpt":{"rendered":"<p>Natura Homem Sagaz,\u00a0 deo parfum\u00a0 \u00e9 ideal para voc\u00ea que sabe o que quer. Uma combina\u00e7\u00e3o moderna de notas licorosas e madeiras quentes com um toque apimentado, que proporcionam durabilidade e ousadia \u00e0 fragr\u00e2ncia. Combina com a sua pele, Combina com as suas noites, Caminho Olfativo ; Topo: Mandarina Verde, S\u00e1lvia, Erva Cidreira \u2022 Corpo: [&hellip;]<\/p>\n","protected":false},"featured_media":18526,"comment_status":"open","ping_status":"closed","template":"","meta":{"_kadence_starter_templates_imported_post":false},"product_brand":[],"product_cat":[15,206,294,203],"product_tag":[572,234],"class_list":{"0":"post-18523","1":"product","2":"type-product","3":"status-publish","4":"has-post-thumbnail","6":"product_cat-padrao","7":"product_cat-cosmeticos-cremes-hidradantesperfumes","8":"product_cat-masculino","9":"product_cat-natura-creme-oleo-sabonete-perfume","10":"product_tag-masculino","11":"product_tag-natura","13":"first","14":"instock","15":"sale","16":"shipping-taxable","17":"purchasable","18":"product-type-simple"},"_links":{"self":[{"href":"https:\/\/sfashionaccessories.com\/index.php?rest_route=\/wp\/v2\/product\/18523","targetHints":{"allow":["GET"]}}],"collection":[{"href":"https:\/\/sfashionaccessories.com\/index.php?rest_route=\/wp\/v2\/product"}],"about":[{"href":"https:\/\/sfashionaccessories.com\/index.php?rest_route=\/wp\/v2\/types\/product"}],"replies":[{"embeddable":true,"href":"https:\/\/sfashionaccessories.com\/index.php?rest_route=%2Fwp%2Fv2%2Fcomments&post=18523"}],"wp:featuredmedia":[{"embeddable":true,"href":"https:\/\/sfashionaccessories.com\/index.php?rest_route=\/wp\/v2\/media\/18526"}],"wp:attachment":[{"href":"https:\/\/sfashionaccessories.com\/index.php?rest_route=%2Fwp%2Fv2%2Fmedia&parent=18523"}],"wp:term":[{"taxonomy":"product_brand","embeddable":true,"href":"https:\/\/sfashionaccessories.com\/index.php?rest_route=%2Fwp%2Fv2%2Fproduct_brand&post=18523"},{"taxonomy":"product_cat","embeddable":true,"href":"https:\/\/sfashionaccessories.com\/index.php?rest_route=%2Fwp%2Fv2%2Fproduct_cat&post=18523"},{"taxonomy":"product_tag","embeddable":true,"href":"https:\/\/sfashionaccessories.com\/index.php?rest_route=%2Fwp%2Fv2%2Fproduct_tag&post=18523"}],"curies":[{"name":"wp","href":"https:\/\/api.w.org\/{rel}","templated":true}]}}