{"id":18645,"date":"2024-09-18T14:07:00","date_gmt":"2024-09-18T05:07:00","guid":{"rendered":"https:\/\/sfashionaccessories.com\/?post_type=product&#038;p=18645"},"modified":"2025-05-01T13:55:51","modified_gmt":"2025-05-01T04:55:51","slug":"matizador-efeito-prata-magic-color-500ml","status":"publish","type":"product","link":"https:\/\/sfashionaccessories.com\/?product=matizador-efeito-prata-magic-color-500ml","title":{"rendered":"Matizador Efeito Prata Magic Color &#8211; 500ml"},"content":{"rendered":"<div id=\"product-wrapper\" class=\"product-wrapper\">\n<div class=\"product-tabs\">\n<div class=\"tabs-content\">\n<div id=\"descricao\" class=\"tab rte description-ab active\">\n<p><strong>Efeito Prata<\/strong><\/p>\n<p>Matizador Magic Color\u00a0\u00e9 uma m\u00e1scara capilar pigmentada para cabelos loiros descoloridos e quimicamente processados, com sistema desamarelador que neutraliza os tons oxidados adquiridos com o passar do tempo.<\/p>\n<p><strong>Teste de mecha:<\/strong>\u00a0Antes da aplica\u00e7\u00e3o, fa\u00e7a o teste em uma mecha com o produto dilu\u00eddo em creme branco.<\/p>\n<p><strong>Precau\u00e7\u00f5es:<\/strong>\u00a0Uso adulto externo. Evite contato com os olhos. Em caso de irrita\u00e7\u00e3o, suspenda o uso. Evite calor excessivo e mantenha fora do alcance de crian\u00e7as e animais dom\u00e9sticos.<\/p>\n<p><strong>Como usar:<\/strong>\u00a0Ap\u00f3s lavar os cabelos com o shampoo de sua prefer\u00eancia,\u00a0aplique o produto onde tiver as mechas\/descolora\u00e7\u00e3o,\u00a0sem massagear. Deixe agir entre 3 e 15 minutos, em seguida, enx\u00e1gue abundantemente.<\/p>\n<p><strong>Resultado:<\/strong>\u00a0Cabelo reestruturado, fortalecido, com maior resist\u00eancia e nutrido, com efeito gradual e progressivo.<\/p>\n<p><strong>Observa\u00e7\u00e3o:<\/strong>\u00a0N\u00e3o h\u00e1 restri\u00e7\u00e3o para gr\u00e1vidas e lactantes.<\/p>\n<p><strong>ATEN\u00c7\u00c3O:\u00a0<\/strong>Seu cabelo livre de tons amarelados e com a cor duradoura por mais tempo.<\/p>\n<\/div>\n<\/div>\n<\/div>\n<\/div>\n<div class=\"section-product-related\">\n<div class=\"container\">\n<div class=\"section-header\"><\/div>\n<\/div>\n<\/div>\n","protected":false},"excerpt":{"rendered":"<p>Efeito Prata Matizador Magic Color\u00a0\u00e9 uma m\u00e1scara capilar pigmentada para cabelos loiros descoloridos e quimicamente processados, com sistema desamarelador que neutraliza os tons oxidados adquiridos com o passar do tempo. Teste de mecha:\u00a0Antes da aplica\u00e7\u00e3o, fa\u00e7a o teste em uma mecha com o produto dilu\u00eddo em creme branco. Precau\u00e7\u00f5es:\u00a0Uso adulto externo. Evite contato com os [&hellip;]<\/p>\n","protected":false},"featured_media":18650,"comment_status":"open","ping_status":"closed","template":"","meta":{"_kadence_starter_templates_imported_post":false},"product_brand":[],"product_cat":[204,206,524,689],"product_tag":[443],"class_list":{"0":"post-18645","1":"product","2":"type-product","3":"status-publish","4":"has-post-thumbnail","6":"product_cat-matizador-sampoo-condicionador-hidratante","7":"product_cat-cosmeticos-cremes-hidradantesperfumes","8":"product_cat-magic-color","9":"product_cat-matizadores","10":"product_tag-matizador","12":"first","13":"outofstock","14":"shipping-taxable","15":"purchasable","16":"product-type-simple"},"_links":{"self":[{"href":"https:\/\/sfashionaccessories.com\/index.php?rest_route=\/wp\/v2\/product\/18645","targetHints":{"allow":["GET"]}}],"collection":[{"href":"https:\/\/sfashionaccessories.com\/index.php?rest_route=\/wp\/v2\/product"}],"about":[{"href":"https:\/\/sfashionaccessories.com\/index.php?rest_route=\/wp\/v2\/types\/product"}],"replies":[{"embeddable":true,"href":"https:\/\/sfashionaccessories.com\/index.php?rest_route=%2Fwp%2Fv2%2Fcomments&post=18645"}],"wp:featuredmedia":[{"embeddable":true,"href":"https:\/\/sfashionaccessories.com\/index.php?rest_route=\/wp\/v2\/media\/18650"}],"wp:attachment":[{"href":"https:\/\/sfashionaccessories.com\/index.php?rest_route=%2Fwp%2Fv2%2Fmedia&parent=18645"}],"wp:term":[{"taxonomy":"product_brand","embeddable":true,"href":"https:\/\/sfashionaccessories.com\/index.php?rest_route=%2Fwp%2Fv2%2Fproduct_brand&post=18645"},{"taxonomy":"product_cat","embeddable":true,"href":"https:\/\/sfashionaccessories.com\/index.php?rest_route=%2Fwp%2Fv2%2Fproduct_cat&post=18645"},{"taxonomy":"product_tag","embeddable":true,"href":"https:\/\/sfashionaccessories.com\/index.php?rest_route=%2Fwp%2Fv2%2Fproduct_tag&post=18645"}],"curies":[{"name":"wp","href":"https:\/\/api.w.org\/{rel}","templated":true}]}}