{"id":18974,"date":"2025-09-05T13:52:37","date_gmt":"2025-09-05T04:52:37","guid":{"rendered":"https:\/\/sfashionaccessories.com\/?post_type=product&#038;p=18974"},"modified":"2025-09-05T14:57:32","modified_gmt":"2025-09-05T05:57:32","slug":"scarpin-vizzano-1184-1101-7286-vermelho","status":"publish","type":"product","link":"https:\/\/sfashionaccessories.com\/?product=scarpin-vizzano-1184-1101-7286-vermelho","title":{"rendered":"SCARPIN VIZZANO 1184.1101.7286 VERMELHO"},"content":{"rendered":"<p>O Scarpin Vizzano \u00e9 confeccionado em material sint\u00e9tico de alta qualidade, possui cores lindas para montar looks incr\u00edveis, um cl\u00e1ssico moderno que combina com todos os estilos de looks.<\/p>\n<p>Tipo de Salto: Fino<br \/>\nAltura do Salto: Alto<br \/>\nBico: Fino<br \/>\nMedidas aproximadas do Salto: 9 cm<br \/>\nMaterial Interno: Sint\u00e9tico<br \/>\nMaterial da Sola: Borracha<\/p>\n","protected":false},"excerpt":{"rendered":"<p>O Scarpin Vizzano \u00e9 confeccionado em material sint\u00e9tico de alta qualidade, possui cores lindas para montar looks incr\u00edveis, um cl\u00e1ssico moderno que combina com todos os estilos de looks. Tipo de Salto: Fino Altura do Salto: Alto Bico: Fino Medidas aproximadas do Salto: 9 cm Material Interno: Sint\u00e9tico Material da Sola: Borracha<\/p>\n","protected":false},"featured_media":18978,"comment_status":"open","ping_status":"closed","template":"","meta":{"_kadence_starter_templates_imported_post":false},"product_brand":[],"product_cat":[46,293,889,536],"product_tag":[311,188,890,434],"class_list":{"0":"post-18974","1":"product","2":"type-product","3":"status-publish","4":"has-post-thumbnail","6":"product_cat-calcados","7":"product_cat-feminino","8":"product_cat-scarpin","9":"product_cat-vizzano","10":"product_tag-calcados","11":"product_tag-moda-feminina","12":"product_tag-scarpin","13":"product_tag-vizzano","15":"first","16":"instock","17":"sale","18":"shipping-taxable","19":"purchasable","20":"product-type-variable"},"_links":{"self":[{"href":"https:\/\/sfashionaccessories.com\/index.php?rest_route=\/wp\/v2\/product\/18974","targetHints":{"allow":["GET"]}}],"collection":[{"href":"https:\/\/sfashionaccessories.com\/index.php?rest_route=\/wp\/v2\/product"}],"about":[{"href":"https:\/\/sfashionaccessories.com\/index.php?rest_route=\/wp\/v2\/types\/product"}],"replies":[{"embeddable":true,"href":"https:\/\/sfashionaccessories.com\/index.php?rest_route=%2Fwp%2Fv2%2Fcomments&post=18974"}],"wp:featuredmedia":[{"embeddable":true,"href":"https:\/\/sfashionaccessories.com\/index.php?rest_route=\/wp\/v2\/media\/18978"}],"wp:attachment":[{"href":"https:\/\/sfashionaccessories.com\/index.php?rest_route=%2Fwp%2Fv2%2Fmedia&parent=18974"}],"wp:term":[{"taxonomy":"product_brand","embeddable":true,"href":"https:\/\/sfashionaccessories.com\/index.php?rest_route=%2Fwp%2Fv2%2Fproduct_brand&post=18974"},{"taxonomy":"product_cat","embeddable":true,"href":"https:\/\/sfashionaccessories.com\/index.php?rest_route=%2Fwp%2Fv2%2Fproduct_cat&post=18974"},{"taxonomy":"product_tag","embeddable":true,"href":"https:\/\/sfashionaccessories.com\/index.php?rest_route=%2Fwp%2Fv2%2Fproduct_tag&post=18974"}],"curies":[{"name":"wp","href":"https:\/\/api.w.org\/{rel}","templated":true}]}}