{"id":19119,"date":"2026-02-27T14:42:07","date_gmt":"2026-02-27T05:42:07","guid":{"rendered":"https:\/\/sfashionaccessories.com\/?post_type=product&#038;p=19119"},"modified":"2026-02-27T18:39:35","modified_gmt":"2026-02-27T09:39:35","slug":"19119","status":"publish","type":"product","link":"https:\/\/sfashionaccessories.com\/?product=19119","title":{"rendered":"Blusa Goiaba com Manga Ampla Rovitex"},"content":{"rendered":"<p>Detalhes do Produto<\/p>\n<p>Blusa em tecido plano de viscose com poli\u00e9ster.<\/p>\n<p>Modelo com decote V e tira nas costas com aviamento dourado, possui mangas amplas e recorte central nas costas.<\/p>\n<p>Modelagem:\u00a0Solto<br \/>\nComprimento da manga:\u00a0Curta<br \/>\nModelo da manga:\u00a0Ampla<br \/>\nDecote costas:\u00a0Aprofundado com tira<br \/>\nComplemento:\u00a0Recorte vazado<br \/>\nObserva\u00e7\u00e3o:\u00a0Costas com aviamento<br \/>\nComposi\u00e7\u00e3o: 52% viscose 48% poli\u00e9ster<\/p>\n","protected":false},"excerpt":{"rendered":"<p>Detalhes do Produto Blusa em tecido plano de viscose com poli\u00e9ster. Modelo com decote V e tira nas costas com aviamento dourado, possui mangas amplas e recorte central nas costas. Modelagem:\u00a0Solto Comprimento da manga:\u00a0Curta Modelo da manga:\u00a0Ampla Decote costas:\u00a0Aprofundado com tira Complemento:\u00a0Recorte vazado Observa\u00e7\u00e3o:\u00a0Costas com aviamento Composi\u00e7\u00e3o: 52% viscose 48% poli\u00e9ster<\/p>\n","protected":false},"featured_media":19120,"comment_status":"open","ping_status":"closed","template":"","meta":{"_kadence_starter_templates_imported_post":false},"product_brand":[],"product_cat":[465,172,43,293],"product_tag":[189,188,910],"class_list":{"0":"post-19119","1":"product","2":"type-product","3":"status-publish","4":"has-post-thumbnail","6":"product_cat-anuncios","7":"product_cat-blusas-tops-e-camisetas","8":"product_cat-blusas-camisetas-femininas","9":"product_cat-feminino","10":"product_tag-blusas","11":"product_tag-moda-feminina","12":"product_tag-rovitex","14":"first","15":"instock","16":"sale","17":"shipping-taxable","18":"purchasable","19":"product-type-variable"},"_links":{"self":[{"href":"https:\/\/sfashionaccessories.com\/index.php?rest_route=\/wp\/v2\/product\/19119","targetHints":{"allow":["GET"]}}],"collection":[{"href":"https:\/\/sfashionaccessories.com\/index.php?rest_route=\/wp\/v2\/product"}],"about":[{"href":"https:\/\/sfashionaccessories.com\/index.php?rest_route=\/wp\/v2\/types\/product"}],"replies":[{"embeddable":true,"href":"https:\/\/sfashionaccessories.com\/index.php?rest_route=%2Fwp%2Fv2%2Fcomments&post=19119"}],"wp:featuredmedia":[{"embeddable":true,"href":"https:\/\/sfashionaccessories.com\/index.php?rest_route=\/wp\/v2\/media\/19120"}],"wp:attachment":[{"href":"https:\/\/sfashionaccessories.com\/index.php?rest_route=%2Fwp%2Fv2%2Fmedia&parent=19119"}],"wp:term":[{"taxonomy":"product_brand","embeddable":true,"href":"https:\/\/sfashionaccessories.com\/index.php?rest_route=%2Fwp%2Fv2%2Fproduct_brand&post=19119"},{"taxonomy":"product_cat","embeddable":true,"href":"https:\/\/sfashionaccessories.com\/index.php?rest_route=%2Fwp%2Fv2%2Fproduct_cat&post=19119"},{"taxonomy":"product_tag","embeddable":true,"href":"https:\/\/sfashionaccessories.com\/index.php?rest_route=%2Fwp%2Fv2%2Fproduct_tag&post=19119"}],"curies":[{"name":"wp","href":"https:\/\/api.w.org\/{rel}","templated":true}]}}