{"id":19335,"date":"2024-10-22T22:37:54","date_gmt":"2024-10-22T13:37:54","guid":{"rendered":"https:\/\/sfashionaccessories.com\/?post_type=product&#038;p=19335"},"modified":"2025-10-17T19:29:57","modified_gmt":"2025-10-17T10:29:57","slug":"jaqueta-linho-sawary-277300","status":"publish","type":"product","link":"https:\/\/sfashionaccessories.com\/?product=jaqueta-linho-sawary-277300","title":{"rendered":"Jaqueta Linho Sawary &#8211; 277300"},"content":{"rendered":"<div class=\"vtex-rich-text-0-x-container vtex-rich-text-0-x-container--pdp-accordion-title flex tl items-start justify-start t-body c-on-base\">\n<div class=\"vtex-rich-text-0-x-wrapper vtex-rich-text-0-x-wrapper--pdp-accordion-title\">\n<p class=\"lh-copy vtex-rich-text-0-x-paragraph vtex-rich-text-0-x-paragraph--pdp-accordion-title\">Detalhes<\/p>\n<\/div>\n<\/div>\n<div class=\"vtex-rich-text-0-x-container vtex-rich-text-0-x-container--accordion-minus flex tl items-start justify-start t-body c-on-base\">\n<div class=\"vtex-rich-text-0-x-wrapper vtex-rich-text-0-x-wrapper--accordion-minus\">Jaqueta confeccionada em sarja.<\/div>\n<div class=\"vtex-rich-text-0-x-wrapper vtex-rich-text-0-x-wrapper--accordion-minus\">O modelo tem recortes frontais.<\/div>\n<div class=\"vtex-rich-text-0-x-wrapper vtex-rich-text-0-x-wrapper--accordion-minus\">Comprimento m\u00e9dio Fechamento com bot\u00e3o met\u00e1lico Possui um cord\u00e3o frontal Bolsos frontais funcionais Barra simples<\/div>\n<div class=\"vtex-rich-text-0-x-wrapper vtex-rich-text-0-x-wrapper--accordion-minus\">Modelagem: Jaqueta Tecido: Sarja Tipo de lavagem: Color Cor: Bege<\/div>\n<\/div>\n","protected":false},"excerpt":{"rendered":"<p>Detalhes Jaqueta confeccionada em sarja. O modelo tem recortes frontais. Comprimento m\u00e9dio Fechamento com bot\u00e3o met\u00e1lico Possui um cord\u00e3o frontal Bolsos frontais funcionais Barra simples Modelagem: Jaqueta Tecido: Sarja Tipo de lavagem: Color Cor: Bege<\/p>\n","protected":false},"featured_media":19336,"comment_status":"open","ping_status":"closed","template":"","meta":{"_kadence_starter_templates_imported_post":false},"product_brand":[],"product_cat":[172,293,212,503,259],"product_tag":[428,256],"class_list":{"0":"post-19335","1":"product","2":"type-product","3":"status-publish","4":"has-post-thumbnail","6":"product_cat-blusas-tops-e-camisetas","7":"product_cat-feminino","8":"product_cat-jaquetas-casacos-blusas","9":"product_cat-medidas-padrao-feminina-roupas-em-geral","10":"product_cat-sawary","11":"product_tag-jaqueta","12":"product_tag-sawary","14":"first","15":"instock","16":"sale","17":"shipping-taxable","18":"purchasable","19":"product-type-variable"},"_links":{"self":[{"href":"https:\/\/sfashionaccessories.com\/index.php?rest_route=\/wp\/v2\/product\/19335","targetHints":{"allow":["GET"]}}],"collection":[{"href":"https:\/\/sfashionaccessories.com\/index.php?rest_route=\/wp\/v2\/product"}],"about":[{"href":"https:\/\/sfashionaccessories.com\/index.php?rest_route=\/wp\/v2\/types\/product"}],"replies":[{"embeddable":true,"href":"https:\/\/sfashionaccessories.com\/index.php?rest_route=%2Fwp%2Fv2%2Fcomments&post=19335"}],"wp:featuredmedia":[{"embeddable":true,"href":"https:\/\/sfashionaccessories.com\/index.php?rest_route=\/wp\/v2\/media\/19336"}],"wp:attachment":[{"href":"https:\/\/sfashionaccessories.com\/index.php?rest_route=%2Fwp%2Fv2%2Fmedia&parent=19335"}],"wp:term":[{"taxonomy":"product_brand","embeddable":true,"href":"https:\/\/sfashionaccessories.com\/index.php?rest_route=%2Fwp%2Fv2%2Fproduct_brand&post=19335"},{"taxonomy":"product_cat","embeddable":true,"href":"https:\/\/sfashionaccessories.com\/index.php?rest_route=%2Fwp%2Fv2%2Fproduct_cat&post=19335"},{"taxonomy":"product_tag","embeddable":true,"href":"https:\/\/sfashionaccessories.com\/index.php?rest_route=%2Fwp%2Fv2%2Fproduct_tag&post=19335"}],"curies":[{"name":"wp","href":"https:\/\/api.w.org\/{rel}","templated":true}]}}