{"id":19557,"date":"2025-10-13T19:03:33","date_gmt":"2025-10-13T10:03:33","guid":{"rendered":"https:\/\/sfashionaccessories.com\/?post_type=product&#038;p=19557"},"modified":"2026-04-24T20:19:16","modified_gmt":"2026-04-24T11:19:16","slug":"desodorante-spray-natura-kaiak-pulso-masculino-100ml","status":"publish","type":"product","link":"https:\/\/sfashionaccessories.com\/?product=desodorante-spray-natura-kaiak-pulso-masculino-100ml","title":{"rendered":"Desodorante Spray Natura Kaiak Pulso Masculino 100ml"},"content":{"rendered":"<p>Sensa\u00e7\u00e3o de frescor e bem-estar para o corpo todo com fragr\u00e2ncia inspirada nos maiores sucessos da Perfumaria Natura<\/p>\n<p>N\u00e3o h\u00e1 nada melhor que a sensa\u00e7\u00e3o de bem-estar e frescor que voc\u00ea sente quando se cuida<\/p>\n<p>O Deo Corporal Kaiak Pulso foi desenvolvido para manter voc\u00ea protegido e perfumado ao longo do dia, com fragr\u00e2ncia inspirada nos maiores sucessos da perfumaria Natura<\/p>\n<p>Sua f\u00f3rmula combina tecnologia desodorante que protege contra os odores da transpira\u00e7\u00e3o com uma perfuma\u00e7\u00e3o leve, perfeita para o seu dia a dia.<\/p>\n<p>Sensa\u00e7\u00e3o de frescor e bem-estar para o corpo todo<\/p>\n<p>Benef\u00edcios:<\/p>\n<p>* Embalagem leve e pr\u00e1tica, com trava na tampa, para levar na bolsa e usar quando quiser, onde quiser<\/p>\n<p>Conte\u00fado: 100ml<\/p>\n","protected":false},"excerpt":{"rendered":"<p>Sensa\u00e7\u00e3o de frescor e bem-estar para o corpo todo com fragr\u00e2ncia inspirada nos maiores sucessos da Perfumaria Natura N\u00e3o h\u00e1 nada melhor que a sensa\u00e7\u00e3o de bem-estar e frescor que voc\u00ea sente quando se cuida O Deo Corporal Kaiak Pulso foi desenvolvido para manter voc\u00ea protegido e perfumado ao longo do dia, com fragr\u00e2ncia inspirada [&hellip;]<\/p>\n","protected":false},"featured_media":19558,"comment_status":"open","ping_status":"closed","template":"","meta":{"_kadence_starter_templates_imported_post":false},"product_brand":[],"product_cat":[713,206,277,213,294,203],"product_tag":[239,572,234],"class_list":{"0":"post-19557","1":"product","2":"type-product","3":"status-publish","4":"has-post-thumbnail","6":"product_cat-colonia","7":"product_cat-cosmeticos-cremes-hidradantesperfumes","8":"product_cat-desodorante-masculino","9":"product_cat-desodorantes-anti-transpirantes","10":"product_cat-masculino","11":"product_cat-natura-creme-oleo-sabonete-perfume","12":"product_tag-desodorante","13":"product_tag-masculino","14":"product_tag-natura","16":"first","17":"instock","18":"sale","19":"shipping-taxable","20":"purchasable","21":"product-type-simple"},"_links":{"self":[{"href":"https:\/\/sfashionaccessories.com\/index.php?rest_route=\/wp\/v2\/product\/19557","targetHints":{"allow":["GET"]}}],"collection":[{"href":"https:\/\/sfashionaccessories.com\/index.php?rest_route=\/wp\/v2\/product"}],"about":[{"href":"https:\/\/sfashionaccessories.com\/index.php?rest_route=\/wp\/v2\/types\/product"}],"replies":[{"embeddable":true,"href":"https:\/\/sfashionaccessories.com\/index.php?rest_route=%2Fwp%2Fv2%2Fcomments&post=19557"}],"wp:featuredmedia":[{"embeddable":true,"href":"https:\/\/sfashionaccessories.com\/index.php?rest_route=\/wp\/v2\/media\/19558"}],"wp:attachment":[{"href":"https:\/\/sfashionaccessories.com\/index.php?rest_route=%2Fwp%2Fv2%2Fmedia&parent=19557"}],"wp:term":[{"taxonomy":"product_brand","embeddable":true,"href":"https:\/\/sfashionaccessories.com\/index.php?rest_route=%2Fwp%2Fv2%2Fproduct_brand&post=19557"},{"taxonomy":"product_cat","embeddable":true,"href":"https:\/\/sfashionaccessories.com\/index.php?rest_route=%2Fwp%2Fv2%2Fproduct_cat&post=19557"},{"taxonomy":"product_tag","embeddable":true,"href":"https:\/\/sfashionaccessories.com\/index.php?rest_route=%2Fwp%2Fv2%2Fproduct_tag&post=19557"}],"curies":[{"name":"wp","href":"https:\/\/api.w.org\/{rel}","templated":true}]}}