{"id":19765,"date":"2024-11-15T23:12:55","date_gmt":"2024-11-15T14:12:55","guid":{"rendered":"https:\/\/sfashionaccessories.com\/?post_type=product&#038;p=19765"},"modified":"2025-07-10T12:42:56","modified_gmt":"2025-07-10T03:42:56","slug":"vestido-feminino-em-ponto-roma-endless-off-white","status":"publish","type":"product","link":"https:\/\/sfashionaccessories.com\/?product=vestido-feminino-em-ponto-roma-endless-off-white","title":{"rendered":"Vestido Feminino Em Ponto Roma Endless Off White"},"content":{"rendered":"<div class=\"vtex-flex-layout-0-x-flexRow vtex-flex-layout-0-x-flexRow--container__description-pdp\">\n<div class=\"flex mt0 mb0 pt0 pb0 justify-start vtex-flex-layout-0-x-flexRowContent vtex-flex-layout-0-x-flexRowContent--container__description-pdp items-stretch w-100\">\n<div class=\"pr0 flex\">\n<div class=\"vtex-store-components-3-x-productDescriptionContainer\">\n<div class=\"vtex-store-components-3-x-productDescriptionText c-muted-1\">O Vestido Feminino Em Ponto Roma Endless \u00e9 uma obra-prima em termos de eleg\u00e2ncia e conforto. Confeccionado em ponto roma, oferece uma textura suave e caimento impec\u00e1vel. O destaque fica por conta do aviamento embutido, adicionando um toque diferenciado \u00e0 pe\u00e7a. Seja para eventos formais ou ocasi\u00f5es casuais, este vestido \u00e9 a escolha perfeita para a mulher contempor\u00e2nea que busca um visual sofisticado e cheio de personalidade.<\/div>\n<\/div>\n<\/div>\n<\/div>\n<\/div>\n<div>\n<div class=\"rovitex-apps-0-x-containerComposition\">\n<div class=\"rovitex-apps-0-x-textComposition\">\n<p>&nbsp;<\/p>\n<\/div>\n<\/div>\n<\/div>\n","protected":false},"excerpt":{"rendered":"<p>O Vestido Feminino Em Ponto Roma Endless \u00e9 uma obra-prima em termos de eleg\u00e2ncia e conforto. Confeccionado em ponto roma, oferece uma textura suave e caimento impec\u00e1vel. O destaque fica por conta do aviamento embutido, adicionando um toque diferenciado \u00e0 pe\u00e7a. Seja para eventos formais ou ocasi\u00f5es casuais, este vestido \u00e9 a escolha perfeita para [&hellip;]<\/p>\n","protected":false},"featured_media":19766,"comment_status":"open","ping_status":"closed","template":"","meta":{"_kadence_starter_templates_imported_post":false},"product_brand":[],"product_cat":[293,196],"product_tag":[936,395,188,197],"class_list":{"0":"post-19765","1":"product","2":"type-product","3":"status-publish","4":"has-post-thumbnail","6":"product_cat-feminino","7":"product_cat-vestidos","8":"product_tag-fashion","9":"product_tag-feminino","10":"product_tag-moda-feminina","11":"product_tag-vestido","13":"first","14":"instock","15":"sale","16":"shipping-taxable","17":"purchasable","18":"product-type-variable"},"_links":{"self":[{"href":"https:\/\/sfashionaccessories.com\/index.php?rest_route=\/wp\/v2\/product\/19765","targetHints":{"allow":["GET"]}}],"collection":[{"href":"https:\/\/sfashionaccessories.com\/index.php?rest_route=\/wp\/v2\/product"}],"about":[{"href":"https:\/\/sfashionaccessories.com\/index.php?rest_route=\/wp\/v2\/types\/product"}],"replies":[{"embeddable":true,"href":"https:\/\/sfashionaccessories.com\/index.php?rest_route=%2Fwp%2Fv2%2Fcomments&post=19765"}],"wp:featuredmedia":[{"embeddable":true,"href":"https:\/\/sfashionaccessories.com\/index.php?rest_route=\/wp\/v2\/media\/19766"}],"wp:attachment":[{"href":"https:\/\/sfashionaccessories.com\/index.php?rest_route=%2Fwp%2Fv2%2Fmedia&parent=19765"}],"wp:term":[{"taxonomy":"product_brand","embeddable":true,"href":"https:\/\/sfashionaccessories.com\/index.php?rest_route=%2Fwp%2Fv2%2Fproduct_brand&post=19765"},{"taxonomy":"product_cat","embeddable":true,"href":"https:\/\/sfashionaccessories.com\/index.php?rest_route=%2Fwp%2Fv2%2Fproduct_cat&post=19765"},{"taxonomy":"product_tag","embeddable":true,"href":"https:\/\/sfashionaccessories.com\/index.php?rest_route=%2Fwp%2Fv2%2Fproduct_tag&post=19765"}],"curies":[{"name":"wp","href":"https:\/\/api.w.org\/{rel}","templated":true}]}}