{"id":19842,"date":"2024-11-19T10:59:29","date_gmt":"2024-11-19T01:59:29","guid":{"rendered":"https:\/\/sfashionaccessories.com\/?post_type=product&#038;p=19842"},"modified":"2025-01-11T17:48:26","modified_gmt":"2025-01-11T08:48:26","slug":"presente-natura-essencial-exclusivo-feminino","status":"publish","type":"product","link":"https:\/\/sfashionaccessories.com\/?product=presente-natura-essencial-exclusivo-feminino","title":{"rendered":"Presente Natura Essencial Exclusivo Feminino"},"content":{"rendered":"<p>Presente com fragr\u00e2ncia sofisticada e elegante. o Presente Natura Essencial Exclusivo Feminino vem com 3 produtos de fragr\u00e2ncia floral intensa. um trio que promove limpeza com part\u00edculas iluminadoras, hidrata\u00e7\u00e3o por at\u00e9 48 horas e perfuma\u00e7\u00e3o duradoura. cont\u00e9m deo parfum feminino 100 ml desodorante hidratante corporal perfumado 100 ml sabonete l\u00edquido perfumado corporal com part\u00edculas iluminadoras 100 ml<\/p>\n","protected":false},"excerpt":{"rendered":"<p>Presente com fragr\u00e2ncia sofisticada e elegante. o Presente Natura Essencial Exclusivo Feminino vem com 3 produtos de fragr\u00e2ncia floral intensa. um trio que promove limpeza com part\u00edculas iluminadoras, hidrata\u00e7\u00e3o por at\u00e9 48 horas e perfuma\u00e7\u00e3o duradoura. cont\u00e9m deo parfum feminino 100 ml desodorante hidratante corporal perfumado 100 ml sabonete l\u00edquido perfumado corporal com part\u00edculas iluminadoras [&hellip;]<\/p>\n","protected":false},"featured_media":19845,"comment_status":"open","ping_status":"closed","template":"","meta":{"_kadence_starter_templates_imported_post":false},"product_brand":[],"product_cat":[206,580,293,214,288,203,231],"product_tag":[272,234,233],"class_list":{"0":"post-19842","1":"product","2":"type-product","3":"status-publish","4":"has-post-thumbnail","6":"product_cat-cosmeticos-cremes-hidradantesperfumes","7":"product_cat-destaques","8":"product_cat-feminino","9":"product_cat-hidratantes-cremes-corporal","10":"product_cat-kit-natura","11":"product_cat-natura-creme-oleo-sabonete-perfume","12":"product_cat-perfumes-natura","13":"product_tag-cosmeticos","14":"product_tag-natura","15":"product_tag-perfume","17":"first","18":"outofstock","19":"sale","20":"shipping-taxable","21":"purchasable","22":"product-type-simple"},"_links":{"self":[{"href":"https:\/\/sfashionaccessories.com\/index.php?rest_route=\/wp\/v2\/product\/19842","targetHints":{"allow":["GET"]}}],"collection":[{"href":"https:\/\/sfashionaccessories.com\/index.php?rest_route=\/wp\/v2\/product"}],"about":[{"href":"https:\/\/sfashionaccessories.com\/index.php?rest_route=\/wp\/v2\/types\/product"}],"replies":[{"embeddable":true,"href":"https:\/\/sfashionaccessories.com\/index.php?rest_route=%2Fwp%2Fv2%2Fcomments&post=19842"}],"wp:featuredmedia":[{"embeddable":true,"href":"https:\/\/sfashionaccessories.com\/index.php?rest_route=\/wp\/v2\/media\/19845"}],"wp:attachment":[{"href":"https:\/\/sfashionaccessories.com\/index.php?rest_route=%2Fwp%2Fv2%2Fmedia&parent=19842"}],"wp:term":[{"taxonomy":"product_brand","embeddable":true,"href":"https:\/\/sfashionaccessories.com\/index.php?rest_route=%2Fwp%2Fv2%2Fproduct_brand&post=19842"},{"taxonomy":"product_cat","embeddable":true,"href":"https:\/\/sfashionaccessories.com\/index.php?rest_route=%2Fwp%2Fv2%2Fproduct_cat&post=19842"},{"taxonomy":"product_tag","embeddable":true,"href":"https:\/\/sfashionaccessories.com\/index.php?rest_route=%2Fwp%2Fv2%2Fproduct_tag&post=19842"}],"curies":[{"name":"wp","href":"https:\/\/api.w.org\/{rel}","templated":true}]}}