{"id":20629,"date":"2025-01-05T16:16:19","date_gmt":"2025-01-05T07:16:19","guid":{"rendered":"https:\/\/sfashionaccessories.com\/?post_type=product&#038;p=20629"},"modified":"2025-12-10T12:18:12","modified_gmt":"2025-12-10T03:18:12","slug":"colar-filho-1-menina-classico-cravejado-bijuteria","status":"publish","type":"product","link":"https:\/\/sfashionaccessories.com\/?product=colar-filho-1-menina-classico-cravejado-bijuteria","title":{"rendered":"Colar Filho 1 Menina Cl\u00e1ssico dourado Cravejado Bijuteria."},"content":{"rendered":"<p>Leve seus filhos Usar um colar que representa seus filhos \u00e9 uma forma simples e carinhosa de demonstrar o seu amor<\/p>\n<p>Colar com pingente cora\u00e7\u00e3o e p\u00eandulo com filhos cravejados em zirc\u00f4nias bijuteria de alta qualidade.<\/p>\n<p>Acabamento perfeito.<\/p>\n","protected":false},"excerpt":{"rendered":"<p>Leve seus filhos Usar um colar que representa seus filhos \u00e9 uma forma simples e carinhosa de demonstrar o seu amor Colar com pingente cora\u00e7\u00e3o e p\u00eandulo com filhos cravejados em zirc\u00f4nias bijuteria de alta qualidade. Acabamento perfeito.<\/p>\n","protected":false},"featured_media":20632,"comment_status":"open","ping_status":"closed","template":"","meta":{"_kadence_starter_templates_imported_post":false},"product_brand":[],"product_cat":[200,981,373,293,727],"product_tag":[182,187,374,952,728],"class_list":{"0":"post-20629","1":"product","2":"type-product","3":"status-publish","4":"has-post-thumbnail","6":"product_cat-acessorios-bijuterias-semi-joias","7":"product_cat-bijuteria","8":"product_cat-colares","9":"product_cat-feminino","10":"product_cat-gargantilha","11":"product_tag-acessorios","12":"product_tag-bijuteria","13":"product_tag-colar","14":"product_tag-filhos","15":"product_tag-gargantilha","17":"first","18":"instock","19":"shipping-taxable","20":"purchasable","21":"product-type-simple"},"_links":{"self":[{"href":"https:\/\/sfashionaccessories.com\/index.php?rest_route=\/wp\/v2\/product\/20629","targetHints":{"allow":["GET"]}}],"collection":[{"href":"https:\/\/sfashionaccessories.com\/index.php?rest_route=\/wp\/v2\/product"}],"about":[{"href":"https:\/\/sfashionaccessories.com\/index.php?rest_route=\/wp\/v2\/types\/product"}],"replies":[{"embeddable":true,"href":"https:\/\/sfashionaccessories.com\/index.php?rest_route=%2Fwp%2Fv2%2Fcomments&post=20629"}],"wp:featuredmedia":[{"embeddable":true,"href":"https:\/\/sfashionaccessories.com\/index.php?rest_route=\/wp\/v2\/media\/20632"}],"wp:attachment":[{"href":"https:\/\/sfashionaccessories.com\/index.php?rest_route=%2Fwp%2Fv2%2Fmedia&parent=20629"}],"wp:term":[{"taxonomy":"product_brand","embeddable":true,"href":"https:\/\/sfashionaccessories.com\/index.php?rest_route=%2Fwp%2Fv2%2Fproduct_brand&post=20629"},{"taxonomy":"product_cat","embeddable":true,"href":"https:\/\/sfashionaccessories.com\/index.php?rest_route=%2Fwp%2Fv2%2Fproduct_cat&post=20629"},{"taxonomy":"product_tag","embeddable":true,"href":"https:\/\/sfashionaccessories.com\/index.php?rest_route=%2Fwp%2Fv2%2Fproduct_tag&post=20629"}],"curies":[{"name":"wp","href":"https:\/\/api.w.org\/{rel}","templated":true}]}}