{"id":20650,"date":"2025-01-05T17:26:49","date_gmt":"2025-01-05T08:26:49","guid":{"rendered":"https:\/\/sfashionaccessories.com\/?post_type=product&#038;p=20650"},"modified":"2026-04-18T14:42:36","modified_gmt":"2026-04-18T05:42:36","slug":"colar-filhos-2-meninas-1-menino-classico-cravejado-bijuteria","status":"publish","type":"product","link":"https:\/\/sfashionaccessories.com\/?product=colar-filhos-2-meninas-1-menino-classico-cravejado-bijuteria","title":{"rendered":"Colar Filhos 2 Meninas 1 Menino Cl\u00e1ssico dourado Cravejado Bijuteria."},"content":{"rendered":"<p>Leve seus filhos no cora\u00e7\u00e3o .Usar um colar que representa seus filhos \u00e9 uma forma simples e carinhosa de demonstrar o seu amor.<\/p>\n<p>Colar com pingente cora\u00e7\u00e3o e p\u00eandulo com filhos cravejados em zirc\u00f4nias Bijuteria de alta qualidade . Acabamento perfeito.<\/p>\n","protected":false},"excerpt":{"rendered":"<p>Leve seus filhos no cora\u00e7\u00e3o .Usar um colar que representa seus filhos \u00e9 uma forma simples e carinhosa de demonstrar o seu amor. Colar com pingente cora\u00e7\u00e3o e p\u00eandulo com filhos cravejados em zirc\u00f4nias Bijuteria de alta qualidade . Acabamento perfeito.<\/p>\n","protected":false},"featured_media":20660,"comment_status":"open","ping_status":"closed","template":"","meta":{"_kadence_starter_templates_imported_post":false},"product_brand":[],"product_cat":[200,981,373,293,727,793,209],"product_tag":[182,187,374,952,728,232],"class_list":{"0":"post-20650","1":"product","2":"type-product","3":"status-publish","4":"has-post-thumbnail","6":"product_cat-acessorios-bijuterias-semi-joias","7":"product_cat-bijuteria","8":"product_cat-colares","9":"product_cat-feminino","10":"product_cat-gargantilha","11":"product_cat-presente","12":"product_cat-semi-joias","13":"product_tag-acessorios","14":"product_tag-bijuteria","15":"product_tag-colar","16":"product_tag-filhos","17":"product_tag-gargantilha","18":"product_tag-semi-joias","20":"first","21":"outofstock","22":"shipping-taxable","23":"purchasable","24":"product-type-simple"},"_links":{"self":[{"href":"https:\/\/sfashionaccessories.com\/index.php?rest_route=\/wp\/v2\/product\/20650","targetHints":{"allow":["GET"]}}],"collection":[{"href":"https:\/\/sfashionaccessories.com\/index.php?rest_route=\/wp\/v2\/product"}],"about":[{"href":"https:\/\/sfashionaccessories.com\/index.php?rest_route=\/wp\/v2\/types\/product"}],"replies":[{"embeddable":true,"href":"https:\/\/sfashionaccessories.com\/index.php?rest_route=%2Fwp%2Fv2%2Fcomments&post=20650"}],"wp:featuredmedia":[{"embeddable":true,"href":"https:\/\/sfashionaccessories.com\/index.php?rest_route=\/wp\/v2\/media\/20660"}],"wp:attachment":[{"href":"https:\/\/sfashionaccessories.com\/index.php?rest_route=%2Fwp%2Fv2%2Fmedia&parent=20650"}],"wp:term":[{"taxonomy":"product_brand","embeddable":true,"href":"https:\/\/sfashionaccessories.com\/index.php?rest_route=%2Fwp%2Fv2%2Fproduct_brand&post=20650"},{"taxonomy":"product_cat","embeddable":true,"href":"https:\/\/sfashionaccessories.com\/index.php?rest_route=%2Fwp%2Fv2%2Fproduct_cat&post=20650"},{"taxonomy":"product_tag","embeddable":true,"href":"https:\/\/sfashionaccessories.com\/index.php?rest_route=%2Fwp%2Fv2%2Fproduct_tag&post=20650"}],"curies":[{"name":"wp","href":"https:\/\/api.w.org\/{rel}","templated":true}]}}