{"id":22093,"date":"2025-05-21T11:02:34","date_gmt":"2025-05-21T02:02:34","guid":{"rendered":"https:\/\/sfashionaccessories.com\/?post_type=product&#038;p=22093"},"modified":"2025-07-20T11:37:59","modified_gmt":"2025-07-20T02:37:59","slug":"batom-ultracremoso-fps-15","status":"publish","type":"product","link":"https:\/\/sfashionaccessories.com\/?product=batom-ultracremoso-fps-15","title":{"rendered":"Batom Ultracremoso FPS 15"},"content":{"rendered":"<div class=\"relative flex\">\n<div class=\"flex gap-2 items-center\"><span class=\"text-sm font-bold\">BATOM ULTRACREMOSO FPS 15<\/span><\/div>\n<\/div>\n<div class=\"relative flex\">\n<div class=\"flex gap-2 items-center\"><span class=\"text-sm\">Seu cremoso favorito agora ainda melhor! O Batom Avon Ultracremoso tem formato de bala que garante uma aplica\u00e7\u00e3o mais precisa, blend de \u00f3leos que promove muito conforto e al\u00e9m de tudo ainda possui uma nova fragr\u00e2ncia deliciosa! \u2022 Acabamento: brilhante \u2022 Cobertura: total e uniforme \u2022 Tecnologia:\u00e9 Color True (Cor Verdadeira), a cor que voc\u00ea v\u00ea na bala \u00e9 a cor que voc\u00ea v\u00ea nos l\u00e1bios F\u00f3rmula: Com blend de \u00f3leos (gergelim e abacate) e vitamina E, promove conforto e ajuda a manter os l\u00e1bios saud\u00e1veis.<\/span><\/div>\n<\/div>\n","protected":false},"excerpt":{"rendered":"<p>BATOM ULTRACREMOSO FPS 15 Seu cremoso favorito agora ainda melhor! O Batom Avon Ultracremoso tem formato de bala que garante uma aplica\u00e7\u00e3o mais precisa, blend de \u00f3leos que promove muito conforto e al\u00e9m de tudo ainda possui uma nova fragr\u00e2ncia deliciosa! \u2022 Acabamento: brilhante \u2022 Cobertura: total e uniforme \u2022 Tecnologia:\u00e9 Color True (Cor Verdadeira), [&hellip;]<\/p>\n","protected":false},"featured_media":22098,"comment_status":"open","ping_status":"closed","template":"","meta":{"_kadence_starter_templates_imported_post":false},"product_brand":[],"product_cat":[548,609,206,293,205],"product_tag":[549,611,272,676],"class_list":{"0":"post-22093","1":"product","2":"type-product","3":"status-publish","4":"has-post-thumbnail","6":"product_cat-avon","7":"product_cat-batom","8":"product_cat-cosmeticos-cremes-hidradantesperfumes","9":"product_cat-feminino","10":"product_cat-baton-po-brush-maquiagem","11":"product_tag-avon","12":"product_tag-batom","13":"product_tag-cosmeticos","14":"product_tag-maquiagem","16":"first","17":"instock","18":"sale","19":"shipping-taxable","20":"purchasable","21":"product-type-simple"},"_links":{"self":[{"href":"https:\/\/sfashionaccessories.com\/index.php?rest_route=\/wp\/v2\/product\/22093","targetHints":{"allow":["GET"]}}],"collection":[{"href":"https:\/\/sfashionaccessories.com\/index.php?rest_route=\/wp\/v2\/product"}],"about":[{"href":"https:\/\/sfashionaccessories.com\/index.php?rest_route=\/wp\/v2\/types\/product"}],"replies":[{"embeddable":true,"href":"https:\/\/sfashionaccessories.com\/index.php?rest_route=%2Fwp%2Fv2%2Fcomments&post=22093"}],"wp:featuredmedia":[{"embeddable":true,"href":"https:\/\/sfashionaccessories.com\/index.php?rest_route=\/wp\/v2\/media\/22098"}],"wp:attachment":[{"href":"https:\/\/sfashionaccessories.com\/index.php?rest_route=%2Fwp%2Fv2%2Fmedia&parent=22093"}],"wp:term":[{"taxonomy":"product_brand","embeddable":true,"href":"https:\/\/sfashionaccessories.com\/index.php?rest_route=%2Fwp%2Fv2%2Fproduct_brand&post=22093"},{"taxonomy":"product_cat","embeddable":true,"href":"https:\/\/sfashionaccessories.com\/index.php?rest_route=%2Fwp%2Fv2%2Fproduct_cat&post=22093"},{"taxonomy":"product_tag","embeddable":true,"href":"https:\/\/sfashionaccessories.com\/index.php?rest_route=%2Fwp%2Fv2%2Fproduct_tag&post=22093"}],"curies":[{"name":"wp","href":"https:\/\/api.w.org\/{rel}","templated":true}]}}