{"id":23085,"date":"2025-09-06T12:26:44","date_gmt":"2025-09-06T03:26:44","guid":{"rendered":"https:\/\/sfashionaccessories.com\/?post_type=product&#038;p=23085"},"modified":"2025-09-09T23:32:45","modified_gmt":"2025-09-09T14:32:45","slug":"scarpin-vizzano","status":"publish","type":"product","link":"https:\/\/sfashionaccessories.com\/?product=scarpin-vizzano","title":{"rendered":"Scarpin Vizzano"},"content":{"rendered":"<p>O cl\u00e1ssico que n\u00e3o sai de moda NUNCA. Ideal para qualquer ocasi\u00e3o. Coloque uma roupa sofisticada ou b\u00e1sica e arrase com esse modelo lindooooooo.<\/p>\n<p>Confeccionado em material sint\u00e9tico por completo, sendo de f\u00e1cil combina\u00e7\u00e3o e deixando a pe\u00e7a elegante. Sua palmilha em PU acolchoadas por inteira para maior conforto durante o uso. Possui solado emborrachado e salto fino.<\/p>\n","protected":false},"excerpt":{"rendered":"<p>O cl\u00e1ssico que n\u00e3o sai de moda NUNCA. Ideal para qualquer ocasi\u00e3o. Coloque uma roupa sofisticada ou b\u00e1sica e arrase com esse modelo lindooooooo. Confeccionado em material sint\u00e9tico por completo, sendo de f\u00e1cil combina\u00e7\u00e3o e deixando a pe\u00e7a elegante. Sua palmilha em PU acolchoadas por inteira para maior conforto durante o uso. Possui solado emborrachado [&hellip;]<\/p>\n","protected":false},"featured_media":23094,"comment_status":"open","ping_status":"closed","template":"","meta":{"_kadence_starter_templates_imported_post":false},"product_brand":[],"product_cat":[46,293,254,889,536],"product_tag":[311,395,890,434],"class_list":{"0":"post-23085","1":"product","2":"type-product","3":"status-publish","4":"has-post-thumbnail","6":"product_cat-calcados","7":"product_cat-feminino","8":"product_cat-promocoes-descontos","9":"product_cat-scarpin","10":"product_cat-vizzano","11":"product_tag-calcados","12":"product_tag-feminino","13":"product_tag-scarpin","14":"product_tag-vizzano","16":"first","17":"instock","18":"sale","19":"shipping-taxable","20":"purchasable","21":"product-type-variable"},"_links":{"self":[{"href":"https:\/\/sfashionaccessories.com\/index.php?rest_route=\/wp\/v2\/product\/23085","targetHints":{"allow":["GET"]}}],"collection":[{"href":"https:\/\/sfashionaccessories.com\/index.php?rest_route=\/wp\/v2\/product"}],"about":[{"href":"https:\/\/sfashionaccessories.com\/index.php?rest_route=\/wp\/v2\/types\/product"}],"replies":[{"embeddable":true,"href":"https:\/\/sfashionaccessories.com\/index.php?rest_route=%2Fwp%2Fv2%2Fcomments&post=23085"}],"wp:featuredmedia":[{"embeddable":true,"href":"https:\/\/sfashionaccessories.com\/index.php?rest_route=\/wp\/v2\/media\/23094"}],"wp:attachment":[{"href":"https:\/\/sfashionaccessories.com\/index.php?rest_route=%2Fwp%2Fv2%2Fmedia&parent=23085"}],"wp:term":[{"taxonomy":"product_brand","embeddable":true,"href":"https:\/\/sfashionaccessories.com\/index.php?rest_route=%2Fwp%2Fv2%2Fproduct_brand&post=23085"},{"taxonomy":"product_cat","embeddable":true,"href":"https:\/\/sfashionaccessories.com\/index.php?rest_route=%2Fwp%2Fv2%2Fproduct_cat&post=23085"},{"taxonomy":"product_tag","embeddable":true,"href":"https:\/\/sfashionaccessories.com\/index.php?rest_route=%2Fwp%2Fv2%2Fproduct_tag&post=23085"}],"curies":[{"name":"wp","href":"https:\/\/api.w.org\/{rel}","templated":true}]}}