{"id":23267,"date":"2025-09-12T13:27:00","date_gmt":"2025-09-12T04:27:00","guid":{"rendered":"https:\/\/sfashionaccessories.com\/?post_type=product&#038;p=23267"},"modified":"2025-12-31T16:57:54","modified_gmt":"2025-12-31T07:57:54","slug":"victorias-secret-hidratante-pear-glace","status":"publish","type":"product","link":"https:\/\/sfashionaccessories.com\/?product=victorias-secret-hidratante-pear-glace","title":{"rendered":"Victoria&#8217;s Secret &#8211; Hidratante Pear Glac\u00e9"},"content":{"rendered":"<div class=\"font-weight-bold mb-3\">Descri\u00e7\u00e3o<\/div>\n<div class=\"user-content mb-4\">\n<p>Victoria&#8217;s Secret Pear Glac\u00e9: Hidratante Corporal com Fragr\u00e2ncia Refrescante e Delicada<\/p>\n<p>O hidratante corporal Victoria&#8217;s Secret Pear Glac\u00e9 \u00e9 uma escolha perfeita para quem busca uma fragr\u00e2ncia suave e refrescante. Com notas de p\u00eara fresca e mel\u00e3o doce, combinadas com toques de frutas c\u00edtricas e flores brancas, este hidratante deixa a pele macia, suave e perfumada. Sua f\u00f3rmula leve e de r\u00e1pida absor\u00e7\u00e3o cont\u00e9m ingredientes hidratantes e nutritivos, como aloe vera, aveia e vitaminas antioxidantes E e C, que ajudam a manter a pele hidratada e saud\u00e1vel por muito mais tempo. Use o hidratante Victoria&#8217;s Secret Pear Glac\u00e9 diariamente para sentir-se fresca e perfumada durante todo o dia.<\/p>\n<\/div>\n<p>&nbsp;<\/p>\n","protected":false},"excerpt":{"rendered":"<p>Descri\u00e7\u00e3o Victoria&#8217;s Secret Pear Glac\u00e9: Hidratante Corporal com Fragr\u00e2ncia Refrescante e Delicada O hidratante corporal Victoria&#8217;s Secret Pear Glac\u00e9 \u00e9 uma escolha perfeita para quem busca uma fragr\u00e2ncia suave e refrescante. Com notas de p\u00eara fresca e mel\u00e3o doce, combinadas com toques de frutas c\u00edtricas e flores brancas, este hidratante deixa a pele macia, suave [&hellip;]<\/p>\n","protected":false},"featured_media":23269,"comment_status":"open","ping_status":"closed","template":"","meta":{"_kadence_starter_templates_imported_post":false},"product_brand":[],"product_cat":[465,223,322,229,793,24],"product_tag":[272,195,419],"class_list":{"0":"post-23267","1":"product","2":"type-product","3":"status-publish","4":"has-post-thumbnail","6":"product_cat-anuncios","7":"product_cat-cremes-para-maos-e-pes","8":"product_cat-cremes-hidratantes-oleos","9":"product_cat-hidratante-victorias-secret","10":"product_cat-presente","11":"product_cat-victorias-secrect","12":"product_tag-cosmeticos","13":"product_tag-creme-hidratante","14":"product_tag-victorias-secret","16":"first","17":"instock","18":"sale","19":"shipping-taxable","20":"purchasable","21":"product-type-simple"},"_links":{"self":[{"href":"https:\/\/sfashionaccessories.com\/index.php?rest_route=\/wp\/v2\/product\/23267","targetHints":{"allow":["GET"]}}],"collection":[{"href":"https:\/\/sfashionaccessories.com\/index.php?rest_route=\/wp\/v2\/product"}],"about":[{"href":"https:\/\/sfashionaccessories.com\/index.php?rest_route=\/wp\/v2\/types\/product"}],"replies":[{"embeddable":true,"href":"https:\/\/sfashionaccessories.com\/index.php?rest_route=%2Fwp%2Fv2%2Fcomments&post=23267"}],"wp:featuredmedia":[{"embeddable":true,"href":"https:\/\/sfashionaccessories.com\/index.php?rest_route=\/wp\/v2\/media\/23269"}],"wp:attachment":[{"href":"https:\/\/sfashionaccessories.com\/index.php?rest_route=%2Fwp%2Fv2%2Fmedia&parent=23267"}],"wp:term":[{"taxonomy":"product_brand","embeddable":true,"href":"https:\/\/sfashionaccessories.com\/index.php?rest_route=%2Fwp%2Fv2%2Fproduct_brand&post=23267"},{"taxonomy":"product_cat","embeddable":true,"href":"https:\/\/sfashionaccessories.com\/index.php?rest_route=%2Fwp%2Fv2%2Fproduct_cat&post=23267"},{"taxonomy":"product_tag","embeddable":true,"href":"https:\/\/sfashionaccessories.com\/index.php?rest_route=%2Fwp%2Fv2%2Fproduct_tag&post=23267"}],"curies":[{"name":"wp","href":"https:\/\/api.w.org\/{rel}","templated":true}]}}