{"id":23330,"date":"2025-09-13T23:15:50","date_gmt":"2025-09-13T14:15:50","guid":{"rendered":"https:\/\/sfashionaccessories.com\/?post_type=product&#038;p=23330"},"modified":"2026-02-18T15:27:06","modified_gmt":"2026-02-18T06:27:06","slug":"kit-shampoo300mlcondicionador-200ml-sos-cachos-oleo-de-coco","status":"publish","type":"product","link":"https:\/\/sfashionaccessories.com\/?product=kit-shampoo300mlcondicionador-200ml-sos-cachos-oleo-de-coco","title":{"rendered":"Kit Shampoo300ml+Condicionador 200ml SOS Cachos \u00d3leo de Coco Salon Line"},"content":{"rendered":"<p>O Kit S.O.S Cachos \u00d3leo de Coco, com Shampoo 300ml e Condicionador 200ml, \u00e9 ideal para cabelos cacheados e crespos. O Shampoo promove limpeza hidratante e brilho intenso, enquanto o Condicionador nutre, desembara\u00e7a e combate o ressecamento, garantindo fios saud\u00e1veis e radiantes.<\/p>\n<p>Quais os principais ativos?<\/p>\n<p>\u00d3leo de Coco: rico em vitaminas e \u00e1cidos graxos, hidrata e nutre, al\u00e9m de fortalecer os fios, proporcionando brilho e maciez.<\/p>\n<p>Manteiga de Coco: possui \u00e1cidos graxos, ideal para restaurar o cabelo danificado. Al\u00e9m disso, \u00e9 um excelente hidratante natural, com extrema capacidade umectante, proporcionando for\u00e7a e brilho aos fios.<\/p>\n","protected":false},"excerpt":{"rendered":"<p>O Kit S.O.S Cachos \u00d3leo de Coco, com Shampoo 300ml e Condicionador 200ml, \u00e9 ideal para cabelos cacheados e crespos. O Shampoo promove limpeza hidratante e brilho intenso, enquanto o Condicionador nutre, desembara\u00e7a e combate o ressecamento, garantindo fios saud\u00e1veis e radiantes. Quais os principais ativos? \u00d3leo de Coco: rico em vitaminas e \u00e1cidos graxos, [&hellip;]<\/p>\n","protected":false},"featured_media":23332,"comment_status":"open","ping_status":"closed","template":"","meta":{"_kadence_starter_templates_imported_post":false},"product_brand":[],"product_cat":[204,206,788,861,281],"product_tag":[476,345,272,869,126,299],"class_list":{"0":"post-23330","1":"product","2":"type-product","3":"status-publish","4":"has-post-thumbnail","6":"product_cat-matizador-sampoo-condicionador-hidratante","7":"product_cat-cosmeticos-cremes-hidradantesperfumes","8":"product_cat-kit","9":"product_cat-salonline","10":"product_cat-shampoo","11":"product_tag-cabelos","12":"product_tag-condicionador","13":"product_tag-cosmeticos","14":"product_tag-salon-line","15":"product_tag-shampoo","16":"product_tag-tratamento","18":"first","19":"instock","20":"shipping-taxable","21":"purchasable","22":"product-type-simple"},"_links":{"self":[{"href":"https:\/\/sfashionaccessories.com\/index.php?rest_route=\/wp\/v2\/product\/23330","targetHints":{"allow":["GET"]}}],"collection":[{"href":"https:\/\/sfashionaccessories.com\/index.php?rest_route=\/wp\/v2\/product"}],"about":[{"href":"https:\/\/sfashionaccessories.com\/index.php?rest_route=\/wp\/v2\/types\/product"}],"replies":[{"embeddable":true,"href":"https:\/\/sfashionaccessories.com\/index.php?rest_route=%2Fwp%2Fv2%2Fcomments&post=23330"}],"wp:featuredmedia":[{"embeddable":true,"href":"https:\/\/sfashionaccessories.com\/index.php?rest_route=\/wp\/v2\/media\/23332"}],"wp:attachment":[{"href":"https:\/\/sfashionaccessories.com\/index.php?rest_route=%2Fwp%2Fv2%2Fmedia&parent=23330"}],"wp:term":[{"taxonomy":"product_brand","embeddable":true,"href":"https:\/\/sfashionaccessories.com\/index.php?rest_route=%2Fwp%2Fv2%2Fproduct_brand&post=23330"},{"taxonomy":"product_cat","embeddable":true,"href":"https:\/\/sfashionaccessories.com\/index.php?rest_route=%2Fwp%2Fv2%2Fproduct_cat&post=23330"},{"taxonomy":"product_tag","embeddable":true,"href":"https:\/\/sfashionaccessories.com\/index.php?rest_route=%2Fwp%2Fv2%2Fproduct_tag&post=23330"}],"curies":[{"name":"wp","href":"https:\/\/api.w.org\/{rel}","templated":true}]}}