{"id":23350,"date":"2025-09-15T16:08:33","date_gmt":"2025-09-15T07:08:33","guid":{"rendered":"https:\/\/sfashionaccessories.com\/?post_type=product&#038;p=23350"},"modified":"2026-02-18T15:26:47","modified_gmt":"2026-02-18T06:26:47","slug":"conjunto-botao-lori-cropped-e-saia-longa-luxo","status":"publish","type":"product","link":"https:\/\/sfashionaccessories.com\/?product=conjunto-botao-lori-cropped-e-saia-longa-luxo","title":{"rendered":"Conjunto Botao Lori -Cropped e Saia  longa luxo"},"content":{"rendered":"<div class=\"title\">Descri\u00e7\u00e3o Geral<\/div>\n<div class=\"board_htm\">\n<p>Conjunto saia longa e cropped ciganinha, decote princesa com amarra\u00e7\u00e3o\u00a0 . Feito em alta costura, \u00e9 um conjunto atemporal, repleta de eleg\u00e2ncia e requinte. Podendo ser usada em diversas ocasi\u00f5es, o tecido todo trabalhado com bordados em relevo , delicado e levinho.\u00a0 .<\/p>\n<p>.Composicao -96% Viscose &#8211; 4% Elastano .<\/p>\n<\/div>\n","protected":false},"excerpt":{"rendered":"<p>Descri\u00e7\u00e3o Geral Conjunto saia longa e cropped ciganinha, decote princesa com amarra\u00e7\u00e3o\u00a0 . Feito em alta costura, \u00e9 um conjunto atemporal, repleta de eleg\u00e2ncia e requinte. Podendo ser usada em diversas ocasi\u00f5es, o tecido todo trabalhado com bordados em relevo , delicado e levinho.\u00a0 . .Composicao -96% Viscose &#8211; 4% Elastano .<\/p>\n","protected":false},"featured_media":23351,"comment_status":"open","ping_status":"closed","template":"","meta":{"_kadence_starter_templates_imported_post":false},"product_brand":[],"product_cat":[827,172,43,600,580,703],"product_tag":[135,391,474,704,389],"class_list":{"0":"post-23350","1":"product","2":"type-product","3":"status-publish","4":"has-post-thumbnail","6":"product_cat-alfaiataria","7":"product_cat-blusas-tops-e-camisetas","8":"product_cat-blusas-camisetas-femininas","9":"product_cat-conjunto","10":"product_cat-destaques","11":"product_cat-lorilima","12":"product_tag-blusa","13":"product_tag-conjunto","14":"product_tag-cropped","15":"product_tag-lorilima","16":"product_tag-saia","18":"first","19":"instock","20":"sale","21":"shipping-taxable","22":"purchasable","23":"product-type-variable"},"_links":{"self":[{"href":"https:\/\/sfashionaccessories.com\/index.php?rest_route=\/wp\/v2\/product\/23350","targetHints":{"allow":["GET"]}}],"collection":[{"href":"https:\/\/sfashionaccessories.com\/index.php?rest_route=\/wp\/v2\/product"}],"about":[{"href":"https:\/\/sfashionaccessories.com\/index.php?rest_route=\/wp\/v2\/types\/product"}],"replies":[{"embeddable":true,"href":"https:\/\/sfashionaccessories.com\/index.php?rest_route=%2Fwp%2Fv2%2Fcomments&post=23350"}],"wp:featuredmedia":[{"embeddable":true,"href":"https:\/\/sfashionaccessories.com\/index.php?rest_route=\/wp\/v2\/media\/23351"}],"wp:attachment":[{"href":"https:\/\/sfashionaccessories.com\/index.php?rest_route=%2Fwp%2Fv2%2Fmedia&parent=23350"}],"wp:term":[{"taxonomy":"product_brand","embeddable":true,"href":"https:\/\/sfashionaccessories.com\/index.php?rest_route=%2Fwp%2Fv2%2Fproduct_brand&post=23350"},{"taxonomy":"product_cat","embeddable":true,"href":"https:\/\/sfashionaccessories.com\/index.php?rest_route=%2Fwp%2Fv2%2Fproduct_cat&post=23350"},{"taxonomy":"product_tag","embeddable":true,"href":"https:\/\/sfashionaccessories.com\/index.php?rest_route=%2Fwp%2Fv2%2Fproduct_tag&post=23350"}],"curies":[{"name":"wp","href":"https:\/\/api.w.org\/{rel}","templated":true}]}}