{"id":23390,"date":"2025-09-15T17:46:47","date_gmt":"2025-09-15T08:46:47","guid":{"rendered":"https:\/\/sfashionaccessories.com\/?post_type=product&#038;p=23390"},"modified":"2026-02-18T15:27:06","modified_gmt":"2026-02-18T06:27:06","slug":"quintess-calca-verde-em-crepe-plano","status":"publish","type":"product","link":"https:\/\/sfashionaccessories.com\/?product=quintess-calca-verde-em-crepe-plano","title":{"rendered":"Quintess &#8211; Cal\u00e7a Verde em Crepe Plano &#8211; 3817 309"},"content":{"rendered":"<div id=\"description-title\" class=\"sc-cIShpX sc-cmTdod efsoyi\">\n<div class=\"sc-kafWEX eiFAJH\">\n<h2 class=\"sc-gzVnrw lrNY\">Descri\u00e7\u00e3o<\/h2>\n<\/div>\n<\/div>\n<div id=\"description\" class=\"sc-cIShpX sc-cmTdod iDfloY\">\n<div class=\"sc-kafWEX eiFAJH\">\n<p class=\"sc-jKJlTe dYPBOP\">Cal\u00e7a pantalona verde de alfaiataria, modelagem ampla e sofisticada. Cintura alta com passantes e cinto ajust\u00e1vel. Detalhe de bolso embutido e acabamento impec\u00e1vel para um visual elegante e atemporal.<\/p>\n<\/div>\n<\/div>\n<div id=\"description-button\" class=\"sc-cIShpX sc-cmTdod cCOKyT\">\n<div class=\"sc-kafWEX uekbY\">\n<p class=\"sc-jKJlTe cGBiRv\">Modelagem: Solta<\/p>\n<p class=\"sc-jKJlTe cGBiRv\">Modelo: Pantalona<\/p>\n<p class=\"sc-jKJlTe cGBiRv\">Complemento: Bolso frontal;Bolso lateral;<\/p>\n<p class=\"sc-jKJlTe cGBiRv\">Cintura: Alta<\/p>\n<p class=\"sc-jKJlTe cGBiRv\">Comprimento: Tradicional<\/p>\n<p class=\"sc-jKJlTe cGBiRv\">Fechamento: Em z\u00edper<\/p>\n<p class=\"sc-jKJlTe cGBiRv\">Material: Crepe Plano<\/p>\n<p class=\"sc-jKJlTe cGBiRv\">Esta\u00e7\u00e3o: Ano Inteiro<\/p>\n<p class=\"sc-jKJlTe cGBiRv\">\n<\/div>\n<\/div>\n","protected":false},"excerpt":{"rendered":"<p>Descri\u00e7\u00e3o Cal\u00e7a pantalona verde de alfaiataria, modelagem ampla e sofisticada. Cintura alta com passantes e cinto ajust\u00e1vel. Detalhe de bolso embutido e acabamento impec\u00e1vel para um visual elegante e atemporal. Modelagem: Solta Modelo: Pantalona Complemento: Bolso frontal;Bolso lateral; Cintura: Alta Comprimento: Tradicional Fechamento: Em z\u00edper Material: Crepe Plano Esta\u00e7\u00e3o: Ano Inteiro<\/p>\n","protected":false},"featured_media":23392,"comment_status":"open","ping_status":"closed","template":"","meta":{"_kadence_starter_templates_imported_post":false},"product_brand":[],"product_cat":[508,600,750],"product_tag":[242,188,908],"class_list":{"0":"post-23390","1":"product","2":"type-product","3":"status-publish","4":"has-post-thumbnail","6":"product_cat-calcas-femininas","7":"product_cat-conjunto","8":"product_cat-quintess","9":"product_tag-calcas-femininas","10":"product_tag-moda-feminina","11":"product_tag-quintess","13":"first","14":"instock","15":"shipping-taxable","16":"purchasable","17":"product-type-variable"},"_links":{"self":[{"href":"https:\/\/sfashionaccessories.com\/index.php?rest_route=\/wp\/v2\/product\/23390","targetHints":{"allow":["GET"]}}],"collection":[{"href":"https:\/\/sfashionaccessories.com\/index.php?rest_route=\/wp\/v2\/product"}],"about":[{"href":"https:\/\/sfashionaccessories.com\/index.php?rest_route=\/wp\/v2\/types\/product"}],"replies":[{"embeddable":true,"href":"https:\/\/sfashionaccessories.com\/index.php?rest_route=%2Fwp%2Fv2%2Fcomments&post=23390"}],"wp:featuredmedia":[{"embeddable":true,"href":"https:\/\/sfashionaccessories.com\/index.php?rest_route=\/wp\/v2\/media\/23392"}],"wp:attachment":[{"href":"https:\/\/sfashionaccessories.com\/index.php?rest_route=%2Fwp%2Fv2%2Fmedia&parent=23390"}],"wp:term":[{"taxonomy":"product_brand","embeddable":true,"href":"https:\/\/sfashionaccessories.com\/index.php?rest_route=%2Fwp%2Fv2%2Fproduct_brand&post=23390"},{"taxonomy":"product_cat","embeddable":true,"href":"https:\/\/sfashionaccessories.com\/index.php?rest_route=%2Fwp%2Fv2%2Fproduct_cat&post=23390"},{"taxonomy":"product_tag","embeddable":true,"href":"https:\/\/sfashionaccessories.com\/index.php?rest_route=%2Fwp%2Fv2%2Fproduct_tag&post=23390"}],"curies":[{"name":"wp","href":"https:\/\/api.w.org\/{rel}","templated":true}]}}