{"id":23515,"date":"2025-10-11T00:10:24","date_gmt":"2025-10-10T15:10:24","guid":{"rendered":"https:\/\/sfashionaccessories.com\/?post_type=product&#038;p=23515"},"modified":"2025-12-14T14:49:51","modified_gmt":"2025-12-14T05:49:51","slug":"bonprix-blusa-prata-em-paete","status":"publish","type":"product","link":"https:\/\/sfashionaccessories.com\/?product=bonprix-blusa-prata-em-paete","title":{"rendered":"bonprix &#8211; Blusa Prata em Paet\u00ea"},"content":{"rendered":"<div class=\"sc-jwKygS sc-elJkPf jVYCWU\">\n<div class=\"sc-btzYZH sc-dqBHgY bpAjBW\">\n<h2 class=\"sc-gzVnrw lrNY\">Descri\u00e7\u00e3o<\/h2>\n<p class=\"sc-eNQAEJ bABsqa\">bonprix &#8211; Blusa Prata em Paet\u00ea<\/p>\n<\/div>\n<\/div>\n<div class=\"sc-jwKygS sc-elJkPf jVYCWU\">\n<div class=\"sc-btzYZH sc-dqBHgY bpAjBW\">\n<p data-start=\"205\" data-end=\"474\">Brilho, sofistica\u00e7\u00e3o e conforto se unem nesta blusa confeccionada em paet\u00ea \u2014 um tecido glamouroso, composto por pequenas lantejoulas que captam a luz de maneira \u00fanica. O forro em malha fria e\u00a0 macia garante um toque agrad\u00e1vel \u00e0 pele, proporcionando conforto durante todo o uso.<\/p>\n<p data-start=\"476\" data-end=\"770\">Com gola arredondada e fechamento por bot\u00e3o nas costas, a pe\u00e7a possui modelagem m\u00e9dia e manga regata, valorizando diferentes silhuetas com equil\u00edbrio e charme. O comprimento na medida certa permite composi\u00e7\u00f5es vers\u00e1teis, ideais para quem busca um visual refinado com um toque de personalidade.<\/p>\n<p data-start=\"772\" data-end=\"860\">Perfeita para ocasi\u00f5es especiais ou para elevar produ\u00e7\u00f5es casuais com um brilho moderno.<\/p>\n<\/div>\n<\/div>\n","protected":false},"excerpt":{"rendered":"<p>Descri\u00e7\u00e3o bonprix &#8211; Blusa Prata em Paet\u00ea Brilho, sofistica\u00e7\u00e3o e conforto se unem nesta blusa confeccionada em paet\u00ea \u2014 um tecido glamouroso, composto por pequenas lantejoulas que captam a luz de maneira \u00fanica. O forro em malha fria e\u00a0 macia garante um toque agrad\u00e1vel \u00e0 pele, proporcionando conforto durante todo o uso. Com gola arredondada [&hellip;]<\/p>\n","protected":false},"featured_media":23518,"comment_status":"open","ping_status":"closed","template":"","meta":{"_kadence_starter_templates_imported_post":false},"product_brand":[],"product_cat":[172],"product_tag":[189,911,188],"class_list":{"0":"post-23515","1":"product","2":"type-product","3":"status-publish","4":"has-post-thumbnail","6":"product_cat-blusas-tops-e-camisetas","7":"product_tag-blusas","8":"product_tag-bonprix","9":"product_tag-moda-feminina","11":"first","12":"instock","13":"shipping-taxable","14":"purchasable","15":"product-type-variable"},"_links":{"self":[{"href":"https:\/\/sfashionaccessories.com\/index.php?rest_route=\/wp\/v2\/product\/23515","targetHints":{"allow":["GET"]}}],"collection":[{"href":"https:\/\/sfashionaccessories.com\/index.php?rest_route=\/wp\/v2\/product"}],"about":[{"href":"https:\/\/sfashionaccessories.com\/index.php?rest_route=\/wp\/v2\/types\/product"}],"replies":[{"embeddable":true,"href":"https:\/\/sfashionaccessories.com\/index.php?rest_route=%2Fwp%2Fv2%2Fcomments&post=23515"}],"wp:featuredmedia":[{"embeddable":true,"href":"https:\/\/sfashionaccessories.com\/index.php?rest_route=\/wp\/v2\/media\/23518"}],"wp:attachment":[{"href":"https:\/\/sfashionaccessories.com\/index.php?rest_route=%2Fwp%2Fv2%2Fmedia&parent=23515"}],"wp:term":[{"taxonomy":"product_brand","embeddable":true,"href":"https:\/\/sfashionaccessories.com\/index.php?rest_route=%2Fwp%2Fv2%2Fproduct_brand&post=23515"},{"taxonomy":"product_cat","embeddable":true,"href":"https:\/\/sfashionaccessories.com\/index.php?rest_route=%2Fwp%2Fv2%2Fproduct_cat&post=23515"},{"taxonomy":"product_tag","embeddable":true,"href":"https:\/\/sfashionaccessories.com\/index.php?rest_route=%2Fwp%2Fv2%2Fproduct_tag&post=23515"}],"curies":[{"name":"wp","href":"https:\/\/api.w.org\/{rel}","templated":true}]}}