{"id":23617,"date":"2025-10-12T11:13:03","date_gmt":"2025-10-12T02:13:03","guid":{"rendered":"https:\/\/sfashionaccessories.com\/?post_type=product&#038;p=23617"},"modified":"2025-10-12T11:20:33","modified_gmt":"2025-10-12T02:20:33","slug":"sutia-gueixa-demillus-bojo-removivel-061534","status":"publish","type":"product","link":"https:\/\/sfashionaccessories.com\/?product=sutia-gueixa-demillus-bojo-removivel-061534","title":{"rendered":"Suti\u00e3 Gueixa DeMillus Bojo Remov\u00edvel 061534"},"content":{"rendered":"<p>Suti\u00e3 confeccionado em microfibra macia, proporcionando suavidade e conforto ao longo do dia.<\/p>\n<p>Modelo sem aro, com bojo remov\u00edvel que se adapta perfeitamente ao corpo.<\/p>\n<p>Possui compartimento para pr\u00f3tese mam\u00e1ria ou enchimento remov\u00edvel, oferecendo mais versatilidade.<\/p>\n<p>O decote em V conta com um charmoso detalhe em tule, enquanto o c\u00f3s refor\u00e7ado garante maior sustenta\u00e7\u00e3o.<\/p>\n<p>As al\u00e7as s\u00e3o largas, fixas e regul\u00e1veis para um ajuste ideal.<\/p>\n<p>Costas com leve transpar\u00eancia e fechamento em colchetes duplos de tripla regulagem para melhor ajuste.<\/p>\n<p>Composi\u00e7\u00e3o: Busto: 81% Poliamida e 19% Elastano. Lateral: 74% Poliamida e 26% Elastano.<\/p>\n","protected":false},"excerpt":{"rendered":"<p>Suti\u00e3 confeccionado em microfibra macia, proporcionando suavidade e conforto ao longo do dia. Modelo sem aro, com bojo remov\u00edvel que se adapta perfeitamente ao corpo. Possui compartimento para pr\u00f3tese mam\u00e1ria ou enchimento remov\u00edvel, oferecendo mais versatilidade. O decote em V conta com um charmoso detalhe em tule, enquanto o c\u00f3s refor\u00e7ado garante maior sustenta\u00e7\u00e3o. As [&hellip;]<\/p>\n","protected":false},"featured_media":23623,"comment_status":"open","ping_status":"closed","template":"","meta":{"_kadence_starter_templates_imported_post":false},"product_brand":[],"product_cat":[268,293,29,221],"product_tag":[266,395,267,265],"class_list":{"0":"post-23617","1":"product","2":"type-product","3":"status-publish","4":"has-post-thumbnail","6":"product_cat-demillus","7":"product_cat-feminino","8":"product_cat-lingeries","9":"product_cat-sutias","10":"product_tag-demillus","11":"product_tag-feminino","12":"product_tag-lingerie","13":"product_tag-sutia","15":"first","16":"instock","17":"shipping-taxable","18":"purchasable","19":"product-type-variable"},"_links":{"self":[{"href":"https:\/\/sfashionaccessories.com\/index.php?rest_route=\/wp\/v2\/product\/23617","targetHints":{"allow":["GET"]}}],"collection":[{"href":"https:\/\/sfashionaccessories.com\/index.php?rest_route=\/wp\/v2\/product"}],"about":[{"href":"https:\/\/sfashionaccessories.com\/index.php?rest_route=\/wp\/v2\/types\/product"}],"replies":[{"embeddable":true,"href":"https:\/\/sfashionaccessories.com\/index.php?rest_route=%2Fwp%2Fv2%2Fcomments&post=23617"}],"wp:featuredmedia":[{"embeddable":true,"href":"https:\/\/sfashionaccessories.com\/index.php?rest_route=\/wp\/v2\/media\/23623"}],"wp:attachment":[{"href":"https:\/\/sfashionaccessories.com\/index.php?rest_route=%2Fwp%2Fv2%2Fmedia&parent=23617"}],"wp:term":[{"taxonomy":"product_brand","embeddable":true,"href":"https:\/\/sfashionaccessories.com\/index.php?rest_route=%2Fwp%2Fv2%2Fproduct_brand&post=23617"},{"taxonomy":"product_cat","embeddable":true,"href":"https:\/\/sfashionaccessories.com\/index.php?rest_route=%2Fwp%2Fv2%2Fproduct_cat&post=23617"},{"taxonomy":"product_tag","embeddable":true,"href":"https:\/\/sfashionaccessories.com\/index.php?rest_route=%2Fwp%2Fv2%2Fproduct_tag&post=23617"}],"curies":[{"name":"wp","href":"https:\/\/api.w.org\/{rel}","templated":true}]}}