{"id":23690,"date":"2025-10-15T14:33:10","date_gmt":"2025-10-15T05:33:10","guid":{"rendered":"https:\/\/sfashionaccessories.com\/?post_type=product&#038;p=23690"},"modified":"2026-03-31T12:39:44","modified_gmt":"2026-03-31T03:39:44","slug":"refil-shampoo-mamae-e-bebe-natura","status":"publish","type":"product","link":"https:\/\/sfashionaccessories.com\/?product=refil-shampoo-mamae-e-bebe-natura","title":{"rendered":"Refil Shampoo Mam\u00e3e e Beb\u00ea &#8211; Natura"},"content":{"rendered":"<div class=\"relative flex\">\n<div class=\"flex gap-2 items-center\"><span class=\"text-sm font-bold\">Refil shampoo Mam\u00e3e e Beb\u00ea: carinho desde o primeiro dia de vida at\u00e9 na embalagem<\/span><\/div>\n<\/div>\n<div class=\"relative flex\">\n<div class=\"flex gap-2 items-center\">\n<p><span class=\"text-sm\">Pensando em cada detalhe do produto, o refil shampoo Mam\u00e3e e Beb\u00ea \u00e9 seguro para o seu filho e para o meio ambiente. O essencial para limpar os cabelos de forma suave e delicada.<\/span>Todos os produtos para o beb\u00ea s\u00e3o hipoalerg\u00eanicos.<\/p>\n<p>Estes produtos foram formulados de maneira minimizar poss\u00edvel surgimento de alergia.<\/p>\n<\/div>\n<\/div>\n","protected":false},"excerpt":{"rendered":"<p>Refil shampoo Mam\u00e3e e Beb\u00ea: carinho desde o primeiro dia de vida at\u00e9 na embalagem Pensando em cada detalhe do produto, o refil shampoo Mam\u00e3e e Beb\u00ea \u00e9 seguro para o seu filho e para o meio ambiente. O essencial para limpar os cabelos de forma suave e delicada.Todos os produtos para o beb\u00ea s\u00e3o [&hellip;]<\/p>\n","protected":false},"featured_media":23691,"comment_status":"open","ping_status":"closed","template":"","meta":{"_kadence_starter_templates_imported_post":false},"product_brand":[],"product_cat":[465,206,580,739,203,228,303],"product_tag":[272,340,234,285],"class_list":{"0":"post-23690","1":"product","2":"type-product","3":"status-publish","4":"has-post-thumbnail","6":"product_cat-anuncios","7":"product_cat-cosmeticos-cremes-hidradantesperfumes","8":"product_cat-destaques","9":"product_cat-mamae-e-bebe","10":"product_cat-natura-creme-oleo-sabonete-perfume","11":"product_cat-sabonete-sabonete-liquido-natura","12":"product_cat-shampoo-e-condicionador-natura","13":"product_tag-cosmeticos","14":"product_tag-mamae-e-bebe","15":"product_tag-natura","16":"product_tag-shampoo-e-condicionador","18":"first","19":"instock","20":"shipping-taxable","21":"purchasable","22":"product-type-simple"},"_links":{"self":[{"href":"https:\/\/sfashionaccessories.com\/index.php?rest_route=\/wp\/v2\/product\/23690","targetHints":{"allow":["GET"]}}],"collection":[{"href":"https:\/\/sfashionaccessories.com\/index.php?rest_route=\/wp\/v2\/product"}],"about":[{"href":"https:\/\/sfashionaccessories.com\/index.php?rest_route=\/wp\/v2\/types\/product"}],"replies":[{"embeddable":true,"href":"https:\/\/sfashionaccessories.com\/index.php?rest_route=%2Fwp%2Fv2%2Fcomments&post=23690"}],"wp:featuredmedia":[{"embeddable":true,"href":"https:\/\/sfashionaccessories.com\/index.php?rest_route=\/wp\/v2\/media\/23691"}],"wp:attachment":[{"href":"https:\/\/sfashionaccessories.com\/index.php?rest_route=%2Fwp%2Fv2%2Fmedia&parent=23690"}],"wp:term":[{"taxonomy":"product_brand","embeddable":true,"href":"https:\/\/sfashionaccessories.com\/index.php?rest_route=%2Fwp%2Fv2%2Fproduct_brand&post=23690"},{"taxonomy":"product_cat","embeddable":true,"href":"https:\/\/sfashionaccessories.com\/index.php?rest_route=%2Fwp%2Fv2%2Fproduct_cat&post=23690"},{"taxonomy":"product_tag","embeddable":true,"href":"https:\/\/sfashionaccessories.com\/index.php?rest_route=%2Fwp%2Fv2%2Fproduct_tag&post=23690"}],"curies":[{"name":"wp","href":"https:\/\/api.w.org\/{rel}","templated":true}]}}