{"id":24145,"date":"2025-11-18T19:21:18","date_gmt":"2025-11-18T10:21:18","guid":{"rendered":"https:\/\/sfashionaccessories.com\/?post_type=product&#038;p=24145"},"modified":"2026-01-30T20:03:18","modified_gmt":"2026-01-30T11:03:18","slug":"sutia-demillus-femme-com-bojo-sem-aro-laterais-largas-063015","status":"publish","type":"product","link":"https:\/\/sfashionaccessories.com\/?product=sutia-demillus-femme-com-bojo-sem-aro-laterais-largas-063015","title":{"rendered":"Suti\u00e3 Demillus Femme Com Bojo sem Aro Laterais Largas &#8211; 063015"},"content":{"rendered":"<p>Suti\u00e3 DeMillus Femme 63015.<\/p>\n<p>Nao acompamha a calcinha<\/p>\n<p>Confort\u00e1vel e muito elegante!<\/p>\n<p>O Suti\u00e3 DeMillus Femme possui ta\u00e7as em espuma moldada super macia.<br \/>\nSem aro e com refor\u00e7o lateral nas ta\u00e7as em microfibra el\u00e1stica light, forrado em elastano power para uma melhor sustenta\u00e7\u00e3o.<br \/>\nAl\u00e7as que podem ser cruzadas nas costas, tornando a pe\u00e7a super vers\u00e1til.<\/p>\n<p>Composi\u00e7\u00e3o: Bojo 100% Poliester, Corpo 88%Poliamida 12% Elastano, Refor\u00e7o 74% Poliamida 26% Elastano<\/p>\n","protected":false},"excerpt":{"rendered":"<p>Suti\u00e3 DeMillus Femme 63015. Nao acompamha a calcinha Confort\u00e1vel e muito elegante! O Suti\u00e3 DeMillus Femme possui ta\u00e7as em espuma moldada super macia. Sem aro e com refor\u00e7o lateral nas ta\u00e7as em microfibra el\u00e1stica light, forrado em elastano power para uma melhor sustenta\u00e7\u00e3o. Al\u00e7as que podem ser cruzadas nas costas, tornando a pe\u00e7a super vers\u00e1til. [&hellip;]<\/p>\n","protected":false},"featured_media":24152,"comment_status":"open","ping_status":"closed","template":"","meta":{"_kadence_starter_templates_imported_post":false},"product_brand":[],"product_cat":[268,580,293,29,221],"product_tag":[266,458,265],"class_list":{"0":"post-24145","1":"product","2":"type-product","3":"status-publish","4":"has-post-thumbnail","6":"product_cat-demillus","7":"product_cat-destaques","8":"product_cat-feminino","9":"product_cat-lingeries","10":"product_cat-sutias","11":"product_tag-demillus","12":"product_tag-lingeries","13":"product_tag-sutia","15":"first","16":"instock","17":"shipping-taxable","18":"purchasable","19":"product-type-variable"},"_links":{"self":[{"href":"https:\/\/sfashionaccessories.com\/index.php?rest_route=\/wp\/v2\/product\/24145","targetHints":{"allow":["GET"]}}],"collection":[{"href":"https:\/\/sfashionaccessories.com\/index.php?rest_route=\/wp\/v2\/product"}],"about":[{"href":"https:\/\/sfashionaccessories.com\/index.php?rest_route=\/wp\/v2\/types\/product"}],"replies":[{"embeddable":true,"href":"https:\/\/sfashionaccessories.com\/index.php?rest_route=%2Fwp%2Fv2%2Fcomments&post=24145"}],"wp:featuredmedia":[{"embeddable":true,"href":"https:\/\/sfashionaccessories.com\/index.php?rest_route=\/wp\/v2\/media\/24152"}],"wp:attachment":[{"href":"https:\/\/sfashionaccessories.com\/index.php?rest_route=%2Fwp%2Fv2%2Fmedia&parent=24145"}],"wp:term":[{"taxonomy":"product_brand","embeddable":true,"href":"https:\/\/sfashionaccessories.com\/index.php?rest_route=%2Fwp%2Fv2%2Fproduct_brand&post=24145"},{"taxonomy":"product_cat","embeddable":true,"href":"https:\/\/sfashionaccessories.com\/index.php?rest_route=%2Fwp%2Fv2%2Fproduct_cat&post=24145"},{"taxonomy":"product_tag","embeddable":true,"href":"https:\/\/sfashionaccessories.com\/index.php?rest_route=%2Fwp%2Fv2%2Fproduct_tag&post=24145"}],"curies":[{"name":"wp","href":"https:\/\/api.w.org\/{rel}","templated":true}]}}