{"id":24196,"date":"2025-11-18T22:18:56","date_gmt":"2025-11-18T13:18:56","guid":{"rendered":"https:\/\/sfashionaccessories.com\/?post_type=product&#038;p=24196"},"modified":"2026-01-10T18:20:26","modified_gmt":"2026-01-10T09:20:26","slug":"deo-parfum-una-infinito-feminino-75ml-natura","status":"publish","type":"product","link":"https:\/\/sfashionaccessories.com\/?product=deo-parfum-una-infinito-feminino-75ml-natura","title":{"rendered":"Deo Parfum Una Infinito Feminino 75ml &#8211; Natura"},"content":{"rendered":"<div class=\"Y3BBE\" data-sfc-cp=\"\" data-hveid=\"CAMQAA\" data-processed=\"true\" data-complete=\"true\"><strong class=\"Yjhzub\" data-complete=\"true\" data-processed=\"true\"><span dir=\"auto\" data-processed=\"true\">&#8220;Una Infinito Natura&#8221; \u00e9 uma fragr\u00e2ncia chypre<\/span><\/strong><span dir=\"auto\" data-processed=\"true\">\u00a0lan\u00e7ada em 2021.\u00a0Os perfumistas foram Ver\u00f4nica Kato e Antoine Maisondieu.<\/span><\/div>\n<ul class=\"KsbFXc U6u95\" data-processed=\"true\" data-complete=\"true\">\n<li data-hveid=\"CAQQAA\" data-complete=\"true\" data-sae=\"\"><span class=\"T286Pc\" data-sfc-cp=\"\" data-complete=\"true\"><strong class=\"Yjhzub\" data-complete=\"true\"><span dir=\"auto\">Tipo<\/span><\/strong><span dir=\"auto\">\u00a0: Uma fragr\u00e2ncia doce e intensa (adocicado intenso) com um toque adocicado frutado, descrita como sensual e poderosa.<\/span><\/span><\/li>\n<li data-hveid=\"CAQQAQ\" data-complete=\"true\" data-sae=\"\"><span class=\"T286Pc\" data-sfc-cp=\"\" data-complete=\"true\"><strong class=\"Yjhzub\" data-complete=\"true\"><span dir=\"auto\">Notas olfativas<\/span><\/strong><span dir=\"auto\">\u00a0: A fragr\u00e2ncia apresenta uma combina\u00e7\u00e3o de ameixa preta e cominho (fava tonka), um ingrediente derivado da biodiversidade brasileira, harmonizando-se com notas c\u00edtricas e amadeiradas.<\/span><\/span><\/li>\n<li data-hveid=\"CAQQAg\" data-complete=\"true\" data-sae=\"\"><span class=\"T286Pc\" data-sfc-cp=\"\" data-complete=\"true\"><strong class=\"Yjhzub\" data-complete=\"true\"><span dir=\"auto\">Notas<\/span><\/strong><span dir=\"auto\">\u00a0:<\/span><\/span>\n<ul class=\"KsbFXc U6u95\" data-complete=\"true\">\n<li data-hveid=\"CAQQAw\" data-complete=\"true\" data-sae=\"\"><span class=\"T286Pc\" data-sfc-cp=\"\" data-complete=\"true\"><strong class=\"Yjhzub\" data-complete=\"true\"><span dir=\"auto\">Notas de topo<\/span><\/strong><span dir=\"auto\">\u00a0: Tangerina, l\u00edrio-do-vale, fr\u00e9sia, toranja, bergamota<\/span><\/span><\/li>\n<li data-hveid=\"CAQQBA\" data-complete=\"true\" data-sae=\"\"><span class=\"T286Pc\" data-sfc-cp=\"\" data-complete=\"true\"><strong class=\"Yjhzub\" data-complete=\"true\"><span dir=\"auto\">Notas de cora\u00e7\u00e3o<\/span><\/strong><span dir=\"auto\">\u00a0: ameixa, jasmim, gard\u00eania, rosa<\/span><\/span><\/li>\n<li data-hveid=\"CAQQBQ\" data-complete=\"true\" data-sae=\"\"><span class=\"T286Pc\" data-sfc-cp=\"\" data-complete=\"true\"><strong class=\"Yjhzub\" data-complete=\"true\"><span dir=\"auto\">Notas de fundo<\/span><\/strong><span dir=\"auto\">\u00a0: notas doces, cumarina, s\u00e2ndalo<\/span><\/span><\/li>\n<\/ul>\n<\/li>\n<\/ul>\n<div class=\"Fsg96\" data-sfc-cp=\"\" data-processed=\"true\" data-complete=\"true\"><\/div>\n<div class=\"otQkpb\" role=\"heading\" aria-level=\"3\" data-animation-nesting=\"\" data-sfc-cp=\"\" data-processed=\"true\" data-sae=\"\" data-complete=\"true\"><span dir=\"auto\">Avalia\u00e7\u00e3o e utiliza\u00e7\u00e3o<\/span><\/div>\n<div class=\"Y3BBE\" data-sfc-cp=\"\" data-hveid=\"CAUQAA\" data-processed=\"true\" data-complete=\"true\"><span dir=\"auto\" data-processed=\"true\">As avalia\u00e7\u00f5es indicam que este perfume \u00e9 conhecido pela sua alta qualidade e longa dura\u00e7\u00e3o.<\/span><\/div>\n<ul class=\"KsbFXc U6u95\" data-processed=\"true\" data-complete=\"true\">\n<li data-hveid=\"CAYQAA\" data-complete=\"true\" data-sae=\"\"><span class=\"T286Pc\" data-sfc-cp=\"\" data-complete=\"true\"><strong class=\"Yjhzub\" data-complete=\"true\"><span dir=\"auto\">Longevidade<\/span><\/strong><span dir=\"auto\">\u00a0: A fragr\u00e2ncia \u00e9 considerada de longa dura\u00e7\u00e3o e se espalha facilmente pelo ambiente (boa proje\u00e7\u00e3o).<\/span><\/span><\/li>\n<li data-hveid=\"CAYQAQ\" data-complete=\"true\" data-sae=\"\"><span class=\"T286Pc\" data-sfc-cp=\"\" data-complete=\"true\"><strong class=\"Yjhzub\" data-complete=\"true\"><span dir=\"auto\">Ideal para<\/span><\/strong><span dir=\"auto\">\u00a0: A fragr\u00e2ncia opulenta e sedutora \u00e9 considerada adequada para ocasi\u00f5es especiais e para o uso di\u00e1rio. Seu aroma cremoso e rico, que se funde bem \u00e0 pele, \u00e9 frequentemente recomendado para uso nos meses mais frios.<\/span><\/span><\/li>\n<\/ul>\n","protected":false},"excerpt":{"rendered":"<p>&#8220;Una Infinito Natura&#8221; \u00e9 uma fragr\u00e2ncia chypre\u00a0lan\u00e7ada em 2021.\u00a0Os perfumistas foram Ver\u00f4nica Kato e Antoine Maisondieu. Tipo\u00a0: Uma fragr\u00e2ncia doce e intensa (adocicado intenso) com um toque adocicado frutado, descrita como sensual e poderosa. Notas olfativas\u00a0: A fragr\u00e2ncia apresenta uma combina\u00e7\u00e3o de ameixa preta e cominho (fava tonka), um ingrediente derivado da biodiversidade brasileira, harmonizando-se [&hellip;]<\/p>\n","protected":false},"featured_media":24198,"comment_status":"open","ping_status":"closed","template":"","meta":{"_kadence_starter_templates_imported_post":false},"product_brand":[],"product_cat":[465,206,580,293,203,231],"product_tag":[272,234,401],"class_list":{"0":"post-24196","1":"product","2":"type-product","3":"status-publish","4":"has-post-thumbnail","6":"product_cat-anuncios","7":"product_cat-cosmeticos-cremes-hidradantesperfumes","8":"product_cat-destaques","9":"product_cat-feminino","10":"product_cat-natura-creme-oleo-sabonete-perfume","11":"product_cat-perfumes-natura","12":"product_tag-cosmeticos","13":"product_tag-natura","14":"product_tag-perfumes","16":"first","17":"instock","18":"sale","19":"shipping-taxable","20":"purchasable","21":"product-type-simple"},"_links":{"self":[{"href":"https:\/\/sfashionaccessories.com\/index.php?rest_route=\/wp\/v2\/product\/24196","targetHints":{"allow":["GET"]}}],"collection":[{"href":"https:\/\/sfashionaccessories.com\/index.php?rest_route=\/wp\/v2\/product"}],"about":[{"href":"https:\/\/sfashionaccessories.com\/index.php?rest_route=\/wp\/v2\/types\/product"}],"replies":[{"embeddable":true,"href":"https:\/\/sfashionaccessories.com\/index.php?rest_route=%2Fwp%2Fv2%2Fcomments&post=24196"}],"wp:featuredmedia":[{"embeddable":true,"href":"https:\/\/sfashionaccessories.com\/index.php?rest_route=\/wp\/v2\/media\/24198"}],"wp:attachment":[{"href":"https:\/\/sfashionaccessories.com\/index.php?rest_route=%2Fwp%2Fv2%2Fmedia&parent=24196"}],"wp:term":[{"taxonomy":"product_brand","embeddable":true,"href":"https:\/\/sfashionaccessories.com\/index.php?rest_route=%2Fwp%2Fv2%2Fproduct_brand&post=24196"},{"taxonomy":"product_cat","embeddable":true,"href":"https:\/\/sfashionaccessories.com\/index.php?rest_route=%2Fwp%2Fv2%2Fproduct_cat&post=24196"},{"taxonomy":"product_tag","embeddable":true,"href":"https:\/\/sfashionaccessories.com\/index.php?rest_route=%2Fwp%2Fv2%2Fproduct_tag&post=24196"}],"curies":[{"name":"wp","href":"https:\/\/api.w.org\/{rel}","templated":true}]}}