{"id":24398,"date":"2025-11-25T21:10:44","date_gmt":"2025-11-25T12:10:44","guid":{"rendered":"https:\/\/sfashionaccessories.com\/?post_type=product&#038;p=24398"},"modified":"2026-04-19T17:45:46","modified_gmt":"2026-04-19T08:45:46","slug":"conjunto-sexy-de-renda-e-tule-elizabeth","status":"publish","type":"product","link":"https:\/\/sfashionaccessories.com\/?product=conjunto-sexy-de-renda-e-tule-elizabeth","title":{"rendered":"Conjunto sexy de renda e tule \u2013 Elizabeth"},"content":{"rendered":"<h2>Conjunto sexy de renda e tule<\/h2>\n<p>Esse Conjunto vai proporcionar a voc\u00ea ainda mais sensualidade. Afinal, cada detalhe desta peca foi pensado especialmente para valorizar as suas curvas. O tule \u00e9 um desses detalhes que te te deixam ainda mais sexy, fazendo aquele \u201cjogo de mostra e esconde\u201d irresist\u00edvel. a composi\u00e7\u00e3o deste conjunto est\u00e1 definitivamente perfeita. Ele \u00e9 composto por 90% poliamida e 10% elastano.O\u00a0forro da calcinha est\u00e1 em 100% algod\u00e3o.<\/p>\n<p>&nbsp;<\/p>\n","protected":false},"excerpt":{"rendered":"<p>Conjunto sexy de renda e tule Esse Conjunto vai proporcionar a voc\u00ea ainda mais sensualidade. Afinal, cada detalhe desta peca foi pensado especialmente para valorizar as suas curvas. O tule \u00e9 um desses detalhes que te te deixam ainda mais sexy, fazendo aquele \u201cjogo de mostra e esconde\u201d irresist\u00edvel. a composi\u00e7\u00e3o deste conjunto est\u00e1 definitivamente [&hellip;]<\/p>\n","protected":false},"featured_media":24412,"comment_status":"open","ping_status":"closed","template":"","meta":{"_kadence_starter_templates_imported_post":false},"product_brand":[],"product_cat":[465,215,220,580,29,793,254,221],"product_tag":[380,390,458,265],"class_list":{"0":"post-24398","1":"product","2":"type-product","3":"status-publish","4":"has-post-thumbnail","6":"product_cat-anuncios","7":"product_cat-calcinhas-tangas-fio-dental","8":"product_cat-conjuntos-sem-bojo","9":"product_cat-destaques","10":"product_cat-lingeries","11":"product_cat-presente","12":"product_cat-promocoes-descontos","13":"product_cat-sutias","14":"product_tag-calcinhas","15":"product_tag-conjunto-sem-bojo","16":"product_tag-lingeries","17":"product_tag-sutia","19":"first","20":"instock","21":"shipping-taxable","22":"purchasable","23":"product-type-variable"},"_links":{"self":[{"href":"https:\/\/sfashionaccessories.com\/index.php?rest_route=\/wp\/v2\/product\/24398","targetHints":{"allow":["GET"]}}],"collection":[{"href":"https:\/\/sfashionaccessories.com\/index.php?rest_route=\/wp\/v2\/product"}],"about":[{"href":"https:\/\/sfashionaccessories.com\/index.php?rest_route=\/wp\/v2\/types\/product"}],"replies":[{"embeddable":true,"href":"https:\/\/sfashionaccessories.com\/index.php?rest_route=%2Fwp%2Fv2%2Fcomments&post=24398"}],"wp:featuredmedia":[{"embeddable":true,"href":"https:\/\/sfashionaccessories.com\/index.php?rest_route=\/wp\/v2\/media\/24412"}],"wp:attachment":[{"href":"https:\/\/sfashionaccessories.com\/index.php?rest_route=%2Fwp%2Fv2%2Fmedia&parent=24398"}],"wp:term":[{"taxonomy":"product_brand","embeddable":true,"href":"https:\/\/sfashionaccessories.com\/index.php?rest_route=%2Fwp%2Fv2%2Fproduct_brand&post=24398"},{"taxonomy":"product_cat","embeddable":true,"href":"https:\/\/sfashionaccessories.com\/index.php?rest_route=%2Fwp%2Fv2%2Fproduct_cat&post=24398"},{"taxonomy":"product_tag","embeddable":true,"href":"https:\/\/sfashionaccessories.com\/index.php?rest_route=%2Fwp%2Fv2%2Fproduct_tag&post=24398"}],"curies":[{"name":"wp","href":"https:\/\/api.w.org\/{rel}","templated":true}]}}