{"id":24799,"date":"2026-03-17T13:22:37","date_gmt":"2026-03-17T04:22:37","guid":{"rendered":"https:\/\/sfashionaccessories.com\/?post_type=product&#038;p=24799"},"modified":"2026-03-27T15:00:36","modified_gmt":"2026-03-27T06:00:36","slug":"24799","status":"publish","type":"product","link":"https:\/\/sfashionaccessories.com\/?product=24799","title":{"rendered":"Egeo Choc Eau de Toilette for Women &#8211; oBoticario"},"content":{"rendered":"<div class=\"_container_1avkf_18\">\n<p class=\"_title_1avkf_27\">Egeo Choc Desodorante Col\u00f4nia 90ml<\/p>\n<p class=\"_title_1avkf_27\">.\u00a0A fragr\u00e2ncia feminina da fam\u00edlia olfativa Floriental Gourmand combina os cheiros de Chocolate, Creme de Leite e Chantilly. E para deixar a perfumaria do Botic\u00e1rio ainda mais apaixonante, o toque final fica por conta da Flor de Laranjeira com Damasco, que d\u00e1 personalidade ao desodorante col\u00f4nia. Uma fragr\u00e2ncia feminina que desperta o desejo. Perfeito para mulheres que gostam de fragr\u00e2ncias doces e divertidas. O Egeo feminino tem cheiro de quem quer se divertir e curtir todas as possibilidades como se n\u00e3o houvesse amanh\u00e3 N\u00e3o tem erro: \u00e9 experimentar e se apaixonar.<\/p>\n<p class=\"_title_1avkf_27\">Description<\/p>\n<div class=\"_chevronOpen_1avkf_61\">Egeo Choc Eau de Toilette for Women is a Floriental Gourmand fragrance that combines the sweetness of chocolate with orange flower and apricot, which gives the scent a boost of personality.<\/div>\n<\/div>\n<div class=\"_description_1avkf_36 _descriptionActive_1avkf_50\">\n<div class=\"_body_r6u1q_1\" data-testid=\"custom-html\">\n<p id=\"tw-target-text\" class=\"tw-data-text tw-text-large XcVN5d tw-ta\" dir=\"ltr\" data-placeholder=\"Translation\"><span class=\"Y2IQFc\" lang=\"en\">90ml | 3.0 fl. oz<br \/>\nCruelty-free<br \/>\nMade in Brazil<\/span><\/p>\n<\/div>\n<\/div>\n","protected":false},"excerpt":{"rendered":"<p>Egeo Choc Desodorante Col\u00f4nia 90ml .\u00a0A fragr\u00e2ncia feminina da fam\u00edlia olfativa Floriental Gourmand combina os cheiros de Chocolate, Creme de Leite e Chantilly. E para deixar a perfumaria do Botic\u00e1rio ainda mais apaixonante, o toque final fica por conta da Flor de Laranjeira com Damasco, que d\u00e1 personalidade ao desodorante col\u00f4nia. Uma fragr\u00e2ncia feminina que [&hellip;]<\/p>\n","protected":false},"featured_media":24804,"comment_status":"open","ping_status":"closed","template":"","meta":{"_kadence_starter_templates_imported_post":false},"product_brand":[],"product_cat":[465,713,206,278,293,282,295],"product_tag":[272,284,401],"class_list":{"0":"post-24799","1":"product","2":"type-product","3":"status-publish","4":"has-post-thumbnail","6":"product_cat-anuncios","7":"product_cat-colonia","8":"product_cat-cosmeticos-cremes-hidradantesperfumes","9":"product_cat-desodorante-feminino","10":"product_cat-feminino","11":"product_cat-o-boticario","12":"product_cat-o-boticario-2","13":"product_tag-cosmeticos","14":"product_tag-o-boticario","15":"product_tag-perfumes","17":"first","18":"instock","19":"sale","20":"shipping-taxable","21":"purchasable","22":"product-type-simple"},"_links":{"self":[{"href":"https:\/\/sfashionaccessories.com\/index.php?rest_route=\/wp\/v2\/product\/24799","targetHints":{"allow":["GET"]}}],"collection":[{"href":"https:\/\/sfashionaccessories.com\/index.php?rest_route=\/wp\/v2\/product"}],"about":[{"href":"https:\/\/sfashionaccessories.com\/index.php?rest_route=\/wp\/v2\/types\/product"}],"replies":[{"embeddable":true,"href":"https:\/\/sfashionaccessories.com\/index.php?rest_route=%2Fwp%2Fv2%2Fcomments&post=24799"}],"wp:featuredmedia":[{"embeddable":true,"href":"https:\/\/sfashionaccessories.com\/index.php?rest_route=\/wp\/v2\/media\/24804"}],"wp:attachment":[{"href":"https:\/\/sfashionaccessories.com\/index.php?rest_route=%2Fwp%2Fv2%2Fmedia&parent=24799"}],"wp:term":[{"taxonomy":"product_brand","embeddable":true,"href":"https:\/\/sfashionaccessories.com\/index.php?rest_route=%2Fwp%2Fv2%2Fproduct_brand&post=24799"},{"taxonomy":"product_cat","embeddable":true,"href":"https:\/\/sfashionaccessories.com\/index.php?rest_route=%2Fwp%2Fv2%2Fproduct_cat&post=24799"},{"taxonomy":"product_tag","embeddable":true,"href":"https:\/\/sfashionaccessories.com\/index.php?rest_route=%2Fwp%2Fv2%2Fproduct_tag&post=24799"}],"curies":[{"name":"wp","href":"https:\/\/api.w.org\/{rel}","templated":true}]}}