{"id":24814,"date":"2025-12-27T15:21:23","date_gmt":"2025-12-27T06:21:23","guid":{"rendered":"https:\/\/sfashionaccessories.com\/?post_type=product&#038;p=24814"},"modified":"2026-04-03T18:23:34","modified_gmt":"2026-04-03T09:23:34","slug":"creme-acetinado-hidratante-leau-de-lily-soleil-200g-o-boticario","status":"publish","type":"product","link":"https:\/\/sfashionaccessories.com\/?product=creme-acetinado-hidratante-leau-de-lily-soleil-200g-o-boticario","title":{"rendered":"Creme Acetinado Hidratante L&#8217;Eau De Lily Soleil &#8211; 200G &#8211; O Boticario"},"content":{"rendered":"<p>Creme Acetinado Hidratante Desodorante Corporal L&#8217;eau de Lily Soleil 200g Com a mesma fragr\u00e2ncia de Leau de Lily Soleil, o Creme Acetinado Hidratante Desodorante Corporal L&#8217;eau de Lily Soleil traz uma fragr\u00e2ncia intensa, unindo o brilho das frutas com a cremosidade da am\u00eandoa ao toque de frescor, perfeito para tornar cada dia um momento m\u00e1gico. Quais s\u00e3o os benef\u00edcios do creme hidratante para o corpo Leau de Lily Mesma fragr\u00e2ncia Eau De Parfum Hidrata a pele por at\u00e9 48h Pele macia e perfumada Textura cremosa e acetinada A indulg\u00eancia da textura do acetinado se uniu \u00e0 fragr\u00e2ncia Leau de Lily O Botic\u00e1rio dentro de um pote cl\u00e1ssico. Um creme de pele para presentear ou se presentear.<\/p>\n","protected":false},"excerpt":{"rendered":"<p>Creme Acetinado Hidratante Desodorante Corporal L&#8217;eau de Lily Soleil 200g Com a mesma fragr\u00e2ncia de Leau de Lily Soleil, o Creme Acetinado Hidratante Desodorante Corporal L&#8217;eau de Lily Soleil traz uma fragr\u00e2ncia intensa, unindo o brilho das frutas com a cremosidade da am\u00eandoa ao toque de frescor, perfeito para tornar cada dia um momento m\u00e1gico. [&hellip;]<\/p>\n","protected":false},"featured_media":24816,"comment_status":"open","ping_status":"closed","template":"","meta":{"_kadence_starter_templates_imported_post":false},"product_brand":[],"product_cat":[465,206,322,580,296,282],"product_tag":[272,195,284],"class_list":{"0":"post-24814","1":"product","2":"type-product","3":"status-publish","4":"has-post-thumbnail","6":"product_cat-anuncios","7":"product_cat-cosmeticos-cremes-hidradantesperfumes","8":"product_cat-cremes-hidratantes-oleos","9":"product_cat-destaques","10":"product_cat-hidratantes-cremes","11":"product_cat-o-boticario","12":"product_tag-cosmeticos","13":"product_tag-creme-hidratante","14":"product_tag-o-boticario","16":"first","17":"instock","18":"shipping-taxable","19":"purchasable","20":"product-type-simple"},"_links":{"self":[{"href":"https:\/\/sfashionaccessories.com\/index.php?rest_route=\/wp\/v2\/product\/24814","targetHints":{"allow":["GET"]}}],"collection":[{"href":"https:\/\/sfashionaccessories.com\/index.php?rest_route=\/wp\/v2\/product"}],"about":[{"href":"https:\/\/sfashionaccessories.com\/index.php?rest_route=\/wp\/v2\/types\/product"}],"replies":[{"embeddable":true,"href":"https:\/\/sfashionaccessories.com\/index.php?rest_route=%2Fwp%2Fv2%2Fcomments&post=24814"}],"wp:featuredmedia":[{"embeddable":true,"href":"https:\/\/sfashionaccessories.com\/index.php?rest_route=\/wp\/v2\/media\/24816"}],"wp:attachment":[{"href":"https:\/\/sfashionaccessories.com\/index.php?rest_route=%2Fwp%2Fv2%2Fmedia&parent=24814"}],"wp:term":[{"taxonomy":"product_brand","embeddable":true,"href":"https:\/\/sfashionaccessories.com\/index.php?rest_route=%2Fwp%2Fv2%2Fproduct_brand&post=24814"},{"taxonomy":"product_cat","embeddable":true,"href":"https:\/\/sfashionaccessories.com\/index.php?rest_route=%2Fwp%2Fv2%2Fproduct_cat&post=24814"},{"taxonomy":"product_tag","embeddable":true,"href":"https:\/\/sfashionaccessories.com\/index.php?rest_route=%2Fwp%2Fv2%2Fproduct_tag&post=24814"}],"curies":[{"name":"wp","href":"https:\/\/api.w.org\/{rel}","templated":true}]}}