{"id":24977,"date":"2026-01-23T18:52:45","date_gmt":"2026-01-23T09:52:45","guid":{"rendered":"https:\/\/sfashionaccessories.com\/?post_type=product&#038;p=24977"},"modified":"2026-01-23T18:52:45","modified_gmt":"2026-01-23T09:52:45","slug":"natura-faces-lapis-para-olhos-marrom-13g","status":"publish","type":"product","link":"https:\/\/sfashionaccessories.com\/?product=natura-faces-lapis-para-olhos-marrom-13g","title":{"rendered":"Natura faces lapis para olhos marrom 1,3g"},"content":{"rendered":"<p>Textura macia para um tra\u00e7o preciso e uniforme e cor intensa desde a primeira aplica\u00e7\u00e3o.<\/p>\n<p>Faces est\u00e1 crescendo e abriu os bra\u00e7os para receber os produtos que voc\u00ea mais ama de Natura Aquarela. Estamos caminhando para uma linha mais completa, diversa e cheia de possibilidades. Ah! Eles continuam os mesmos, s\u00f3 deram aquele tapa no visual. O L\u00e1pis para Olhos de Faces possui textura macia para um tra\u00e7o preciso e uniforme. Conte com cor intensa desde a primeira aplica\u00e7\u00e3o.<\/p>\n<p>Benef\u00edcios:<br \/>\n\u2022 Superpigmentado;<br \/>\n\u2022 Textura macia;<br \/>\n\u2022 Tra\u00e7o preciso;<br \/>\n\u2022 Cor intensa j\u00e1 na primeira aplica\u00e7\u00e3o.<\/p>\n<p>Conte\u00fado: 1,3g<\/p>\n","protected":false},"excerpt":{"rendered":"<p>Textura macia para um tra\u00e7o preciso e uniforme e cor intensa desde a primeira aplica\u00e7\u00e3o. Faces est\u00e1 crescendo e abriu os bra\u00e7os para receber os produtos que voc\u00ea mais ama de Natura Aquarela. Estamos caminhando para uma linha mais completa, diversa e cheia de possibilidades. Ah! Eles continuam os mesmos, s\u00f3 deram aquele tapa no [&hellip;]<\/p>\n","protected":false},"featured_media":24979,"comment_status":"open","ping_status":"closed","template":"","meta":{"_kadence_starter_templates_imported_post":false},"product_brand":[],"product_cat":[15,206,707,205,203],"product_tag":[272,708,676,234],"class_list":{"0":"post-24977","1":"product","2":"type-product","3":"status-publish","4":"has-post-thumbnail","6":"product_cat-padrao","7":"product_cat-cosmeticos-cremes-hidradantesperfumes","8":"product_cat-lapis","9":"product_cat-baton-po-brush-maquiagem","10":"product_cat-natura-creme-oleo-sabonete-perfume","11":"product_tag-cosmeticos","12":"product_tag-lapis","13":"product_tag-maquiagem","14":"product_tag-natura","16":"first","17":"instock","18":"shipping-taxable","19":"purchasable","20":"product-type-simple"},"_links":{"self":[{"href":"https:\/\/sfashionaccessories.com\/index.php?rest_route=\/wp\/v2\/product\/24977","targetHints":{"allow":["GET"]}}],"collection":[{"href":"https:\/\/sfashionaccessories.com\/index.php?rest_route=\/wp\/v2\/product"}],"about":[{"href":"https:\/\/sfashionaccessories.com\/index.php?rest_route=\/wp\/v2\/types\/product"}],"replies":[{"embeddable":true,"href":"https:\/\/sfashionaccessories.com\/index.php?rest_route=%2Fwp%2Fv2%2Fcomments&post=24977"}],"wp:featuredmedia":[{"embeddable":true,"href":"https:\/\/sfashionaccessories.com\/index.php?rest_route=\/wp\/v2\/media\/24979"}],"wp:attachment":[{"href":"https:\/\/sfashionaccessories.com\/index.php?rest_route=%2Fwp%2Fv2%2Fmedia&parent=24977"}],"wp:term":[{"taxonomy":"product_brand","embeddable":true,"href":"https:\/\/sfashionaccessories.com\/index.php?rest_route=%2Fwp%2Fv2%2Fproduct_brand&post=24977"},{"taxonomy":"product_cat","embeddable":true,"href":"https:\/\/sfashionaccessories.com\/index.php?rest_route=%2Fwp%2Fv2%2Fproduct_cat&post=24977"},{"taxonomy":"product_tag","embeddable":true,"href":"https:\/\/sfashionaccessories.com\/index.php?rest_route=%2Fwp%2Fv2%2Fproduct_tag&post=24977"}],"curies":[{"name":"wp","href":"https:\/\/api.w.org\/{rel}","templated":true}]}}