{"id":25150,"date":"2026-02-12T17:27:51","date_gmt":"2026-02-12T08:27:51","guid":{"rendered":"https:\/\/sfashionaccessories.com\/?post_type=product&#038;p=25150"},"modified":"2026-02-14T20:09:04","modified_gmt":"2026-02-14T11:09:04","slug":"bota-modare-napa-strech-preto","status":"publish","type":"product","link":"https:\/\/sfashionaccessories.com\/?product=bota-modare-napa-strech-preto","title":{"rendered":"Bota modare napa strech preto"},"content":{"rendered":"<p>Para deixar a vida das mulheres com uma dose extra de beleza e bem estar, a receita da Modare Ultraconforto \u00e9 especial: combinar as tend\u00eancias do momento a tecnologias de conforto que fazem toda a diferen\u00e7a!<\/p>\n<p>O resultado? Uma moda vers\u00e1til e em sintonia com a rotina de quem sabe que bem-estar \u00e9 essencial para se sentir linda e leve todos os dias!A Bota Modare Ultraconforto Geltech possui tecnologia Geltech, que s\u00e3o micropart\u00edculas de ar comprimido, que absorvem o impacto na regi\u00e3o do calcanhar. Seu fechamento \u00e9 feito por cadar\u00e7os.<\/p>\n<p>CARACTER\u00cdSTICAS DO PRODUTO<\/p>\n<ul>\n<li>Solado TR com tecnologia Geltech.<\/li>\n<li>Altura do solado: 3,5cm.<\/li>\n<li>Ultraconforto.<\/li>\n<\/ul>\n","protected":false},"excerpt":{"rendered":"<p>Para deixar a vida das mulheres com uma dose extra de beleza e bem estar, a receita da Modare Ultraconforto \u00e9 especial: combinar as tend\u00eancias do momento a tecnologias de conforto que fazem toda a diferen\u00e7a! O resultado? Uma moda vers\u00e1til e em sintonia com a rotina de quem sabe que bem-estar \u00e9 essencial para [&hellip;]<\/p>\n","protected":false},"featured_media":25154,"comment_status":"open","ping_status":"closed","template":"","meta":{"_kadence_starter_templates_imported_post":false},"product_brand":[],"product_cat":[465,46,1072,254],"product_tag":[431,311,1073,1031,1030],"class_list":{"0":"post-25150","1":"product","2":"type-product","3":"status-publish","4":"has-post-thumbnail","6":"product_cat-anuncios","7":"product_cat-calcados","8":"product_cat-modare","9":"product_cat-promocoes-descontos","10":"product_tag-bota","11":"product_tag-calcados","12":"product_tag-modare","13":"product_tag-sapatos","14":"product_tag-tenis","16":"first","17":"outofstock","18":"shipping-taxable","19":"product-type-variable"},"_links":{"self":[{"href":"https:\/\/sfashionaccessories.com\/index.php?rest_route=\/wp\/v2\/product\/25150","targetHints":{"allow":["GET"]}}],"collection":[{"href":"https:\/\/sfashionaccessories.com\/index.php?rest_route=\/wp\/v2\/product"}],"about":[{"href":"https:\/\/sfashionaccessories.com\/index.php?rest_route=\/wp\/v2\/types\/product"}],"replies":[{"embeddable":true,"href":"https:\/\/sfashionaccessories.com\/index.php?rest_route=%2Fwp%2Fv2%2Fcomments&post=25150"}],"wp:featuredmedia":[{"embeddable":true,"href":"https:\/\/sfashionaccessories.com\/index.php?rest_route=\/wp\/v2\/media\/25154"}],"wp:attachment":[{"href":"https:\/\/sfashionaccessories.com\/index.php?rest_route=%2Fwp%2Fv2%2Fmedia&parent=25150"}],"wp:term":[{"taxonomy":"product_brand","embeddable":true,"href":"https:\/\/sfashionaccessories.com\/index.php?rest_route=%2Fwp%2Fv2%2Fproduct_brand&post=25150"},{"taxonomy":"product_cat","embeddable":true,"href":"https:\/\/sfashionaccessories.com\/index.php?rest_route=%2Fwp%2Fv2%2Fproduct_cat&post=25150"},{"taxonomy":"product_tag","embeddable":true,"href":"https:\/\/sfashionaccessories.com\/index.php?rest_route=%2Fwp%2Fv2%2Fproduct_tag&post=25150"}],"curies":[{"name":"wp","href":"https:\/\/api.w.org\/{rel}","templated":true}]}}