{"id":25197,"date":"2026-02-13T14:22:04","date_gmt":"2026-02-13T05:22:04","guid":{"rendered":"https:\/\/sfashionaccessories.com\/?post_type=product&#038;p=25197"},"modified":"2026-02-13T14:22:05","modified_gmt":"2026-02-13T05:22:05","slug":"bota-feminina-salto-medio-beira-rio-9076-100-preto","status":"publish","type":"product","link":"https:\/\/sfashionaccessories.com\/?product=bota-feminina-salto-medio-beira-rio-9076-100-preto","title":{"rendered":"Bota Feminina Salto M\u00e9dio Beira Rio 9076.100 Preto"},"content":{"rendered":"<p>Bota beira rio confeccionada com material sint\u00e9tico. Esse modelo possui um design moderno e sofisticado perfeito para o seu dia a dia. Sua palmilha com a tecnologia ultra conforto deixando os p\u00e9s macios e acomodados. O destaque dessa cole\u00e7\u00e3o \u00e9 o fechamento em slip on facilitando e ajustando o calce.<\/p>\n","protected":false},"excerpt":{"rendered":"<p>Bota beira rio confeccionada com material sint\u00e9tico. Esse modelo possui um design moderno e sofisticado perfeito para o seu dia a dia. Sua palmilha com a tecnologia ultra conforto deixando os p\u00e9s macios e acomodados. O destaque dessa cole\u00e7\u00e3o \u00e9 o fechamento em slip on facilitando e ajustando o calce.<\/p>\n","protected":false},"featured_media":25200,"comment_status":"open","ping_status":"closed","template":"","meta":{"_kadence_starter_templates_imported_post":false},"product_brand":[],"product_cat":[465,535,46],"product_tag":[432,431,311,395],"class_list":{"0":"post-25197","1":"product","2":"type-product","3":"status-publish","4":"has-post-thumbnail","6":"product_cat-anuncios","7":"product_cat-beira-rio","8":"product_cat-calcados","9":"product_tag-beira-rio","10":"product_tag-bota","11":"product_tag-calcados","12":"product_tag-feminino","14":"first","15":"instock","16":"sale","17":"shipping-taxable","18":"purchasable","19":"product-type-variable"},"_links":{"self":[{"href":"https:\/\/sfashionaccessories.com\/index.php?rest_route=\/wp\/v2\/product\/25197","targetHints":{"allow":["GET"]}}],"collection":[{"href":"https:\/\/sfashionaccessories.com\/index.php?rest_route=\/wp\/v2\/product"}],"about":[{"href":"https:\/\/sfashionaccessories.com\/index.php?rest_route=\/wp\/v2\/types\/product"}],"replies":[{"embeddable":true,"href":"https:\/\/sfashionaccessories.com\/index.php?rest_route=%2Fwp%2Fv2%2Fcomments&post=25197"}],"wp:featuredmedia":[{"embeddable":true,"href":"https:\/\/sfashionaccessories.com\/index.php?rest_route=\/wp\/v2\/media\/25200"}],"wp:attachment":[{"href":"https:\/\/sfashionaccessories.com\/index.php?rest_route=%2Fwp%2Fv2%2Fmedia&parent=25197"}],"wp:term":[{"taxonomy":"product_brand","embeddable":true,"href":"https:\/\/sfashionaccessories.com\/index.php?rest_route=%2Fwp%2Fv2%2Fproduct_brand&post=25197"},{"taxonomy":"product_cat","embeddable":true,"href":"https:\/\/sfashionaccessories.com\/index.php?rest_route=%2Fwp%2Fv2%2Fproduct_cat&post=25197"},{"taxonomy":"product_tag","embeddable":true,"href":"https:\/\/sfashionaccessories.com\/index.php?rest_route=%2Fwp%2Fv2%2Fproduct_tag&post=25197"}],"curies":[{"name":"wp","href":"https:\/\/api.w.org\/{rel}","templated":true}]}}