{"id":25223,"date":"2026-03-17T14:29:21","date_gmt":"2026-03-17T05:29:21","guid":{"rendered":"https:\/\/sfashionaccessories.com\/?post_type=product&#038;p=25223"},"modified":"2026-04-18T14:56:00","modified_gmt":"2026-04-18T05:56:00","slug":"creme-desodorante-hidratante-para-o-corpo-ekos-acai","status":"publish","type":"product","link":"https:\/\/sfashionaccessories.com\/?product=creme-desodorante-hidratante-para-o-corpo-ekos-acai","title":{"rendered":"Creme Desodorante Hidratante para o Corpo Ekos A\u00e7a\u00ed"},"content":{"rendered":"<div class=\"relative flex\">\n<div class=\"flex gap-2 items-center\"><span class=\"text-sm font-bold\">pele 2 vezes mais iluminada com a pot\u00eancia antioxidante do a\u00e7a\u00ed*.<\/span><\/div>\n<\/div>\n<div class=\"relative flex\">\n<div class=\"flex gap-2 items-center\">\n<p><strong>\u2022<\/strong>\u00a0seu hidratante favorito mudou, mas continua com textura e fragr\u00e2ncia deliciosas<\/p>\n<p><strong>\u2022<\/strong>\u00a0hidrata por at\u00e9 72 horas<\/p>\n<p><strong>\u2022<\/strong>\u00a0protege, reenergiza e deixa a pele radiante e com aspecto saud\u00e1vel<\/p>\n<p><strong>\u2022<\/strong>\u00a0feito com\u00a0<strong>extrato e \u00f3leo bruto de a\u00e7a\u00ed\u00a0<\/strong>, que possuem a\u00e7\u00e3o antioxidante e combatem os radicais livres<\/p>\n<p><strong>\u2022<\/strong>\u00a0dupla a\u00e7\u00e3o para uma\u00a0<strong>pele hidratada e uniforme<\/strong>\u00a0desde a primeira aplica\u00e7\u00e3o<\/p>\n<\/div>\n<\/div>\n","protected":false},"excerpt":{"rendered":"<p>pele 2 vezes mais iluminada com a pot\u00eancia antioxidante do a\u00e7a\u00ed*. \u2022\u00a0seu hidratante favorito mudou, mas continua com textura e fragr\u00e2ncia deliciosas \u2022\u00a0hidrata por at\u00e9 72 horas \u2022\u00a0protege, reenergiza e deixa a pele radiante e com aspecto saud\u00e1vel \u2022\u00a0feito com\u00a0extrato e \u00f3leo bruto de a\u00e7a\u00ed\u00a0, que possuem a\u00e7\u00e3o antioxidante e combatem os radicais livres \u2022\u00a0dupla [&hellip;]<\/p>\n","protected":false},"featured_media":25221,"comment_status":"open","ping_status":"closed","template":"","meta":{"_kadence_starter_templates_imported_post":false},"product_brand":[],"product_cat":[206,322,214,203],"product_tag":[272,195,234],"class_list":{"0":"post-25223","1":"product","2":"type-product","3":"status-publish","4":"has-post-thumbnail","6":"product_cat-cosmeticos-cremes-hidradantesperfumes","7":"product_cat-cremes-hidratantes-oleos","8":"product_cat-hidratantes-cremes-corporal","9":"product_cat-natura-creme-oleo-sabonete-perfume","10":"product_tag-cosmeticos","11":"product_tag-creme-hidratante","12":"product_tag-natura","14":"first","15":"instock","16":"sale","17":"shipping-taxable","18":"purchasable","19":"product-type-simple"},"_links":{"self":[{"href":"https:\/\/sfashionaccessories.com\/index.php?rest_route=\/wp\/v2\/product\/25223","targetHints":{"allow":["GET"]}}],"collection":[{"href":"https:\/\/sfashionaccessories.com\/index.php?rest_route=\/wp\/v2\/product"}],"about":[{"href":"https:\/\/sfashionaccessories.com\/index.php?rest_route=\/wp\/v2\/types\/product"}],"replies":[{"embeddable":true,"href":"https:\/\/sfashionaccessories.com\/index.php?rest_route=%2Fwp%2Fv2%2Fcomments&post=25223"}],"wp:featuredmedia":[{"embeddable":true,"href":"https:\/\/sfashionaccessories.com\/index.php?rest_route=\/wp\/v2\/media\/25221"}],"wp:attachment":[{"href":"https:\/\/sfashionaccessories.com\/index.php?rest_route=%2Fwp%2Fv2%2Fmedia&parent=25223"}],"wp:term":[{"taxonomy":"product_brand","embeddable":true,"href":"https:\/\/sfashionaccessories.com\/index.php?rest_route=%2Fwp%2Fv2%2Fproduct_brand&post=25223"},{"taxonomy":"product_cat","embeddable":true,"href":"https:\/\/sfashionaccessories.com\/index.php?rest_route=%2Fwp%2Fv2%2Fproduct_cat&post=25223"},{"taxonomy":"product_tag","embeddable":true,"href":"https:\/\/sfashionaccessories.com\/index.php?rest_route=%2Fwp%2Fv2%2Fproduct_tag&post=25223"}],"curies":[{"name":"wp","href":"https:\/\/api.w.org\/{rel}","templated":true}]}}